NOAA style reports

NOAA-style Climate Reports


Report for 2021 Feb
                   Monthly Climatological Summary for Feb 2021

Name: departure period NCDC 1981-2010   City: Valentine   State: Nebraska
Elevation: 2574 ft  Lat: N 42 53' 00"   Lon: W 100 32' 29"

                  Temperature (F), Rain (in), Wind Speed (mph)

                                      Heat  Cool        Avg
    Mean                              Deg   Deg         Wind                 Dom
Day Temp  High   Time   Low    Time   Days  Days  Rain  Speed High   Time    Dir
----------------------------------------------------------------------------------
 1  29.8  51.1   15:56  14.8   07:35  35.2   0.0  0.00   2.2  14.0   15:19   SSE
 2  34.1  61.0   15:49  18.1   08:11  30.8   0.0  0.00   2.6  14.0   18:28   ESE
 3  38.4  68.3   14:22  22.8   04:23  26.8   0.2  0.08   8.3  37.0   17:44    NW
 4  26.2  35.3   15:20  17.3   08:24  38.8   0.0  0.00  13.8  37.0   15:57    NW
 5  20.8  26.2   15:38  15.3   23:59  44.2   0.0  0.02   5.1  18.0   14:53   NNW
 6   5.8  15.4   00:00   2.8   18:30  59.2   0.0  0.06   6.5  23.0   09:59     N
 7   1.9   4.4   16:38  -8.4   23:54  63.1   0.0  0.18   7.0  22.0   08:37   ESE
 8  -2.2  10.0   15:00 -13.7   01:59  67.2   0.0  0.00   1.3  10.0   13:28   SSE
 9   1.0   8.5   15:15  -6.9   07:34  64.0   0.0  0.00   2.0  11.0   15:00   ENE
10   4.0   8.7   13:36   1.5   16:36  59.4   0.0  0.00   2.8  12.0   13:07   ENE
11   1.8   7.2   14:56  -6.7   22:02  63.2   0.0  0.12   6.5  22.0   20:30     E
12  -6.3  -3.3   14:35 -11.3   07:58  71.3   0.0  0.09   2.9  11.0   13:05     E
13  -5.6  -2.0   14:36 -11.0   08:17  70.6   0.0  0.04   3.9  14.0   12:46   NNW
14 -11.7  -3.8   14:48 -25.9   23:42  76.7   0.0  0.00   1.8  11.0   11:43    NE
15 -13.8   2.5   15:43 -32.2   07:53  78.7   0.0  0.00   5.2  18.0   11:32   SSE
16  -2.3   9.2   16:02 -13.4   07:04  67.2   0.0  0.00   7.8  22.0   13:05   SSE
17  13.0  20.1   14:40   2.8   00:00  52.0   0.0  0.00   4.5  16.0   16:44   WNW
18  15.0  24.0   15:35   0.3   23:27  50.0   0.0  0.00   7.8  21.0   15:01   WNW
19  12.2  28.0   13:42  -4.2   07:49  52.8   0.0  0.00   2.4  13.0   14:29   SSE
20  23.7  40.3   16:21   2.8   05:44  41.3   0.0  0.00   3.1  17.0   22:08   SSW
21  31.5  39.3   15:17  24.1   08:00  33.5   0.0  0.00  13.6  32.0   13:48   WNW
22  39.3  50.3   15:23  24.9   00:14  25.7   0.0  0.00  15.6  40.0   10:12     W
23  40.5  53.9   14:11  29.8   04:54  24.5   0.0  0.00  13.9  45.0   21:06   WNW
24  32.5  44.5   14:27  22.8   23:33  32.5   0.0  0.00   9.1  32.0   15:46   WNW
25  32.0  45.9   14:51  17.7   06:24  33.0   0.0  0.00   7.3  30.0   23:31    SW
26  38.2  50.3   15:22  24.4   23:19  26.8   0.0  0.00  10.2  32.0   03:00     W
27  32.9  45.9   14:56  21.1   02:14  32.0   0.0  0.00   3.0  22.0   18:11    NE
28  26.8  36.5   17:16  17.7   07:24  38.2   0.0  0.11   8.8  27.0   06:08   WNW
----------------------------------------------------------------------------------
    16.4  68.3     3   -32.2    15  1358.7   0.2  0.70   6.4  45.0    23     WNW

Max >=  90.0:  0
Max <=  32.0: 15
Min <=  32.0: 28
Min <=   0.0: 10
Max Rain: 0.18 on day 7
Days of Rain: 8 (>= 0.01 in)  3 (>= 0.10 in)  0 (>= 1.00 in)
Heat Base: 65.0  Cool Base: 65.0  Method: Integration