NOAA style reports

NOAA-style Climate Reports


Report for 2016
                   Annual Climatological Summary for 2016

Name: departure period NCDC 1981-2010   City: Valentine   State: Nebraska
Elevation: 2593 ft  Lat: N 42 52' 30"   Lon: W 100 33' 48"

                  Temperature (F), Heat Base: 65.0  Cool Base: 65.0
                          Dep.  Heat  Cool                       Max  Max  Min  Min
        Mean  Mean        From  Deg   Deg                        >=   <=   <=   <=
 YR MO  Max   Min   Mean  Norm  Days  Days  Hi  Date  Low  Date 90.0 32.0 32.0   0.0
------------------------------------------------------------------------------------
 16  1  33.4  13.5  23.2  -0.4  1294     0  46.4  29 -12.9   18    0   12   30    5
 16  2  47.0  23.7  34.5   7.3   885     3  77.5  18  10.5    3    0    2   26    0
 16  3  58.3  26.7  42.2   6.0   718    15  80.6  11   8.1   20    0    1   22    0
 16  4  60.5  36.6  48.5   1.8   519    25  83.2  23  18.6   11    0    0    8    0
 16  5  71.2  43.7  57.3  -0.3   299    59  88.4   6  28.3   14    0    0    4    0
 16  6  86.9  57.8  72.8   5.3    53   288  99.7  11  42.4    7    9    0    0    0
 16  7  86.8  60.9  73.8  -0.7    36   309 100.2  20  50.5   12   10    0    0    0
 16  8  85.3  58.7  71.6  -1.2    60   265  99.3  18  45.6   26   10    0    0    0
 16  9  77.8  49.9  63.1   0.8   167   111  91.2  11  35.6   26    2    0    0    0
 16 10  71.0  41.0  54.2   5.7   387    53  87.8  14  26.4    7    0    0    4    0
 16 11  56.4  28.4  41.6   7.2   712     9  77.0   4   4.5   19    0    2   20    0
 16 12  32.3   5.7  19.2  -4.6  1420     0  49.8  30 -31.2   18    0   14   31   10
------------------------------------------------------------------------------------
        63.9  37.2  50.2   2.2  6554  1141 100.2 Jul -31.2  Dec   31   31  145   15

                                Precipitation (in)

              Dep.   Max        Days of Rain
              From   Obs.           >=
 YR MO Total  Norm   Day Date 0.01 0.10 1.00
---------------------------------------------
 16  1  0.59  0.33  0.31  25     9    1    0
 16  2  0.18 -0.30  0.09   2     6    0    0
 16  3  1.01 -0.06  0.51  23     7    2    0
 16  4  4.94  2.72  1.61  30     9    7    2
 16  5  7.87  4.74  4.32  22    14   11    1
 16  6  4.88  1.32  2.15  14     7    4    2
 16  7  3.75  0.54  1.72  26    11    8    1
 16  8  1.09 -1.09  0.41  18     9    4    0
 16  9  1.68  0.04  0.82   6     5    4    0
 16 10  1.98  0.73  0.90   6     5    3    0
 16 11  0.32 -0.33  0.17  17     3    2    0
 16 12  0.99  0.62  0.54  25     5    3    0
---------------------------------------------
       29.28  9.26  4.32  May   90   49    6

                                Wind Speed (mph)
                          Dom
 YR MO   Avg.  Hi   Date  Dir
------------------------------
 16  1   5.7  39.0   14   WNW
 16  2   7.9  58.0   19   WNW
 16  3   7.8  46.0   31    NW
 16  4   9.5  49.0    7    NW
 16  5   7.3  40.0   24     S
 16  6   6.6  50.0   29   SSE
 16  7   6.4  66.0   26   SSE
 16  8   6.2  38.0   18     S
 16  9   7.0  44.0   23   SSW
 16 10   6.1  54.0    3    SW
 16 11   6.2  45.0   28   WNW
 16 12   5.8  55.0   25   WNW
------------------------------
         6.9  66.0  Jul   WSW