NOAA style reports

NOAA-style Climate Reports

Select a Year or Month report

Report for 2019
                   Annual Climatological Summary for 2019

Name: departure period NCDC 1981-2010   City: Valentine   State: Nebraska
Elevation: 2574 ft  Lat: N 42 53' 00"   Lon: W 100 32' 29"

                  Temperature (F), Heat Base: 65.0  Cool Base: 65.0
                          Dep.  Heat  Cool                       Max  Max  Min  Min
        Mean  Mean        From  Deg   Deg                        >=   <=   <=   <=
 YR MO  Max   Min   Mean  Norm  Days  Days  Hi  Date  Low  Date 90.0 32.0 32.0   0.0
------------------------------------------------------------------------------------
 19  1  36.1  14.1  24.2   0.6  1265     0  56.1   4 -10.1   30    0   12   30    4
 19  2  23.5   2.4  12.5 -14.7  1469     0  67.6   2 -17.5    8    0   24   28   13
 19  3  40.0  17.8  28.8  -7.4  1118     0  70.7  26 -14.8    4    0    8   27    5
 19  4  59.7  33.3  45.7  -1.0   600    22  91.9  20  13.8   13    1    1   12    0
 19  5  64.1  40.7  52.1  -5.5   446    43  88.3  15  23.8    2    0    0    4    0
 19  6  81.6  54.0  67.9   0.4    97   184 103.1  29  36.2   10    5    0    0    0
 19  7  86.9  61.3  73.6  -0.9    26   292  98.0  14  46.5   22   10    0    0    0
 19  8  83.0  58.7  70.0  -2.8    50   204  95.4   4  40.9   28    4    0    0    0
 19  9  79.9  52.6  65.7   3.4   135   155  92.9  15  37.1   23    2    0    0    0
 19 10  54.6  27.6  40.3  -8.2   776    11  84.9   8   5.1   31    0    2   19    0
 19 11  46.5  20.4  33.3  -1.1   949     1  73.4   9  -3.8   12    0    7   29    2
 19 12  38.9  16.8  27.5   3.7  1161     0  59.5  22   3.4   10    0    8   31    0
------------------------------------------------------------------------------------
        57.9  33.3  45.1  -2.8  8098   916 103.1 Jun -17.5  Feb   22   62  180   24

                                Precipitation (in)

              Dep.   Max        Days of Rain
              From   Obs.           >=
 YR MO Total  Norm   Day Date 0.01 0.10 1.00
---------------------------------------------
 19  1  0.28  0.02  0.08  25    10    0    0
 19  2  1.02  0.54  0.25  22    11    3    0
 19  3  2.02  0.95  1.61  13     9    2    1
 19  4  2.10 -0.12  0.43  25    10    6    0
 19  5  7.98  4.85  2.45  21    17   14    1
 19  6  2.70 -0.86  0.55   2    14    7    0
 19  7  5.30  2.09  1.76   5    16    9    1
 19  8  5.73  3.55  2.22   4    17   10    1
 19  9  3.38  1.74  1.25  10    10    7    1
 19 10  1.52  0.27  0.54  21    13    4    0
 19 11  1.50  0.85  0.49  29     7    4    0
 19 12  0.87  0.50  0.23  29     8    4    0
---------------------------------------------
       34.40 14.38  2.45  May  142   70    5

                                Wind Speed (mph)
                          Dom
 YR MO   Avg.  Hi   Date  Dir
------------------------------
 19  1   5.8  46.0   27    NW
 19  2   6.3  38.0   24     N
 19  3   7.2  55.0   14   NNW
 19  4   7.3  43.0   18     N
 19  5   8.4  54.0   11     N
 19  6   7.4  38.0   13    SW
 19  7   7.8  47.0    9    SE
 19  8   7.4  45.0    4    SE
 19  9   7.9  51.0   10     S
 19 10   9.2  52.0   21    NW
 19 11   6.6  48.0   18   WNW
 19 12   6.5  49.0   29   WNW
------------------------------
         7.3  55.0  Mar    NW