NOAA style reports

NOAA-style Climate Reports

Select a Year or Month report

Report for 2014
                   Annual Climatological Summary for 2014

Name: departure period NCDC 1981-2010   City: Valentine   State: Nebraska
Elevation: 2588 ft  Lat: N 42 52' 30"   Lon: W 100 33' 48"

                  Temperature (F), Heat Base: 65.0  Cool Base: 65.0
                          Dep.  Heat  Cool                       Max  Max  Min  Min
        Mean  Mean        From  Deg   Deg                        >=   <=   <=   <=
 YR MO  Max   Min   Mean  Norm  Days  Days  Hi  Date  Low  Date 90.0 32.0 32.0   0.0
------------------------------------------------------------------------------------
 14  1
 14  2
 14  3
 14  4
 14  5
 14  6  77.7  54.5  65.7  -1.8   113   134  91.7  21  42.7   12    1    0    0    0
 14  7  84.2  58.2  71.3  -3.2    55   250 102.6  21  43.2   15    5    0    0    0
 14  8  84.1  59.3  71.1  -1.7    42   230  92.3  14  48.9   25    4    0    0    0
 14  9  77.2  49.5  62.3   0.0   208   126  97.7   3  35.2   12    4    0    0    0
 14 10  68.4  36.4  51.9   3.4   437    32  86.2  26  19.4   29    0    0    8    0
 14 11  43.5  16.6  29.5  -4.9  1060     1  72.2   2 -12.4   16    0    8   27    6
 14 12  38.5  14.7  26.2   2.4  1200     0  62.1  11 -13.2   30    0   12   30    4
------------------------------------------------------------------------------------
        67.6  41.3  54.0  -0.8  3119   775 102.6 Jul -13.2  Dec   14   20   65   10

                                Precipitation (in)

              Dep.   Max        Days of Rain
              From   Obs.           >=
 YR MO Total  Norm   Day Date 0.01 0.10 1.00
---------------------------------------------
 14  1
 14  2
 14  3
 14  4
 14  5
 14  6  8.52  4.96  1.97   6    14   11    4
 14  7  0.83 -2.38  0.37   7     5    3    0
 14  8  2.93  0.75  0.82   8    11    8    0
 14  9  0.81 -0.83  0.36   9    10    3    0
 14 10  0.61 -0.64  0.19  27     5    4    0
 14 11  0.53 -0.12  0.40  15     2    2    0
 14 12  0.78  0.41  0.26  15     9    3    0
---------------------------------------------
       15.01  2.15  1.97  Jun   56   34    4

                                Wind Speed (mph)
                          Dom
 YR MO   Avg.  Hi   Date  Dir
------------------------------
 14  1
 14  2
 14  3
 14  4
 14  5
 14  6   4.6  43.0    6    NE
 14  7   4.8  32.0   19     S
 14  8   3.9  33.0   30    SE
 14  9   6.2  50.0   30   SSW
 14 10   7.2  45.0    2   WNW
 14 11   8.2  50.0    7    NW
 14 12   6.8  43.0    1   WNW
------------------------------
         5.9  50.0  Sep     W