NOAA style reports

NOAA-style Climate Reports


Report for 2020
                   Annual Climatological Summary for 2020

Name: departure period NCDC 1981-2010   City: Valentine   State: Nebraska
Elevation: 2574 ft  Lat: N 42 53' 00"   Lon: W 100 32' 29"

                  Temperature (F), Heat Base: 65.0  Cool Base: 65.0
                          Dep.  Heat  Cool                       Max  Max  Min  Min
        Mean  Mean        From  Deg   Deg                        >=   <=   <=   <=
 YR MO  Max   Min   Mean  Norm  Days  Days  Hi  Date  Low  Date 90.0 32.0 32.0   0.0
------------------------------------------------------------------------------------
 20  1  37.0  15.3  26.0   2.4  1207     0  51.6   4  -6.3   11    0    8   31    5
 20  2  42.5  16.3  28.6   1.4  1052     0  65.8  29 -10.1   13    0    6   29    2
 20  3  52.6  26.6  39.0   2.8   810     5  78.4   7   4.8   20    0    2   25    0
 20  4  60.5  29.3  44.5  -2.2   643    28  83.8  30   7.2    3    0    3   16    0
 20  5  67.9  44.2  55.6  -2.0   333    44  88.2  31  25.1   10    0    0    3    0
 20  6  85.3  59.1  72.6   5.1    52   279  98.0   1  44.6   11    8    0    0    0
 20  7  88.3  62.2  75.1   0.6    23   335 100.4  17  47.7    1   12    0    0    0
 20  8  88.9  59.2  74.3   1.5    39   327 100.3  25  42.0   29   17    0    0    0
 20  9  77.7  46.9  62.3   0.0   223   143 101.2   5  32.0   10    5    0    1    0
 20 10  57.8  30.2  43.6  -4.9   626    28  86.2   6  -0.5   27    0    4   11    1
 20 11
 20 12
------------------------------------------------------------------------------------
        65.9  38.9  52.2   0.5  5012  1191 101.2 Sep -10.1  Feb   42   23  116    8

                                Precipitation (in)

              Dep.   Max        Days of Rain
              From   Obs.           >=
 YR MO Total  Norm   Day Date 0.01 0.10 1.00
---------------------------------------------
 20  1  0.50  0.24  0.21  17     6    2    0
 20  2  0.16 -0.32  0.13  25     4    1    0
 20  3  1.86  0.79  0.68  28     9    4    0
 20  4  0.85 -1.37  0.40  12     5    2    0
 20  5  2.92 -0.21  0.88   4    16    9    0
 20  6  4.00  0.44  1.41   9     9    5    2
 20  7  4.31  1.10  2.20  24    11    5    1
 20  8  0.92 -1.26  0.55   4     7    3    0
 20  9  0.71 -0.93  0.37  11     4    3    0
 20 10  0.77 -0.48  0.22  25    11    2    0
 20 11
 20 12
---------------------------------------------
       17.00 -2.00  2.20  Jul   82   36    3

                                Wind Speed (mph)
                          Dom
 YR MO   Avg.  Hi   Date  Dir
------------------------------
 20  1   6.7  49.0   17   WNW
 20  2   6.3  42.0    9   WNW
 20  3   6.7  51.0   12     W
 20  4   7.7  53.0   28   WNW
 20  5   6.2  45.0    9   NNE
 20  6   6.2  49.0   16   SSE
 20  7   4.6  46.0   10   SSE
 20  8   5.3  57.0    8     S
 20  9   6.3  44.0   27    NW
 20 10   7.0  44.0   11    NW
 20 11
 20 12
------------------------------
         6.3  57.0  Aug     W