NOAA style reports

NOAA-style Climate Reports


Report for 2015
                   Annual Climatological Summary for 2015

Name: departure period NCDC 1981-2010   City: Valentine   State: Nebraska
Elevation: 2588 ft  Lat: N 42 52' 30"   Lon: W 100 33' 48"

                  Temperature (F), Heat Base: 65.0  Cool Base: 65.0
                          Dep.  Heat  Cool                       Max  Max  Min  Min
        Mean  Mean        From  Deg   Deg                        >=   <=   <=   <=
 YR MO  Max   Min   Mean  Norm  Days  Days  Hi  Date  Low  Date 90.0 32.0 32.0   0.0
------------------------------------------------------------------------------------
 15  1  37.8  12.9  24.9   1.3  1240     0  69.4  27 -12.3    4    0    9   30    5
 15  2  39.9  12.3  25.4  -1.8  1106     0  71.1   7 -10.7    2    0    8   26    7
 15  3  60.5  25.4  42.5   6.3   720    24  83.2  15  -1.9    5    0    2   24    2
 15  4  63.4  35.3  49.6   2.9   479    17  81.9  30  17.4    3    0    0   12    0
 15  5  64.8  43.5  53.6  -4.0   379    25  85.1   2  28.8   12    0    0    2    0
 15  6  80.7  57.4  68.9   1.4    56   172  95.0   9  49.8   12    1    0    0    0
 15  7  86.3  59.9  73.3  -1.2    34   290  99.2  23  48.1   29   12    0    0    0
 15  8  84.9  58.2  71.3  -1.5    64   261  98.8  15  39.7   24   10    0    0    0
 15  9  81.0  54.2  67.1   4.8   106   170 100.8   2  37.1   19    9    0    0    0
 15 10  66.6  39.9  52.2   3.7   431    34  92.7  11  20.9   29    1    0    7    0
 15 11  50.6  24.9  36.4   2.0   862     5  76.8   3   5.1   21    0    5   21    0
 15 12  35.8  15.7  25.7   1.9  1216     0  63.2   9  -4.1   18    0   13   30    4
------------------------------------------------------------------------------------
        62.7  36.6  49.2   1.3  6697  1003 100.8 Sep -12.3  Jan   33   37  152   18

                                Precipitation (in)

              Dep.   Max        Days of Rain
              From   Obs.           >=
 YR MO Total  Norm   Day Date 0.01 0.10 1.00
---------------------------------------------
 15  1  0.32  0.06  0.22  31     5    1    0
 15  2  0.27 -0.21  0.14  16     5    1    0
 15  3  0.03 -1.04  0.02   3     2    0    0
 15  4  1.74 -0.48  0.74  18     8    3    0
 15  5  8.28  5.15  1.84  25    20   16    2
 15  6  3.79  0.23  0.66   2    11   11    0
 15  7  3.70  0.49  1.51   5    11    4    2
 15  8  2.96  0.78  1.04   1     7    5    1
 15  9  5.38  3.74  3.95  23     9    4    1
 15 10  1.82  0.57  0.91   3     7    4    0
 15 11  1.94  1.29  0.46  30     7    5    0
 15 12  1.18  0.81  0.40  12     5    4    0
---------------------------------------------
       31.41 11.39  3.95  Sep   97   58    6

                                Wind Speed (mph)
                          Dom
 YR MO   Avg.  Hi   Date  Dir
------------------------------
 15  1   7.3  52.0    8   WNW
 15  2   7.6  46.0   10    NW
 15  3   7.9  53.0    3     W
 15  4   8.6  47.0   14    NW
 15  5   7.5  44.0   13   ENE
 15  6   5.7  62.0   20   ESE
 15  7   5.0  42.0    5   SSW
 15  8   6.2  53.0   15     S
 15  9   5.0  38.0   18   SSE
 15 10   5.7  42.0   11    SW
 15 11   6.2  46.0   16   WNW
 15 12   5.7  37.0   10   WNW
------------------------------
         6.5  62.0  Jun     W