NOAA reports

Climate Reports


Report for 2022 May
                   Monthly Climatological Summary for May 2022

Name: departure period NCDC 1991-2020   City: Valentine   State: Nebraska
Elevation: 2587 ft  Lat: N 42 52' 59"   Lon: W 100 32' 29"

                  Temperature (F), Rain (in), Wind Speed (mph)

                                      Heat  Cool        Avg
    Mean                              Deg   Deg         Wind                 Dom
Day Temp  High   Time   Low    Time   Days  Days  Rain  Speed High   Time    Dir
----------------------------------------------------------------------------------
 1  48.2  61.0   17:01  36.2   06:37  16.8   0.0  0.00  11.1  32.0   10:09    NW
 2  41.8  49.9   19:02  32.6   23:55  23.2   0.0  0.00   3.5  18.0   19:00     E
 3  41.1  54.3   17:06  27.7   03:06  23.9   0.0  0.00   5.5  22.0   16:14    SE
 4  44.2  48.9   15:02  35.7   06:12  20.8   0.0  0.02   3.6  16.0   15:46     S
 5  50.8  61.9   16:30  43.5   06:11  14.2   0.0  0.00   4.4  24.0   16:29   SSE
 6  61.2  83.4   16:00  38.9   06:38   8.6   4.8  0.00   7.1  29.0   12:02   SSW
 7  63.6  84.0   14:23  49.1   06:28   5.6   4.2  0.55   7.2  57.0   18:08   SSW
 8  63.9  77.9   16:17  51.1   07:15   4.1   3.0  0.02   6.5  27.0   22:57    SW
 9  58.0  68.7   15:03  47.8   23:42   7.6   0.6  0.46  14.7  47.0   02:32    NW
10  60.4  72.0   16:29  48.5   00:59   6.0   1.3  0.00   6.1  22.0   15:02     E
11  68.0  85.4   16:00  52.6   02:41   4.0   7.0  0.00   7.8  22.0   15:21    SE
12  64.9  81.6   15:01  52.5   23:02   2.6   2.6  0.00   9.3  56.0   16:58   WNW
13  61.5  74.5   16:34  47.4   05:51   6.2   2.7  0.00  14.0  36.0   01:35     W
14  56.7  70.4   16:24  41.4   05:50   8.9   0.6  0.04   5.7  31.0   06:01    NW
15  58.3  71.3   17:38  48.2   23:57   7.8   1.2  0.34   5.2  32.0   05:05   WNW
16  64.7  83.4   18:13  40.5   06:39   7.6   7.3  0.00   5.2  22.0   23:43   SSE
17  68.5  79.9   16:22  55.8   23:58   1.3   4.8  0.00   7.5  37.0   01:06    NW
18  65.4  81.3   13:09  49.9   06:50   4.6   5.0  0.11   5.3  44.0   14:11    NW
19  58.8  82.5   12:34  43.1   22:10   8.7   2.6  0.04  11.4  43.0   14:09    NW
20  46.4  50.8   14:20  41.3   23:59  18.6   0.0  0.00  12.7  36.0   13:46   WNW
21  43.3  54.9   18:24  33.6   06:41  21.7   0.0  0.00   9.0  25.0   15:36    NW
22  48.5  65.5   17:08  29.5   06:28  16.5   0.0  0.00   4.6  28.0   17:25    SW
23  49.0  54.4   01:22  43.7   23:50  16.0   0.0  0.07   6.5  28.0   16:54     S
24  50.9  59.4   16:21  40.8   04:34  14.1   0.0  0.00   3.7  16.0   17:07    SE
----------------------------------------------------------------------------------
    55.8  85.4    11    27.7     3   269.4  47.7  1.65   7.4  57.0     7       W

Max >=  90.0:  0
Max <=  32.0:  0
Min <=  32.0:  2
Min <=   0.0:  0
Max Rain: 0.55 on day 7
Days of Rain: 9 (>= 0.01 in)  4 (>= 0.10 in)  0 (>= 1.00 in)
Heat Base: 65.0  Cool Base: 65.0  Method: Integration