NOAA style reports

NOAA-style Climate Reports

Select a Year or Month report

Report for 2018 Nov
                   Monthly Climatological Summary for Nov 2018

Name: departure period NCDC 1981-2010   City: Valentine   State: Nebraska
Elevation: 2593 ft  Lat: N 42 52' 30"   Lon: W 100 33' 48"

                  Temperature (F), Rain (in), Wind Speed (mph)

                                      Heat  Cool        Avg
    Mean                              Deg   Deg         Wind                 Dom
Day Temp  High   Time   Low    Time   Days  Days  Rain  Speed High   Time    Dir
----------------------------------------------------------------------------------
 1  38.5  55.7   12:59  25.3   03:22  26.5   0.0  0.02   4.9  25.0   14:05    NW
 2  40.0  46.2   14:24  35.7   04:50  25.0   0.0  0.12   5.9  26.0   06:50    NW
 3  37.9  40.3   12:47  35.7   22:03  27.1   0.0  0.07   8.1  28.0   13:13   NNW
 4  38.7  48.1   15:11  30.4   05:16  27.4   0.0  0.09   4.8  18.0   21:14   SSE
 5  40.9  49.3   13:00  27.3   23:58  24.1   0.0  0.11   7.5  33.0   12:06    NW
 6  31.4  43.4   13:52  20.3   23:21  33.6   0.0  0.00   7.3  32.0   14:50    NW
 7  24.1  35.8   15:24  14.6   04:57  40.9   0.0  0.00   3.8  18.0   09:19   NNW
 8  22.9  27.8   14:20  16.9   20:51  42.1   0.0  0.03   4.8  20.0   10:04   NNE
 9  14.4  23.7   00:52   5.7   07:55  50.6   0.0  0.00   8.1  43.0   03:34   NNW
10  28.7  48.3   14:16  13.8   00:59  36.3   0.0  0.00   7.9  29.0   15:48   WSW
11  28.3  35.9   13:53  21.7   23:59  36.7   0.0  0.01   6.8  28.0   10:14   NNW
12  17.6  26.5   14:59   9.8   22:25  47.4   0.0  0.00   6.5  27.0   00:26   NNW
13  26.9  49.1   15:56  10.0   06:05  38.1   0.0  0.00   2.9  17.0   11:58   WNW
14  39.2  66.2   14:27  23.1   05:02  25.8   0.0  0.00   3.3  16.0   10:33   WSW
15  39.5  58.2   14:03  25.3   23:57  25.5   0.0  0.00   7.7  43.0   14:21    NW
16  36.1  63.0   12:46  23.8   04:57  28.9   0.0  0.00   7.3  33.0   16:02   NNW
17  18.1  24.3   00:00  14.3   23:57  46.9   0.0  0.00   7.3  29.0   00:40   NNE
18  27.5  47.2   15:11  10.3   03:30  37.5   0.0  0.00   5.8  21.0   13:54   WSW
----------------------------------------------------------------------------------
    30.6  66.2    14     5.7     9   620.4   0.0  0.45   6.1  43.0     9      NW

Max >=  90.0:  0
Max <=  32.0:  4
Min <=  32.0: 16
Min <=   0.0:  0
Max Rain: 0.12 on day 2
Days of Rain: 7 (>= 0.01 in)  2 (>= 0.10 in)  0 (>= 1.00 in)
Heat Base: 65.0  Cool Base: 65.0  Method: Integration