NOAA style reports

NOAA-style Climate Reports

Select a Year or Month report

Report for 2018 Sep
                   Monthly Climatological Summary for Sep 2018

Name: departure period NCDC 1981-2010   City: Valentine   State: Nebraska
Elevation: 2593 ft  Lat: N 42 52' 30"   Lon: W 100 33' 48"

                  Temperature (F), Rain (in), Wind Speed (mph)

                                      Heat  Cool        Avg
    Mean                              Deg   Deg         Wind                 Dom
Day Temp  High   Time   Low    Time   Days  Days  Rain  Speed High   Time    Dir
----------------------------------------------------------------------------------
 1  70.4  83.3   13:56  54.7   07:32   1.8   7.2  0.00   5.0  24.0   16:39   ESE
 2  67.4  75.2   17:43  59.2   07:19   1.0   3.4  0.00   4.0  22.0   10:20   NNE
 3  69.1  79.4   15:00  60.0   00:47   0.9   5.0  0.00   5.2  24.0   16:57     S
 4  68.8  76.0   12:35  60.8   21:36   0.5   4.3  0.00   6.3  26.0   17:07    NW
 5  64.5  75.4   14:33  56.3   23:35   2.5   2.0  0.00   5.1  18.0   10:49    NE
 6  64.3  80.6   14:46  50.4   07:01   5.0   4.2  0.00   4.6  22.0   12:08   SSE
 7  65.5  81.8   15:25  48.3   07:26   4.8   5.3  0.00   3.3  22.0   13:42   SSE
 8  64.5  75.5   15:05  55.9   02:38   2.9   2.4  0.00   8.6  32.0   17:08     S
 9  70.6  84.1   16:42  63.0   08:13   0.3   5.9  0.00  11.3  31.0   14:23     S
10  70.4  83.0   17:53  58.5   03:48   1.6   7.0  0.00   4.3  21.0   23:58     S
11  76.1  96.4   14:58  62.4   07:30   0.3  11.4  0.01   7.3  26.0   09:12   SSW
12  75.5  88.9   15:28  63.5   07:43   0.1  10.6  0.00  13.8  37.0   17:58     S
13  74.1  87.6   16:32  61.0   07:50   0.3   9.4  0.00   5.2  26.0   01:17     S
14  67.3  80.8   17:51  59.6   05:46   1.3   3.5  0.00   2.9  14.0   01:30    NE
15  75.9  95.9   15:46  61.9   08:34   0.5  11.4  0.00  10.0  35.0   18:32   SSE
16  77.9  93.1   14:49  67.3   07:21   0.0  12.9  0.00   8.6  28.0   10:18   SSW
17  68.2  83.0   15:29  59.8   09:13   0.9   4.1  0.00   5.0  21.0   16:31   ENE
18  62.7  72.6   17:23  56.5   10:15   3.5   1.2  0.00   4.1  24.0   02:04    NE
19  62.4  65.0   16:10  58.4   23:56   2.6   0.0  0.45   6.5  23.0   23:22   ENE
20  57.5  64.7   15:13  50.2   23:50   7.5   0.0  0.69   5.4  24.0   04:03     N
21  50.8  59.7   17:14  44.0   07:39  14.0   0.0  0.00   5.3  24.0   08:36     N
22  63.9  83.9   16:38  47.9   00:01   6.4   5.4  0.00   8.1  32.0   12:55   SSW
23  67.9  92.2   16:12  46.3   07:46   5.7   8.6  0.00   6.0  33.0   18:41     S
24  52.2  60.1   17:17  48.3   05:11  12.8   0.0  0.02   3.8  21.0   00:10   NNW
----------------------------------------------------------------------------------
    67.0  96.4    11    44.0    21    77.2 125.2  1.17   6.2  37.0    12     SSE

Max >=  90.0:  4
Max <=  32.0:  0
Min <=  32.0:  0
Min <=   0.0:  0
Max Rain: 0.69 on day 20
Days of Rain: 4 (>= 0.01 in)  2 (>= 0.10 in)  0 (>= 1.00 in)
Heat Base: 65.0  Cool Base: 65.0  Method: Integration