NOAA style reports

NOAA-style Climate Reports


Report for 2018
                   Annual Climatological Summary for 2018

Name: departure period NCDC 1981-2010   City: Valentine   State: Nebraska
Elevation: 2593 ft  Lat: N 42 52' 30"   Lon: W 100 33' 48"

                  Temperature (F), Heat Base: 65.0  Cool Base: 65.0
                          Dep.  Heat  Cool                       Max  Max  Min  Min
        Mean  Mean        From  Deg   Deg                        >=   <=   <=   <=
 YR MO  Max   Min   Mean  Norm  Days  Days  Hi  Date  Low  Date 90.0 32.0 32.0   0.0
------------------------------------------------------------------------------------
 18  1  34.9  10.4  22.7  -0.9  1310     0  59.5  19 -25.6    1    0   11   31    6
 18  2  30.4   4.5  17.9  -9.3  1317     0  52.9  14 -16.7   10    0   14   28    8
 18  3  46.7  23.7  34.4  -1.8   947     0  69.9  14   6.7    7    0    1   29    0
 18  4  53.1  26.4  39.2  -7.5   774     0  82.4  11   6.2    4    0    3   19    0
 18  5  75.7  50.2  63.0   5.4   152    89  94.2  26  34.0    3    2    0    0    0
 18  6  82.6  58.7  70.1   2.6    17   171 100.2   5  44.3    3    6    0    0    0
 18  7  86.0  63.2  74.0  -0.5    15   295  99.1  11  52.2   31    9    0    0    0
 18  8  84.5  56.8  70.3  -2.5    71   235  98.0  26  42.4   29   11    0    0    0
 18  9  75.5  53.2  63.3   1.0   176   126  96.4  11  35.3   26    4    0    0    0
 18 10  58.7  32.3  44.1  -4.4   656    10  83.4   3  12.9   15    0    1   15    0
 18 11  45.5  22.0  32.2  -2.3   986     0  71.7  22   5.7    9    0    6   27    0
 18 12  37.9  14.3  25.2   1.4  1225     0  54.7  17  -9.7   29    0    8   31    4
------------------------------------------------------------------------------------
        59.3  34.6  46.4  -1.5  7653   929 100.2 Jun -25.6  Jan   32   44  180   18

                                Precipitation (in)

              Dep.   Max        Days of Rain
              From   Obs.           >=
 YR MO Total  Norm   Day Date 0.01 0.10 1.00
---------------------------------------------
 18  1  0.63  0.37  0.27  21     7    2    0
 18  2  0.72  0.24  0.20   9    10    4    0
 18  3  1.69  0.62  0.90  16     9    4    0
 18  4  1.66 -0.56  0.68  13    12    6    0
 18  5  4.40  1.27  0.80  10    15    9    0
 18  6  5.97  2.41  1.33  18    12    9    2
 18  7  5.87  2.66  2.11  16    11    7    2
 18  8  2.11 -0.07  1.71  15     6    2    1
 18  9  2.23  0.59  0.79  25     7    4    0
 18 10  1.92  0.67  0.48   8     9    6    0
 18 11  0.89  0.24  0.23  24     9    4    0
 18 12  1.09  0.72  0.78   1     6    2    0
---------------------------------------------
       29.18  9.16  2.11  Jul  113   59    5

                                Wind Speed (mph)
                          Dom
 YR MO   Avg.  Hi   Date  Dir
------------------------------
 18  1   5.1  48.0   10   WNW
 18  2   5.9  40.0   18   WNW
 18  3   6.2  50.0    5     W
 18  4   7.9  54.0   13     N
 18  5   5.4  46.0   10   SSE
 18  6   5.4  41.0   11   ESE
 18  7   5.3  59.0   16   SSE
 18  8   4.1  32.0   19   SSW
 18  9   5.9  37.0   12   SSE
 18 10   5.5  51.0    3    NW
 18 11   5.6  43.0    9    NW
 18 12   5.7  46.0   31    NW
------------------------------
         5.7  59.0  Jul     W