NOAA style reports

NOAA-style Climate Reports


Report for 2021
                   Annual Climatological Summary for 2021

Name: departure period NCDC 1991-2020   City: Valentine   State: Nebraska
Elevation: 2587 ft  Lat: N 42 52' 59"   Lon: W 100 32' 29"

                  Temperature (F), Heat Base: 65.0  Cool Base: 65.0
                          Dep.  Heat  Cool                       Max  Max  Min  Min
        Mean  Mean        From  Deg   Deg                        >=   <=   <=   <=
 YR MO  Max   Min   Mean  Norm  Days  Days  Hi  Date  Low  Date 90.0 32.0 32.0   0.0
------------------------------------------------------------------------------------
 21  1  39.1  20.8  29.6   5.1  1096     0  58.9  13   4.4   27    0    7   30    0
 21  2  27.8   5.3  16.4 -11.2  1358     0  68.3   3 -32.2   15    0   15   28   10
 21  3  55.2  28.5  41.2   3.6   742     7  78.7  29  15.1   31    0    0   23    0
 21  4  59.6  30.8  45.0  -2.2   635    34  86.0   5  15.7   20    0    0   18    0
 21  5  69.6  43.7  56.8  -1.3   310    56  87.9   1  25.7    4    0    0    4    0
 21  6  87.5  58.0  73.7   4.7    46   308 104.0  23  47.0   12   12    0    0    0
 21  7  89.5  63.8  76.3   0.6    10   361 103.9  28  52.2   11   13    0    0    0
 21  8  88.9  59.5  74.0   0.4    32   311  97.7   8  49.3   21   15    0    0    0
 21  9  80.2  51.1  65.4   1.2   135   149  93.3   6  38.1   25    5    0    0    0
 21 10  64.4  38.0  50.6   1.3   479    33  81.7   8  25.5   21    0    0    8    0
 21 11  57.0  26.9  41.8   5.6   706     8  77.9   6   6.1   25    0    0   21    0
 21 12  56.7  32.8  44.6  18.3    82     0  69.8   2  24.8    4    0    0    1    0
------------------------------------------------------------------------------------
        64.6  38.3  51.3   2.2  5635  1272 104.0 Jun -32.2  Feb   45   22  133   10

                                Precipitation (in)

              Dep.   Max        Days of Rain
              From   Obs.           >=
 YR MO Total  Norm   Day Date 0.01 0.10 1.00
---------------------------------------------
 21  1  0.52  0.20  0.13  25     7    3    0
 21  2  0.70  0.09  0.18   7     8    3    0
 21  3  2.86  1.85  1.29  14     8    8    1
 21  4  2.39 -0.09  0.88   6     8    5    0
 21  5  3.88  0.36  1.81  16    15    7    1
 21  6  1.63 -2.33  0.94   9     5    3    0
 21  7  3.27  0.45  1.25  23     8    6    2
 21  8  3.24  1.20  0.83  25     9    7    0
 21  9  3.87  2.15  2.29   2    10    7    1
 21 10  1.00 -0.42  0.28  13     7    5    0
 21 11  0.09 -0.48  0.07  10     2    0    0
 21 12  0.00 -0.43  0.00   0     0    0    0
---------------------------------------------
       23.45  2.55  2.29  Sep   87   54    5

                                Wind Speed (mph)
                          Dom
 YR MO   Avg.  Hi   Date  Dir
------------------------------
 21  1   8.1  71.0   14   WNW
 21  2   6.4  45.0   23   WNW
 21  3   7.7  49.0   29   WNW
 21  4   8.6  53.0   12    NW
 21  5   6.5  46.0   23    SE
 21  6   6.7  47.0   11   SSW
 21  7   6.3  46.0   16    SE
 21  8   6.2  62.0    6   SSE
 21  9   5.8  45.0   19     W
 21 10   7.0  54.0   13   WNW
 21 11   7.1  67.0   11   WNW
 21 12   5.9  26.0    1     W
------------------------------
         6.9  71.0  Jan     W