NOAA style reports

NOAA-style Climate Reports


Report for 2020 Sep
                   Monthly Climatological Summary for Sep 2020

Name: departure period NCDC 1981-2010   City: Valentine   State: Nebraska
Elevation: 2574 ft  Lat: N 42 53' 00"   Lon: W 100 32' 29"

                  Temperature (F), Rain (in), Wind Speed (mph)

                                      Heat  Cool        Avg
    Mean                              Deg   Deg         Wind                 Dom
Day Temp  High   Time   Low    Time   Days  Days  Rain  Speed High   Time    Dir
----------------------------------------------------------------------------------
 1  67.2  81.9   16:30  53.6   23:57   3.0   5.2  0.00   6.3  26.0   13:33   WNW
 2  70.0  91.4   17:02  45.4   05:27   6.1  11.1  0.00   6.3  33.0   16:16   WSW
 3  66.2  78.6   16:37  50.8   06:46   2.9   4.1  0.00   8.3  37.0   00:46   NNW
 4  66.7  86.8   16:57  47.0   06:43   5.9   7.6  0.00   2.8  20.0   14:22   NNE
 5  76.1 101.2   16:22  48.0   07:02   4.3  15.4  0.00   4.6  26.0   15:49    SW
 6  76.7  88.4   16:02  62.7   05:08   0.1  11.8  0.00   5.8  23.0   13:14     N
 7  54.2  66.0   13:39  43.8   23:13  10.8   0.0  0.00   7.0  33.0   16:58     E
 8  39.9  43.9   01:38  36.8   17:10  25.1   0.0  0.20   6.6  26.0   00:52   NNE
 9  40.7  50.1   16:46  33.0   07:19  24.3   0.0  0.11   1.9  14.0   00:32    NW
10  48.3  63.2   15:43  32.0   07:29  16.7   0.0  0.00   2.5  17.0   22:40    SE
11  53.5  60.8   16:36  48.8   05:06  11.5   0.0  0.37   4.2  17.0   11:26   SSE
12  58.7  73.8   16:04  44.2   07:53   8.0   1.7  0.03   5.0  21.0   16:51    NW
13  65.7  90.3   17:00  43.1   04:08   7.3   8.1  0.00   2.9  17.0   12:47     W
14  67.6  88.2   15:27  44.3   07:33   6.1   8.7  0.00   5.5  33.0   18:10   SSW
15  73.3  93.8   17:31  55.8   07:04   1.3   9.7  0.00   4.7  19.0   01:16   WSW
16  58.8  68.1   16:11  46.9   23:58   6.6   0.5  0.00   4.1  20.0   10:58   NNE
17  60.2  79.7   16:21  44.2   05:13   8.3   3.4  0.00   3.7  20.0   10:25   WSW
18  57.7  71.2   15:38  45.8   05:10   8.5   1.2  0.00   6.8  28.0   16:39    SE
19  66.8  83.4   15:24  49.2   05:25   4.3   6.1  0.00   8.5  34.0   16:47     S
20  69.6  85.2   17:13  55.6   23:20   1.5   6.1  0.00   6.4  28.0   12:09     W
21  66.1  87.2   15:50  46.6   07:33   5.4   6.5  0.00   2.3  15.0   19:04     S
22  68.6  92.0   16:32  46.0   07:13   5.7   9.4  0.00   3.9  24.0   16:02     S
23  71.2  88.9   14:21  55.7   06:15   1.8   8.0  0.00   4.2  22.0   12:50    NW
24  67.2  86.2   16:16  47.4   06:38   5.2   7.4  0.00   3.3  22.0   22:59   SSE
25  68.8  78.5   15:00  59.3   06:21   0.8   4.6  0.00   7.7  33.0   03:04    NW
26  64.6  77.9   13:38  51.8   22:18   2.8   2.3  0.00   8.9  34.0   15:20    NW
27  57.4  66.5   16:05  50.1   23:48   7.6   0.0  0.00  15.8  44.0   17:52    NW
28  52.0  63.3   16:00  38.7   23:40  13.0   0.0  0.00  14.6  41.0   11:11    NW
29  58.7  79.9   15:19  33.7   02:18  10.5   4.3  0.00   8.8  31.0   11:19    NW
30  56.9  64.2   15:51  45.9   23:41   8.1   0.0  0.00  15.6  40.0   14:42    NW
----------------------------------------------------------------------------------
    62.3 101.2     5    32.0    10   223.5 143.2  0.71   6.3  44.0    27     WNW

Max >=  90.0:  5
Max <=  32.0:  0
Min <=  32.0:  1
Min <=   0.0:  0
Max Rain: 0.37 on day 11
Days of Rain: 4 (>= 0.01 in)  3 (>= 0.10 in)  0 (>= 1.00 in)
Heat Base: 65.0  Cool Base: 65.0  Method: Integration