NOAA style reports

NOAA-style Climate Reports


Report for 2019 Dec
                   Monthly Climatological Summary for Dec 2019

Name: departure period NCDC 1981-2010   City: Valentine   State: Nebraska
Elevation: 2574 ft  Lat: N 42 53' 00"   Lon: W 100 32' 29"

                  Temperature (F), Rain (in), Wind Speed (mph)

                                      Heat  Cool        Avg
    Mean                              Deg   Deg         Wind                 Dom
Day Temp  High   Time   Low    Time   Days  Days  Rain  Speed High   Time    Dir
----------------------------------------------------------------------------------
 1  22.3  26.8   14:59   9.0   23:59  42.7   0.0  0.04  14.7  46.0   01:38    NW
 2  22.8  40.7   14:40   5.3   06:48  42.2   0.0  0.00   4.3  21.0   13:28     W
 3  30.5  41.6   14:44  20.1   07:36  34.5   0.0  0.00   6.4  24.0   13:12     W
 4  32.1  44.1   15:38  23.8   08:35  32.9   0.0  0.00   4.0  18.0   01:41     W
 5  29.0  39.3   12:58  18.0   05:34  36.0   0.0  0.00   5.4  26.0   15:14    NW
 6  31.7  41.4   14:51  25.3   08:13  33.3   0.0  0.00   3.6  19.0   13:47   SSW
 7  37.0  53.6   15:33  22.6   04:54  28.0   0.0  0.00   4.4  18.0   12:58   WSW
 8  35.7  54.9   15:24  18.1   23:59  29.3   0.0  0.00   3.7  28.0   21:02   WNW
 9  18.2  28.5   16:01   6.9   05:00  46.8   0.0  0.02  13.8  36.0   01:32    NW
10  17.3  32.5   21:41   3.4   06:32  47.7   0.0  0.00   6.4  29.0   00:28   WNW
11  23.2  32.2   22:47  13.7   08:23  41.8   0.0  0.00   5.2  22.0   14:50    SE
12  28.7  45.2   14:30  19.3   06:52  36.3   0.0  0.00   2.7  24.0   01:05     W
13  30.5  40.9   11:43  20.8   01:04  34.2   0.0  0.00   5.8  22.0   02:18    NW
14  18.7  22.3   00:00  15.8   08:52  46.3   0.0  0.01   4.2  15.0   00:19     E
15  20.0  28.9   15:44   8.6   23:59  45.0   0.0  0.22   3.2  14.0   16:04    SW
16  16.7  31.0   14:53   3.4   08:10  48.3   0.0  0.00   4.6  16.0   15:12     W
17  21.8  36.8   15:20  12.0   03:59  43.2   0.0  0.00   7.6  26.0   12:15     W
18  28.8  43.8   14:12  13.7   00:00  36.2   0.0  0.00   5.4  21.0   13:59     W
19  28.5  45.7   13:37  11.9   07:29  36.5   0.0  0.00   3.4  21.0   19:29     W
20  31.7  47.6   15:35  15.5   08:17  33.3   0.0  0.00   3.9  17.0   13:47   WSW
21  37.3  50.2   14:15  24.2   06:48  27.7   0.0  0.00   4.7  22.0   12:34   WSW
22  43.1  59.5   14:13  28.3   23:55  21.9   0.0  0.00   5.5  21.0   04:31   WSW
23  33.2  51.5   15:01  21.4   08:28  31.8   0.0  0.00   1.4  10.0   12:44    SW
24  32.0  40.6   13:39  22.8   23:45  33.0   0.0  0.00   1.2   9.0   15:12   NNW
25  23.3  24.7   23:25  22.2   17:37  41.7   0.0  0.00   4.5  16.0   18:05    NW
26  28.1  36.6   15:46  19.3   23:36  36.9   0.0  0.00   7.3  22.0   04:52   WNW
27  29.2  44.9   13:57  16.8   05:23  35.8   0.0  0.14   2.7  17.0   17:56    SE
28  29.7  32.1   00:00  23.9   23:52  35.3   0.0  0.19   6.3  33.0   22:42    NW
29  22.8  24.5   19:25  21.0   03:54  42.2   0.0  0.23  24.4  49.0   16:24    NW
30  24.4  29.8   21:58  20.9   07:17  40.6   0.0  0.02  22.8  48.0   09:33   WNW
31  24.5  33.5   15:34  14.2   08:45  40.5   0.0  0.00   7.6  25.0   00:57     W
----------------------------------------------------------------------------------
    27.5  59.5    22     3.4    10  1161.9   0.0  0.87   6.5  49.0    29     WNW

Max >=  90.0:  0
Max <=  32.0:  8
Min <=  32.0: 31
Min <=   0.0:  0
Max Rain: 0.23 on day 29
Days of Rain: 8 (>= 0.01 in)  4 (>= 0.10 in)  0 (>= 1.00 in)
Heat Base: 65.0  Cool Base: 65.0  Method: Integration