NOAA style reports

NOAA-style Climate Reports


Report for 2019 Oct
                   Monthly Climatological Summary for Oct 2019

Name: departure period NCDC 1981-2010   City: Valentine   State: Nebraska
Elevation: 2574 ft  Lat: N 42 53' 00"   Lon: W 100 32' 28"

                  Temperature (F), Rain (in), Wind Speed (mph)

                                      Heat  Cool        Avg
    Mean                              Deg   Deg         Wind                 Dom
Day Temp  High   Time   Low    Time   Days  Days  Rain  Speed High   Time    Dir
----------------------------------------------------------------------------------
 1  42.9  47.0   00:00  41.2   09:48  22.1   0.0  0.23  12.0  31.0   01:58     N
 2  41.0  45.2   15:35  35.2   23:17  24.0   0.0  0.21   6.1  23.0   00:03   NNE
 3  45.2  60.9   17:08  33.7   04:15  19.8   0.0  0.00   4.2  16.0   14:02   SSE
 4  46.6  52.6   12:08  38.6   01:47  18.4   0.0  0.03  14.0  36.0   14:11    SE
 5  52.6  64.2   16:11  43.6   22:09  12.4   0.0  0.02  13.2  49.0   11:00   WNW
 6  50.8  64.0   16:14  34.2   23:40  14.2   0.0  0.00   7.8  33.0   12:05   WNW
 7  49.5  74.9   16:31  26.8   07:38  17.0   1.6  0.00   4.2  22.0   23:11    SW
 8  62.1  84.9   15:50  39.9   07:58   7.6   4.7  0.00  10.0  32.0   15:58   SSW
 9  45.0  58.3   00:08  36.1   23:57  20.0   0.0  0.02  10.1  31.0   21:33    NW
10  28.9  36.3   00:01  26.2   22:51  36.1   0.0  0.29  19.4  40.0   11:24    NW
11  26.8  33.0   15:38  20.8   22:17  38.2   0.0  0.02  15.1  40.0   11:38   WNW
12  35.3  48.5   16:07  20.9   01:13  29.7   0.0  0.00  12.8  44.0   11:07   WNW
13  38.1  55.9   16:45  25.0   07:48  26.9   0.0  0.00   7.4  23.0   12:33   WNW
14  46.3  78.4   15:34  24.5   06:17  20.7   2.0  0.00   5.5  29.0   16:03   WNW
15  41.7  50.0   13:36  28.4   23:58  23.3   0.0  0.00  14.1  47.0   10:36    NW
16  41.9  66.7   17:18  21.3   08:09  23.1   0.0  0.00   3.8  23.0   12:01     S
17  53.8  80.1   16:04  28.9   07:29  14.1   2.9  0.00   5.8  26.0   15:00   SSE
18  51.3  64.2   14:12  34.5   07:59  13.7   0.0  0.02   9.3  41.0   14:46    NW
19  44.7  63.2   16:29  28.7   08:07  20.3   0.0  0.01   3.2  17.0   15:11     W
20  47.5  57.8   13:47  36.3   01:25  17.5   0.0  0.01   7.7  35.0   23:23   SSW
21  37.1  46.0   17:42  32.7   02:06  27.8   0.0  0.54  20.4  52.0   14:25    NW
22  43.1  56.9   15:56  30.0   06:05  21.9   0.0  0.04   8.7  35.0   13:19   WNW
23  38.5  49.6   11:43  27.3   23:18  26.5   0.0  0.08  11.5  35.0   11:56    NW
24  33.7  49.4   15:02  20.4   03:11  31.3   0.0  0.00   4.5  21.0   12:46   WNW
25  43.0  65.3   16:47  23.3   04:28  22.0   0.0  0.00   4.4  18.0   14:07   WSW
26  45.4  61.8   12:10  34.1   07:37  19.5   0.0  0.00  12.3  45.0   15:24   NNW
27  27.3  34.8   00:00  20.6   23:20  37.7   0.0  0.00  14.0  34.0   01:07   NNW
28  24.5  35.6   15:17  17.6   08:07  40.5   0.0  0.00   4.3  17.0   15:30     W
29  19.3  25.1   03:24  12.6   22:24  45.7   0.0  0.00   7.9  26.0   09:16    NW
30  17.9  31.3   15:23   8.4   06:20  47.1   0.0  0.00   7.0  23.0   16:36   WNW
31  27.2  49.8   15:52   5.1   07:40  37.8   0.0  0.00   5.3  29.0   16:05   WNW
----------------------------------------------------------------------------------
    40.3  84.9     8     5.1    31   776.9  11.2  1.52   9.2  52.0    21     WNW

Max >=  90.0:  0
Max <=  32.0:  2
Min <=  32.0: 19
Min <=   0.0:  0
Max Rain: 0.54 on day 21
Days of Rain: 13 (>= 0.01 in)  4 (>= 0.10 in)  0 (>= 1.00 in)
Heat Base: 65.0  Cool Base: 65.0  Method: Integration