NOAA style reports

NOAA-style Climate Reports


Report for 2019 May
                   Monthly Climatological Summary for May 2019

Name: departure period NCDC 1981-2010   City: Valentine   State: Nebraska
Elevation: 2570 ft  Lat: N 42 53' 01"   Lon: W 100 31' 55"

                  Temperature (F), Rain (in), Wind Speed (mph)

                                      Heat  Cool        Avg
    Mean                              Deg   Deg         Wind                 Dom
Day Temp  High   Time   Low    Time   Days  Days  Rain  Speed High   Time    Dir
----------------------------------------------------------------------------------
 1  36.1  42.5   18:10  29.3   23:36  28.9   0.0  0.16   3.9  14.0   07:54   NNE
 2  45.1  66.4   16:18  23.8   05:50  19.9   0.0  0.00   6.4  32.0   17:06    SW
 3  52.7  65.5   15:46  39.7   23:52  12.3   0.0  0.00   6.9  30.0   03:44   WNW
 4  55.0  75.6   15:27  32.5   04:08  12.4   2.4  0.00   4.2  23.0   11:30    SW
 5  51.7  64.9   15:02  40.6   23:55  13.3   0.0  0.00   9.9  29.0   08:58    NE
 6  41.5  49.3   12:50  36.5   05:32  23.4   0.0  0.00   7.4  21.0   17:18   ENE
 7  40.9  44.9   14:40  38.3   04:46  24.1   0.0  0.29   6.9  19.0   12:35   ESE
 8  42.8  46.1   14:29  40.2   20:45  22.2   0.0  0.88  13.1  36.0   16:47   NNE
 9  43.6  53.5   16:34  32.0   23:59  21.4   0.0  0.01  11.5  28.0   10:47   NNE
10  45.4  63.9   17:00  24.7   06:48  19.6   0.0  0.00   5.6  31.0   13:24    SW
11  49.0  64.6   14:50  41.2   04:40  16.0   0.0  0.13  11.5  54.0   15:00    NW
12  51.9  66.4   16:28  39.5   05:34  13.1   0.0  0.00  11.0  29.0   10:52   NNW
13  62.1  85.6   16:53  39.4   06:39   8.5   5.5  0.00   5.7  33.0   21:01     W
14  64.6  81.4   14:14  42.1   05:40   6.1   5.8  0.00   4.9  26.0   23:45   NNE
15  70.4  88.3   17:11  53.5   05:45   2.8   8.2  0.09  10.2  35.0   13:35     S
16  65.6  78.3   16:06  50.9   06:39   3.2   3.8  0.00   7.5  25.0   10:31   ENE
17  52.3  57.5   19:25  47.3   05:52  12.7   0.0  0.42   9.8  34.0   23:01    NE
18  48.8  58.1   15:10  44.0   22:59  16.2   0.0  0.00  16.1  31.0   10:26    NW
19  42.0  47.4   14:14  38.4   07:07  23.0   0.0  0.03  14.8  30.0   09:26   NNW
20  40.0  41.6   23:12  38.2   06:12  25.0   0.0  0.94   6.6  20.0   15:11   ESE
21  42.9  45.6   14:46  40.1   22:05  21.6   0.0  2.45   8.9  26.0   19:17     E
22  43.8  51.7   14:28  36.8   07:49  21.1   0.0  0.37  10.3  26.0   14:53    NW
23  48.2  61.6   16:21  35.2   02:25  16.8   0.0  0.14   5.7  17.0   08:15     N
24  60.6  77.9   18:08  40.5   05:58   7.9   3.5  0.32  10.1  36.0   14:51   WSW
25  57.6  72.5   16:58  40.6   05:53   8.8   1.3  0.00   5.3  22.0   09:37   NNW
26  58.8  78.6   16:11  46.5   04:11   7.5   1.4  0.40   7.2  30.0   16:51    SE
27  57.0  64.5   12:17  54.5   23:25   8.0   0.0  0.22   7.6  23.0   12:27   NNE
28  52.0  54.8   15:01  48.8   22:24  13.0   0.0  0.97   9.1  29.0   18:32    NE
29  56.9  70.6   17:56  46.5   02:47   8.5   0.4  0.16   9.2  23.0   00:56   NNW
30  66.0  80.9   16:12  53.5   04:42   4.1   5.1  0.00   8.5  23.0   09:52    NW
31  66.0  85.1   17:01  46.5   06:10   5.0   6.0  0.00   5.7  27.0   19:29    SW
----------------------------------------------------------------------------------
    52.0  88.3    15    23.8     2   446.4  43.4  7.98   8.4  54.0    11       N

Max >=  90.0:  0
Max <=  32.0:  0
Min <=  32.0:  4
Min <=   0.0:  0
Max Rain: 2.45 on day 21
Days of Rain: 17 (>= 0.01 in)  14 (>= 0.10 in)  1 (>= 1.00 in)
Heat Base: 65.0  Cool Base: 65.0  Method: Integration