NOAA style reports

NOAA-style Climate Reports


Report for 2018 Dec
                   Monthly Climatological Summary for Dec 2018

Name: departure period NCDC 1981-2010   City: Valentine   State: Nebraska
Elevation: 2593 ft  Lat: N 42 52' 30"   Lon: W 100 33' 48"

                  Temperature (F), Rain (in), Wind Speed (mph)

                                      Heat  Cool        Avg
    Mean                              Deg   Deg         Wind                 Dom
Day Temp  High   Time   Low    Time   Days  Days  Rain  Speed High   Time    Dir
----------------------------------------------------------------------------------
 1  30.7  34.3   00:00  28.5   23:59  34.3   0.0  0.78  10.8  29.0   12:09   NNE
 2  23.3  28.6   00:00  20.9   17:05  41.7   0.0  0.00  11.0  35.0   01:12     N
 3  19.9  22.0   15:25  17.1   05:59  42.3   0.0  0.00   4.2  15.0   01:56     N
 4  23.3  32.8   14:11  14.1   22:46  41.7   0.0  0.00   3.7  23.0   12:46     W
 5  19.8  31.2   14:26   6.8   07:18  45.2   0.0  0.00   5.2  27.0   21:21   WNW
 6  16.0  20.8   00:00   8.2   19:29  49.0   0.0  0.00   4.0  27.0   05:29   WNW
 7  13.7  25.6   13:52   2.3   23:59  51.3   0.0  0.00   2.5  14.0   01:48     W
 8  18.4  36.3   14:50  -0.1   02:23  46.6   0.0  0.00   3.9  19.0   15:28   WSW
 9  16.8  28.8   14:54   6.9   06:46  48.2   0.0  0.00   4.2  20.0   11:35   WNW
10  20.4  37.6   14:05   7.3   03:02  44.6   0.0  0.00   4.0  16.0   13:14   WSW
11  23.8  37.4   14:54  11.1   05:34  41.2   0.0  0.00   5.2  31.0   15:42   WNW
12  26.8  40.8   13:45  11.7   08:08  38.2   0.0  0.03   4.5  35.0   19:25    NW
13  32.6  40.2   14:11  21.3   22:13  32.4   0.0  0.00   8.3  34.0   02:24    NW
14  28.6  44.0   14:50  18.9   08:16  36.4   0.0  0.00   3.0  12.0   14:12   WSW
15  33.3  49.1   14:34  23.7   00:00  31.7   0.0  0.00   4.2  27.0   10:23   WSW
16  32.4  49.7   14:45  21.6   08:04  32.6   0.0  0.00   1.9  10.0   16:07    SW
17  35.6  54.7   14:04  22.3   06:56  29.1   0.0  0.00   3.0  14.0   13:16    SW
18  34.4  53.4   15:14  26.0   06:29  27.2   0.0  0.00   2.3  12.0   12:46     W
19  39.3  49.9   14:04  25.7   03:19  25.7   0.0  0.00  10.1  43.0   15:36    NW
20  34.7  45.8   13:48  20.8   23:57  30.3   0.0  0.00   7.1  27.0   01:54    NW
21  33.2  51.4   14:45  19.4   04:19  31.8   0.0  0.00   5.0  36.0   16:53     W
22  30.9  42.6   14:04  21.3   23:54  34.1   0.0  0.00   5.9  26.0   12:46    NW
23  26.0  43.0   14:34  14.0   07:58  39.0   0.0  0.00   2.2  14.0   13:12     W
24  29.4  51.3   15:09  17.7   02:47  35.4   0.0  0.00   1.0   9.0   09:46   WSW
25  29.0  40.7   12:30  20.7   05:14  36.0   0.0  0.00   4.0  19.0   20:11   ENE
26  29.1  32.4   14:48  22.0   23:58  35.9   0.0  0.11   5.8  31.0   23:06   ENE
27  14.3  22.1   00:00   9.6   08:43  50.7   0.0  0.08  16.6  42.0   04:25   NNW
28   8.8  14.8   14:37  -7.8   23:56  56.2   0.0  0.01  10.1  40.0   02:42   NNW
29  13.9  33.5   15:21  -9.7   01:27  51.1   0.0  0.00   4.0  24.0   12:36   WSW
30  33.8  45.6   14:08  25.8   06:50  31.2   0.0  0.00   5.1  20.0   01:58     W
31  10.0  34.8   02:16  -3.7   23:15  54.8   0.0  0.08  14.0  46.0   07:26     N
----------------------------------------------------------------------------------
    25.2  54.7    17    -9.7    29  1225.9   0.0  1.09   5.7  46.0    31      NW

Max >=  90.0:  0
Max <=  32.0:  8
Min <=  32.0: 31
Min <=   0.0:  4
Max Rain: 0.78 on day 1
Days of Rain: 6 (>= 0.01 in)  2 (>= 0.10 in)  0 (>= 1.00 in)
Heat Base: 65.0  Cool Base: 65.0  Method: Integration