NOAA style reports

NOAA-style Climate Reports


Report for 2016 Jul
                   Monthly Climatological Summary for Jul 2016

Name: departure period NCDC 1981-2010   City: Valentine   State: Nebraska
Elevation: 2593 ft  Lat: N 42 52' 30"   Lon: W 100 33' 48"

                  Temperature (F), Rain (in), Wind Speed (mph)

                                      Heat  Cool        Avg
    Mean                              Deg   Deg         Wind                 Dom
Day Temp  High   Time   Low    Time   Days  Days  Rain  Speed High   Time    Dir
----------------------------------------------------------------------------------
 1  63.0  71.1   14:59  54.7   06:42   3.2   1.2  0.47   4.9  19.0   15:11    SE
 2  60.4  66.9   16:36  57.1   06:13   4.6   0.0  0.18   5.5  16.0   02:18    SE
 3  67.1  77.4   16:35  59.8   00:04   1.8   3.9  0.00   7.6  23.0   16:54     S
 4  77.1  91.4   15:13  63.6   06:39   0.1  12.2  0.10   5.2  22.0   03:08   WSW
 5  76.1  85.1   13:41  66.5   07:19   0.0  11.1  0.00   5.0  26.0   14:28     W
 6  72.3  86.5   15:36  61.8   18:49   0.1   7.4  0.24   6.0  36.0   18:45    SE
 7  66.9  78.9   18:03  57.9   06:17   1.5   3.4  0.00   4.6  25.0   12:16     N
 8  70.2  86.8   17:40  53.6   06:10   3.1   8.3  0.00   4.3  20.0   13:38    SE
 9  81.0  95.9   16:47  66.9   07:02   0.0  16.0  0.00  10.4  30.0   16:04     S
10  83.7  94.7   16:40  73.9   06:59   0.0  18.7  0.00  11.5  36.0   22:54     S
11  76.3  89.6   16:58  62.1   23:51   0.1  11.4  0.00   9.4  34.0   01:13   WNW
12  70.9  87.7   18:06  50.5   06:17   3.7   9.6  0.00   7.2  29.0   14:22   SSW
13  72.0  86.7   17:27  57.9   03:42   1.0   8.0  0.00   4.7  21.0   18:13     N
14  69.7  85.1   15:58  52.9   05:04   3.0   7.6  0.00   4.7  22.0   15:41     N
15  65.1  76.7   18:22  56.7   05:56   2.6   2.7  0.47   5.6  29.0   04:07     E
16  71.0  82.9   17:39  60.9   06:44   1.0   7.0  0.00  10.2  32.0   12:43     S
17  71.5  84.5   17:16  57.0   06:48   1.2   7.7  0.00   4.8  22.0   11:06    NE
18  77.0  89.5   15:29  62.4   06:14   0.1  12.2  0.00   6.7  25.0   15:38    SE
19  82.0  95.3   16:19  64.7   06:34   0.0  17.0  0.00   9.0  31.0   04:00     S
20  86.1 100.2   17:13  69.8   06:11   0.0  21.1  0.00   7.1  24.0   02:18   SSW
21  84.4  97.1   17:39  71.1   04:51   0.0  19.4  0.00   4.6  18.0   10:39   NNW
22  82.3  97.1   16:24  66.2   06:44   0.0  17.3  0.00   3.3  26.0   22:09   ESE
23  81.8  94.7   14:39  67.6   06:34   0.0  16.8  0.05   6.9  29.0   16:53    NW
24  74.3  87.1   17:42  60.9   05:24   0.4   9.7  0.00   3.9  21.0   07:29   ENE
25  75.7  90.5   15:56  57.1   05:06   1.0  11.7  0.00   8.5  29.0   11:32     S
26  77.9  93.3   17:24  57.3   21:13   0.3  13.2  1.72   9.9  66.0   20:59     S
27  68.3  84.0   13:33  58.7   04:52   1.6   4.9  0.18   4.8  38.0   15:34   ENE
28  64.7  78.1   17:39  54.8   06:20   3.6   3.2  0.09   2.2  27.0   20:36   ESE
29  68.0  79.9   16:15  58.2   01:47   2.0   4.9  0.01   3.0  15.0   12:41    SE
30  74.9  87.6   16:47  64.4   05:05   0.0   9.9  0.00   8.6  25.0   10:07   SSE
31  76.3  88.8   17:07  60.6   06:34   0.5  11.7  0.24   7.2  37.0   01:18   SSE
----------------------------------------------------------------------------------
    73.8 100.2    20    50.5    12    36.5 309.2  3.75   6.4  66.0    26     SSE

Max >=  90.0: 10
Max <=  32.0:  0
Min <=  32.0:  0
Min <=   0.0:  0
Max Rain: 1.72 on day 26
Days of Rain: 11 (>= 0.01 in)  8 (>= 0.10 in)  1 (>= 1.00 in)
Heat Base: 65.0  Cool Base: 65.0  Method: Integration