NOAA style reports

NOAA-style Climate Reports


Report for 2016 Jun
                   Monthly Climatological Summary for Jun 2016

Name: departure period NCDC 1981-2010   City: Valentine   State: Nebraska
Elevation: 2593 ft  Lat: N 42 52' 30"   Lon: W 100 33' 48"

                  Temperature (F), Rain (in), Wind Speed (mph)

                                      Heat  Cool        Avg
    Mean                              Deg   Deg         Wind                 Dom
Day Temp  High   Time   Low    Time   Days  Days  Rain  Speed High   Time    Dir
----------------------------------------------------------------------------------
 1  59.9  73.7   16:30  45.0   06:24   7.2   2.1  0.00   5.7  24.0   09:44    NW
 2  68.9  86.2   16:55  50.2   06:02   4.4   8.3  0.00   5.3  27.0   23:22   SSW
 3  69.4  80.2   15:58  55.1   23:58   1.1   5.5  0.02   9.7  34.0   04:14    NW
 4  64.4  77.3   16:48  50.9   02:54   4.8   4.2  0.00   9.7  37.0   12:40   NNW
 5  66.2  84.5   16:36  43.8   06:00   6.2   7.4  0.00   4.9  20.0   18:03   WNW
 6  63.8  76.9   15:59  49.2   05:11   5.3   4.1  0.00   6.1  23.0   16:44     N
 7  65.5  84.1   17:24  42.4   05:14   6.5   6.9  0.00   7.8  29.0   14:13     S
 8  77.1  94.3   16:38  58.9   06:55   0.7  12.8  0.00   4.6  19.0   16:31     S
 9  80.1  97.6   16:27  59.2   06:20   0.6  15.8  0.00   3.8  14.0   17:57     S
10  80.4  94.1   16:52  64.7   05:55   0.0  15.4  0.00   4.9  20.0   00:23    NE
11  82.8  99.7   15:50  62.0   06:37   0.2  18.0  0.00   7.9  27.0   17:33   SSE
12  77.0  86.5   11:52  67.9   23:59   0.0  12.0  0.01   6.9  25.0   02:28   SSW
13  72.6  84.0   16:25  61.2   22:51   0.1   7.7  1.74   5.8  28.0   22:41     E
14  69.5  82.9   15:01  58.7   06:31   1.3   5.9  2.15   4.3  31.0   01:24   WNW
15  72.1  88.1   16:29  56.7   05:55   1.7   8.8  0.00   4.7  22.0   16:48     E
16  79.2  92.3   18:14  66.1   06:12   0.0  14.2  0.00   7.7  24.0   14:47   SSE
17  76.2  86.7   16:59  65.1   06:25   0.0  11.2  0.00   5.5  26.0   08:46   NNE
18  75.5  85.8   17:43  62.4   06:21   0.2  10.7  0.00   8.7  26.0   18:14     S
19  82.1  97.4   15:11  71.3   06:27   0.0  17.2  0.00  10.1  28.0   09:54    SW
20  72.0  81.1   17:25  64.1   06:57   0.0   7.0  0.00   5.3  19.0   13:46   ENE
21  76.0  91.5   18:11  58.5   06:41   0.8  11.9  0.00   7.8  24.0   14:04   SSE
22  74.1  83.8   17:25  63.1   22:55   0.0   9.2  0.00  11.0  41.0   07:11     N
23  70.2  85.9   18:21  53.5   07:08   2.5   7.7  0.00   7.0  21.0   20:04   ESE
24  81.7  98.1   16:15  64.8   06:13   0.0  16.7  0.00  10.3  30.0   18:15     S
25  74.2  88.3   01:45  60.0   23:59   0.2   9.4  0.00   8.0  34.0   01:22    NW
26  72.0  90.7   16:49  50.3   06:30   3.8  10.9  0.00   4.5  19.0   14:36    SE
27  71.6  82.3   15:21  59.1   05:56   0.7   7.3  0.02   5.1  19.0   17:29   ENE
28  71.0  86.8   16:05  56.2   06:31   1.4   7.4  0.74   5.6  34.0   20:36     S
29  70.8  86.8   16:39  56.3   06:15   2.2   8.0  0.20   5.2  50.0   20:49   NNE
30  68.5  79.0   16:14  57.7   06:15   1.5   5.0  0.00   5.6  19.0   11:40    NE
----------------------------------------------------------------------------------
    72.8  99.7    11    42.4     7    53.4 288.7  4.88   6.6  50.0    29     SSE

Max >=  90.0:  9
Max <=  32.0:  0
Min <=  32.0:  0
Min <=   0.0:  0
Max Rain: 2.15 on day 14
Days of Rain: 7 (>= 0.01 in)  4 (>= 0.10 in)  2 (>= 1.00 in)
Heat Base: 65.0  Cool Base: 65.0  Method: Integration