NOAA style reports

NOAA-style Climate Reports

Select a Year or Month report

Report for 2015 Sep
                   Monthly Climatological Summary for Sep 2015

Name: departure period NCDC 1981-2010   City: Valentine   State: Nebraska
Elevation: 2588 ft  Lat: N 42 52' 30"   Lon: W 100 33' 48"

                  Temperature (F), Rain (in), Wind Speed (mph)

                                      Heat  Cool        Avg
    Mean                              Deg   Deg         Wind                 Dom
Day Temp  High   Time   Low    Time   Days  Days  Rain  Speed High   Time    Dir
----------------------------------------------------------------------------------
 1  74.4  92.4   16:58  59.6   03:49   1.4  10.8  0.00   4.2  22.0   14:08   SSE
 2  79.0 100.8   15:46  56.8   07:31   1.1  15.2  0.00   3.5  17.0   17:30     S
 3  80.8  98.4   14:15  61.7   07:09   0.2  16.0  0.00   3.9  21.0   14:02   SSE
 4  78.8  94.6   16:54  63.5   07:46   0.0  13.8  0.20   3.0  19.0   02:14     S
 5  76.5  92.4   16:39  68.2   07:37   0.0  11.6  0.01   2.0  14.0   15:02     S
 6  69.5  81.4   17:07  60.6   23:53   0.5   4.9  0.00   5.7  34.0   09:39   NNW
 7  69.0  80.7   18:06  56.8   01:31   1.9   5.9  0.04   5.6  24.0   14:34   SSE
 8  65.6  77.1   16:30  55.9   04:37   2.9   3.4  0.00   3.9  19.0   11:10    NE
 9  68.4  85.6   15:24  54.2   23:50   2.6   6.1  0.00   4.5  20.0   17:01   WSW
10  60.1  72.9   12:07  47.4   07:25   6.5   1.7  0.01   3.1  11.0   12:13   NNE
11  57.8  74.8   16:21  41.9   07:26   8.9   1.6  0.00   1.9  20.0   16:22   ENE
12  63.3  79.3   16:36  48.1   07:36   5.7   3.9  0.00   3.0  14.0   13:25    SE
13  71.9  94.0   16:29  49.3   07:29   3.8  10.6  0.00   7.2  27.0   15:59     S
14  77.4  99.6   16:50  53.0   07:18   1.7  14.2  0.00   5.5  24.0   20:46   SSW
15  77.0  95.9   17:03  59.9   07:43   0.6  12.6  0.00   4.6  26.0   16:37    SW
16  72.4  88.3   17:22  54.3   07:27   1.5   8.9  0.00   3.7  15.0   02:37   SSE
17  65.1  77.5   00:49  55.5   21:45   2.4   2.5  0.00   7.6  28.0   10:31   NNW
18  54.1  67.1   14:44  41.3   23:56  10.9   0.0  0.87   5.6  38.0   17:28   WNW
19  55.0  74.1   16:02  37.1   06:11  11.9   1.9  0.00   5.8  23.0   16:13     S
20  64.3  83.5   17:00  43.5   07:17   5.9   5.2  0.00   3.6  35.0   00:52   SSW
21  69.4  91.2   16:38  47.7   06:54   4.6   9.0  0.00   3.5  19.0   14:10   WSW
22  60.2  64.1   01:58  53.6   06:44   4.8   0.0  0.01   5.7  23.0   08:18    NE
23  61.9  64.9   01:23  60.5   14:59   3.1   0.0  3.95   7.3  33.0   18:14   ENE
24  63.1  68.2   15:45  60.2   06:52   2.2   0.3  0.01   7.3  21.0   10:58     N
25  62.8  68.4   15:39  56.6   23:44   2.7   0.6  0.00   3.8  15.0   12:39   ENE
26  66.3  77.6   16:03  56.6   07:49   2.3   3.7  0.00   9.4  33.0   16:50     S
27  69.4  83.1   14:10  59.4   23:52   1.3   5.7  0.00   6.6  26.0   08:44    SW
28  61.3  70.0   14:20  54.4   21:04   4.1   0.4  0.28   5.8  21.0   04:15    NE
29  58.8  66.3   16:59  54.0   06:02   6.2   0.0  0.00   4.1  16.0   17:47    SE
30  60.8  67.2   16:24  53.9   23:59   4.4   0.2  0.00   9.4  26.0   11:12     S
----------------------------------------------------------------------------------
    67.1 100.8     2    37.1    19   106.1 170.7  5.38   5.0  38.0    18     SSE

Max >=  90.0:  9
Max <=  32.0:  0
Min <=  32.0:  0
Min <=   0.0:  0
Max Rain: 3.95 on day 23
Days of Rain: 9 (>= 0.01 in)  4 (>= 0.10 in)  1 (>= 1.00 in)
Heat Base: 65.0  Cool Base: 65.0  Method: Integration