NOAA style reports

NOAA-style Climate Reports


Report for 2021 Jul
                   Monthly Climatological Summary for Jul 2021

Name: departure period NCDC 1981-2010   City: Valentine   State: Nebraska
Elevation: 2574 ft  Lat: N 42 53' 00"   Lon: W 100 32' 29"

                  Temperature (F), Rain (in), Wind Speed (mph)

                                      Heat  Cool        Avg
    Mean                              Deg   Deg         Wind                 Dom
Day Temp  High   Time   Low    Time   Days  Days  Rain  Speed High   Time    Dir
----------------------------------------------------------------------------------
 1  74.1  86.3   16:25  57.4   05:57   1.0  10.1  0.00   4.9  21.0   12:29    SE
 2  74.6  86.2   16:07  59.9   04:36   0.4  10.0  0.00   7.2  28.0   17:17   SSE
 3  79.0  93.3   17:39  64.4   06:12   0.0  14.0  0.00   9.3  30.0   14:38     S
 4  82.2  98.1   16:17  66.2   06:49   0.0  17.2  0.00   4.4  17.0   03:18    SW
 5  80.6  97.3   15:23  67.6   06:29   0.0  15.6  0.00   6.5  36.0   17:20    SE
 6  70.7  78.6   16:19  65.2   23:34   0.0   5.7  0.11   5.7  21.0   14:41   NNE
 7  71.5  84.4   17:04  63.4   06:15   0.3   6.8  0.00   6.7  28.0   17:37   ESE
 8  78.0  97.2   17:56  64.3   06:13   0.0  13.1  0.17   7.2  28.0   09:59    SE
 9  73.9  87.5   17:08  65.5   05:37   0.0   8.9  0.00   5.9  39.0   01:32    NE
10  70.7  80.6   15:52  61.1   23:59   0.2   5.8  0.08   9.2  30.0   14:36   NNW
11  69.2  83.2   17:42  52.2   06:32   3.1   7.2  0.00   3.7  20.0   16:31   ESE
12  76.2  94.6   17:27  55.8   05:55   1.4  12.6  0.00   5.2  22.0   11:41   SSW
13  73.2  84.9   15:59  62.0   03:56   0.2   8.3  0.04   5.9  36.0   07:25     E
14  68.4  77.8   17:41  60.9   05:42   0.8   4.2  1.10   6.0  33.0   03:31    NE
15  69.7  82.4   15:08  54.8   06:28   2.3   7.0  0.00   4.6  18.0   18:44   ESE
16  75.3  87.2   17:50  63.5   22:57   0.1  10.4  0.34   8.6  46.0   22:33   SSE
17  74.5  86.6   16:31  60.3   06:19   0.5  10.0  0.18   5.1  26.0   01:30    SE
18  78.2  88.4   16:43  68.6   05:32   0.0  13.2  0.00   6.1  23.0   14:32    SE
19  77.1  88.6   16:29  66.5   06:10   0.0  12.1  0.00   6.6  21.0   19:16    SE
20  75.0  87.5   16:47  62.1   04:12   0.2  10.2  0.00   6.8  24.0   16:36   SSE
21  78.4  92.3   17:14  65.3   06:49   0.0  13.4  0.00  11.0  32.0   10:45     S
22  83.0  97.5   16:40  69.0   06:07   0.0  18.0  0.00   8.3  26.0   17:45     S
23  79.3  94.1   14:17  68.3   07:09   0.0  14.3  1.25   3.7  25.0   00:18   SSW
24  79.2  92.6   16:01  66.9   03:15   0.0  14.2  0.00   3.5  17.0   12:51   ENE
25  80.0  93.3   16:20  64.9   06:35   0.0  15.0  0.00   6.7  29.0   19:48     S
26  80.2  94.5   17:35  65.2   06:03   0.0  15.2  0.00   6.9  25.0   15:57     S
27  84.5  99.7   16:10  68.9   06:27   0.0  19.5  0.00   5.3  23.0   13:25   SSW
28  88.3 103.9   17:33  74.6   06:09   0.0  23.3  0.00   5.5  39.0   16:41   SSW
29  76.8  86.7   16:12  67.8   07:17   0.0  11.8  0.00   7.7  23.0   04:09   ENE
30  70.3  82.8   16:29  64.5   07:55   0.0   5.3  0.00   6.7  23.0   09:55     E
31  73.7  87.9   17:01  60.7   06:39   0.4   9.1  0.00   4.6  18.0   17:14   NNE
----------------------------------------------------------------------------------
    76.3 103.9    28    52.2    11    10.9 361.5  3.27   6.3  46.0    16      SE

Max >=  90.0: 13
Max <=  32.0:  0
Min <=  32.0:  0
Min <=   0.0:  0
Max Rain: 1.25 on day 23
Days of Rain: 8 (>= 0.01 in)  6 (>= 0.10 in)  2 (>= 1.00 in)
Heat Base: 65.0  Cool Base: 65.0  Method: Integration