NOAA style reports

NOAA-style Climate Reports


Report for 2021 May
                   Monthly Climatological Summary for May 2021

Name: departure period NCDC 1981-2010   City: Valentine   State: Nebraska
Elevation: 2574 ft  Lat: N 42 53' 00"   Lon: W 100 32' 29"

                  Temperature (F), Rain (in), Wind Speed (mph)

                                      Heat  Cool        Avg
    Mean                              Deg   Deg         Wind                 Dom
Day Temp  High   Time   Low    Time   Days  Days  Rain  Speed High   Time    Dir
----------------------------------------------------------------------------------
 1  71.6  87.9   14:12  47.9   07:06   2.9   9.5  0.00   5.5  19.0   09:21   NNE
 2  61.4  73.5   00:12  49.9   23:58   4.6   0.9  0.05   6.9  35.0   01:01   NNW
 3  48.2  59.6   15:23  34.6   23:59  16.8   0.0  0.00  10.5  42.0   15:53   NNW
 4  48.1  65.4   16:57  25.7   06:55  16.9   0.0  0.00   3.6  21.0   23:46   SSE
 5  52.7  65.2   13:56  39.6   23:19  12.3   0.0  0.16  10.5  37.0   16:01    NW
 6  50.5  67.8   16:40  29.4   06:27  14.8   0.3  0.00   5.3  26.0   15:38   WNW
 7  52.1  67.7   16:45  32.8   06:40  13.2   0.3  0.00  10.0  31.0   16:04   ESE
 8  46.0  51.9   02:14  39.9   23:55  19.0   0.0  0.14   9.6  32.0   03:16     E
 9  42.7  54.5   17:14  35.8   23:58  22.3   0.0  0.05   3.7  14.0   03:37   ENE
10  47.1  57.9   13:44  35.8   00:00  17.9   0.0  0.00   3.4  17.0   14:02   ENE
11  46.3  61.6   16:08  26.8   06:36  18.7   0.0  0.00   3.3  19.0   10:30   ESE
12  51.8  66.2   17:07  31.1   06:37  13.2   0.0  0.00   5.4  26.0   15:33     S
13  55.1  73.0   15:21  42.2   06:42  10.8   0.8  0.03   5.1  28.0   19:16   SSW
14  59.3  74.3   16:49  41.6   06:39   7.8   2.1  0.00   3.5  15.0   18:15   WSW
15  59.1  78.6   15:17  39.1   06:11   8.7   2.8  0.12   3.4  23.0   19:31   SSW
16  58.2  66.4   16:56  54.1   07:02   6.8   0.0  1.81   6.4  19.0   19:35     E
17  58.4  65.2   13:20  54.3   00:44   6.6   0.0  0.09   6.7  22.0   14:39   ESE
18  62.6  72.7   15:57  55.0   05:06   3.6   1.2  0.07   6.3  22.0   18:23   SSE
19  68.3  80.2   15:19  57.1   06:45   2.1   5.3  0.00   6.8  23.0   18:43     S
20  68.4  79.5   16:18  56.8   05:46   2.0   5.3  0.00  10.2  36.0   13:23   SSE
21  69.2  81.6   17:51  61.5   08:32   0.6   4.9  0.06  10.3  33.0   22:42   SSE
22  55.4  70.6   00:00  48.2   12:14  10.5   0.9  0.23   7.1  32.0   00:26    NW
23  65.1  81.6   17:23  51.0   00:06   5.5   5.6  0.32   9.5  46.0   20:59   SSE
24  64.7  79.7   17:07  48.7   07:36   5.4   5.2  0.00   5.3  19.0   14:01    SW
25  66.9  79.7   17:31  54.3   07:00   2.5   4.5  0.00   7.8  23.0   05:55   WNW
26  58.5  71.9   15:50  44.2   06:30   7.6   1.1  0.72   8.7  30.0   15:54     E
27  47.5  51.5   17:08  42.1   23:46  17.5   0.0  0.02   9.1  33.0   00:15   NNW
28  50.1  63.1   17:17  39.2   06:51  14.9   0.0  0.01   6.3  21.0   14:04   ESE
29  52.8  58.7   13:23  47.0   04:25  12.2   0.0  0.00   6.6  24.0   04:16   SSE
30  60.3  73.5   16:43  45.5   06:45   6.8   2.0  0.00   2.8  18.0   12:53    NE
31  62.8  77.5   15:59  44.1   06:19   6.2   4.0  0.00   2.5  23.0   12:57     S
----------------------------------------------------------------------------------
    56.8  87.9     1    25.7     4   310.7  56.7  3.88   6.5  46.0    23      SE

Max >=  90.0:  0
Max <=  32.0:  0
Min <=  32.0:  4
Min <=   0.0:  0
Max Rain: 1.81 on day 16
Days of Rain: 15 (>= 0.01 in)  7 (>= 0.10 in)  1 (>= 1.00 in)
Heat Base: 65.0  Cool Base: 65.0  Method: Integration