NOAA style reports

NOAA-style Climate Reports


Report for 2021 Apr
                   Monthly Climatological Summary for Apr 2021

Name: departure period NCDC 1981-2010   City: Valentine   State: Nebraska
Elevation: 2574 ft  Lat: N 42 53' 00"   Lon: W 100 32' 29"

                  Temperature (F), Rain (in), Wind Speed (mph)

                                      Heat  Cool        Avg
    Mean                              Deg   Deg         Wind                 Dom
Day Temp  High   Time   Low    Time   Days  Days  Rain  Speed High   Time    Dir
----------------------------------------------------------------------------------
 1  47.0  69.0   17:56  22.9   01:03  18.4   0.5  0.00   9.4  30.0   12:07   SSW
 2  58.9  80.1   15:40  34.1   06:29  10.5   4.3  0.00   8.5  27.0   16:27     W
 3  56.8  82.4   17:37  29.3   07:14  13.0   4.8  0.00   6.8  29.0   14:05     S
 4  60.1  85.7   16:16  33.2   07:28  11.1   6.2  0.00   5.9  33.0   13:39   SSE
 5  61.4  86.0   13:42  35.7   07:07   9.5   5.8  0.00   7.2  31.0   12:07    NW
 6  42.1  55.8   00:01  33.6   22:59  22.9   0.0  0.88  10.9  33.0   23:59   NNE
 7  37.8  45.7   18:50  33.0   03:07  27.2   0.0  0.55  14.4  38.0   13:02    NW
 8  47.3  65.0   17:29  31.7   07:29  17.7   0.0  0.00  10.7  29.0   17:15    NW
 9  40.2  44.8   03:17  32.0   01:25  24.8   0.0  0.07  16.8  41.0   12:15    NW
10  44.6  64.8   17:41  24.2   07:16  20.4   0.0  0.00   4.8  19.0   14:34     W
11  41.6  56.0   15:35  29.1   06:10  23.4   0.0  0.00  16.6  52.0   08:33    NW
12  38.1  47.7   15:45  28.4   06:37  26.9   0.0  0.00  20.2  53.0   09:39    NW
13  36.2  46.8   16:01  26.8   23:57  28.8   0.0  0.00  17.1  39.0   13:50    NW
14  32.3  43.3   15:47  21.0   06:57  32.7   0.0  0.00   7.7  23.0   09:22    NW
15  35.6  44.7   16:33  27.5   06:46  29.4   0.0  0.00   3.5  15.0   16:44    NE
16  37.4  41.8   14:43  34.4   02:44  27.6   0.0  0.13   7.5  23.0   14:18   NNW
17  40.0  51.0   15:07  28.9   23:58  25.0   0.0  0.04   6.1  23.0   16:07   NNW
18  45.3  67.4   16:02  25.7   02:23  19.8   0.1  0.00   8.1  35.0   16:41    NW
19  28.1  33.7   16:43  22.8   23:58  36.9   0.0  0.52   7.5  25.0   00:24   NNW
20  27.5  37.7   16:38  15.7   06:49  37.5   0.0  0.08  10.0  35.0   13:04   WNW
21  32.3  45.8   17:09  16.0   06:52  32.7   0.0  0.00   6.2  25.0   10:51   WNW
22  38.1  52.6   18:30  23.4   05:47  26.8   0.0  0.12   5.9  31.0   11:00   SSE
23  37.3  46.5   15:07  25.9   05:52  27.7   0.0  0.00   6.5  27.0   09:12   NNW
24  40.2  54.1   17:02  30.6   03:34  24.8   0.0  0.00   5.3  24.0   23:14   ESE
25  57.8  78.9   17:33  37.4   05:57  10.3   3.1  0.00   8.0  27.0   15:03   SSE
26  56.9  70.6   15:53  44.7   08:27   8.9   0.9  0.00   4.3  18.0   08:19    NE
27  50.2  61.8   15:59  44.4   07:54  14.8   0.0  0.00   7.8  28.0   14:09     N
28  53.9  67.2   16:07  42.3   23:44  11.2   0.0  0.00   4.2  16.0   11:20     N
29  58.1  75.0   17:27  41.3   00:27   9.0   2.1  0.00   7.8  25.0   10:45    NW
30  66.4  86.0   15:42  47.4   06:39   5.5   6.9  0.00   3.7  21.0   15:28    SW
----------------------------------------------------------------------------------
    45.0  86.0     5    15.7    20   635.2  34.7  2.39   8.6  53.0    12      NW

Max >=  90.0:  0
Max <=  32.0:  0
Min <=  32.0: 18
Min <=   0.0:  0
Max Rain: 0.88 on day 6
Days of Rain: 8 (>= 0.01 in)  5 (>= 0.10 in)  0 (>= 1.00 in)
Heat Base: 65.0  Cool Base: 65.0  Method: Integration