NOAA style reports

NOAA-style Climate Reports

Select a Year or Month report

Report for 2021 Mar
                   Monthly Climatological Summary for Mar 2021

Name: departure period NCDC 1981-2010   City: Valentine   State: Nebraska
Elevation: 2574 ft  Lat: N 42 53' 00"   Lon: W 100 32' 29"

                  Temperature (F), Rain (in), Wind Speed (mph)

                                      Heat  Cool        Avg
    Mean                              Deg   Deg         Wind                 Dom
Day Temp  High   Time   Low    Time   Days  Days  Rain  Speed High   Time    Dir
----------------------------------------------------------------------------------
 1  35.5  52.3   16:32  21.6   06:31  29.5   0.0  0.00   6.6  22.0   03:30     W
 2  43.7  59.5   14:01  27.0   23:50  21.3   0.0  0.00   8.4  31.0   12:52   WNW
 3  42.0  65.6   15:19  22.6   06:54  23.0   0.0  0.00   2.0  14.0   11:28   WNW
 4  44.4  69.2   14:56  23.0   07:28  21.1   0.5  0.00   2.6  17.0   13:19     E
 5  45.2  68.5   15:21  24.3   06:09  20.0   0.3  0.00   2.6  15.0   21:42   ESE
 6  50.8  72.4   15:05  26.5   06:37  15.6   1.4  0.00   6.2  31.0   16:12     S
 7  51.6  66.4   15:15  33.7   23:59  13.4   0.1  0.00   5.8  25.0   02:19   WNW
 8  48.7  69.0   16:43  28.5   04:23  16.8   0.5  0.00   5.1  27.0   17:57    SE
 9  50.9  74.9   11:36  33.4   06:17  15.2   1.1  0.00   7.0  31.0   23:53    NW
10  32.6  41.8   00:00  28.7   23:56  32.4   0.0  0.35  11.9  33.0   14:00   NNW
11  30.9  44.3   16:39  18.4   07:17  34.1   0.0  0.00   5.6  22.0   02:51   WNW
12  39.7  57.3   15:12  23.5   02:59  25.3   0.0  0.00   4.1  22.0   15:45   SSE
13  41.0  50.7   15:02  29.2   02:19  24.0   0.0  0.23   5.9  22.0   15:32     E
14  35.0  39.2   00:00  30.6   23:49  28.8   0.0  1.29  13.6  43.0   11:02     E
15  31.8  36.8   14:59  29.0   08:02  33.2   0.0  0.45   2.3  13.0   11:19   ENE
16  31.8  35.7   16:22  29.7   07:41  33.2   0.0  0.12   5.3  17.0   16:36    NW
17  32.9  37.0   13:59  29.0   00:52  32.1   0.0  0.00   8.4  26.0   13:27   NNW
18  33.0  37.5   15:16  29.5   22:10  32.0   0.0  0.00   3.9  13.0   00:42   ESE
19  42.0  58.3   17:18  29.3   04:23  23.0   0.0  0.00  10.4  32.0   17:20     S
20  52.3  67.6   16:57  39.6   07:50  12.8   0.1  0.00  13.4  39.0   17:12     S
21  45.8  54.0   14:35  35.1   23:55  19.2   0.0  0.00  12.8  41.0   10:42    NW
22  40.7  56.1   14:39  25.7   08:08  24.3   0.0  0.00   3.9  18.0   17:26    SE
23  38.1  40.7   18:42  34.2   03:56  26.9   0.0  0.10   5.8  31.0   14:07   NNE
24  38.5  49.6   16:22  32.4   10:08  26.5   0.0  0.00  10.1  30.0   09:04    NW
25  43.7  58.6   15:29  30.2   07:39  21.2   0.0  0.00  10.5  33.0   15:00     S
26  45.5  56.4   14:53  38.5   00:02  19.5   0.0  0.18   5.3  19.0   14:05    SW
27  41.1  50.8   15:10  28.3   23:58  23.9   0.0  0.14  11.2  40.0   13:58    NW
28  47.1  70.8   16:54  22.3   07:33  18.7   0.9  0.00   6.0  28.0   15:12   WSW
29  55.9  78.7   13:54  36.9   23:58  11.5   2.4  0.00  16.3  49.0   15:35   WNW
30  35.0  44.7   16:34  26.4   23:58  30.0   0.0  0.00  18.0  49.0   14:13    NW
31  31.5  47.8   16:21  15.1   07:09  33.5   0.0  0.00   9.2  40.0   15:34    NW
----------------------------------------------------------------------------------
    41.2  78.7    29    15.1    31   742.0   7.3  2.86   7.7  49.0    29     WNW

Max >=  90.0:  0
Max <=  32.0:  0
Min <=  32.0: 23
Min <=   0.0:  0
Max Rain: 1.29 on day 14
Days of Rain: 8 (>= 0.01 in)  8 (>= 0.10 in)  1 (>= 1.00 in)
Heat Base: 65.0  Cool Base: 65.0  Method: Integration