NOAA style reports

NOAA-style Climate Reports

Select a Year or Month report

Report for 2021 Jan
                   Monthly Climatological Summary for Jan 2021

Name: departure period NCDC 1981-2010   City: Valentine   State: Nebraska
Elevation: 2574 ft  Lat: N 42 53' 00"   Lon: W 100 32' 29"

                  Temperature (F), Rain (in), Wind Speed (mph)

                                      Heat  Cool        Avg
    Mean                              Deg   Deg         Wind                 Dom
Day Temp  High   Time   Low    Time   Days  Days  Rain  Speed High   Time    Dir
----------------------------------------------------------------------------------
 1  25.7  40.4   15:16  14.2   03:46  39.3   0.0  0.00   4.1  21.0   12:28   WNW
 2  29.0  48.2   14:11  12.1   03:30  36.0   0.0  0.00   3.1  24.0   14:19    SW
 3  35.2  48.6   15:36  19.7   08:19  29.8   0.0  0.00   7.1  29.0   23:40   WNW
 4  36.3  46.9   15:07  23.3   23:57  28.7   0.0  0.00   9.8  33.0   02:34   WNW
 5  34.7  46.1   15:23  21.9   00:42  30.3   0.0  0.00   6.0  31.0   20:20   WNW
 6  33.3  38.5   01:21  30.6   22:49  31.7   0.0  0.00  12.6  32.0   05:04    NW
 7  32.4  34.6   15:46  30.4   05:03  32.6   0.0  0.00   2.9  14.0   17:27     S
 8  31.2  34.1   10:30  29.2   12:07  33.8   0.0  0.00   4.1  13.0   00:31     W
 9  30.2  33.0   12:47  28.8   01:30  34.8   0.0  0.00   2.6  12.0   15:25   NNW
10  31.9  40.5   15:10  28.2   08:53  33.1   0.0  0.00   4.3  21.0   15:17   WSW
11  33.4  49.9   13:27  21.1   08:26  31.6   0.0  0.00   7.3  26.0   14:01     W
12  37.0  56.2   15:41  21.4   02:30  28.0   0.0  0.00   4.9  20.0   15:00     W
13  43.8  58.9   14:07  32.7   04:07  21.2   0.0  0.12   8.8  59.0   21:08   WNW
14  36.5  40.3   01:58  31.1   23:43  28.5   0.0  0.00  33.7  71.0   16:01    NW
15  26.6  32.3   14:33  17.8   22:30  38.4   0.0  0.01  21.5  56.0   04:53    NW
16  30.5  41.6   16:18  16.9   06:50  34.5   0.0  0.00  11.5  42.0   11:28    NW
17  33.2  42.3   16:19  24.3   08:10  31.8   0.0  0.00  11.3  29.0   05:59    NW
18  31.9  40.7   14:42  22.4   23:54  33.1   0.0  0.04  12.2  38.0   14:24    NW
19  29.3  34.8   14:56  19.8   02:04  35.7   0.0  0.00  12.9  44.0   06:12   WNW
20  35.1  52.9   12:44  23.9   01:08  29.9   0.0  0.00  10.4  37.0   12:52   WNW
21  29.8  40.1   14:14  17.0   23:59  35.2   0.0  0.00   9.3  31.0   10:51    NW
22  24.2  31.0   15:37  15.1   00:50  40.7   0.0  0.07   2.4  14.0   21:37     S
----------------------------------------------------------------------------------
    32.3  58.9    13    12.1     2   718.7   0.0  0.24   9.2  71.0    14     WNW

Max >=  90.0:  0
Max <=  32.0:  1
Min <=  32.0: 21
Min <=   0.0:  0
Max Rain: 0.12 on day 13
Days of Rain: 4 (>= 0.01 in)  1 (>= 0.10 in)  0 (>= 1.00 in)
Heat Base: 65.0  Cool Base: 65.0  Method: Integration