NOAA style reports

NOAA-style Climate Reports


Report for 2020 Nov
                   Monthly Climatological Summary for Nov 2020

Name: departure period NCDC 1981-2010   City: Valentine   State: Nebraska
Elevation: 2574 ft  Lat: N 42 53' 00"   Lon: W 100 32' 29"

                  Temperature (F), Rain (in), Wind Speed (mph)

                                      Heat  Cool        Avg
    Mean                              Deg   Deg         Wind                 Dom
Day Temp  High   Time   Low    Time   Days  Days  Rain  Speed High   Time    Dir
----------------------------------------------------------------------------------
 1  37.5  56.5   15:09  18.8   06:19  28.6   0.0  0.00   3.7  20.0   15:50    SW
 2  47.5  75.5   15:20  26.8   06:26  19.2   1.8  0.00   2.7  17.0   14:02     W
 3  51.2  80.5   14:52  31.6   04:27  16.9   3.1  0.00   2.5  15.0   10:09   WNW
 4  48.7  78.9   14:30  28.1   07:42  18.6   2.3  0.00   2.1  17.0   14:59   NNW
 5  54.6  77.3   14:36  30.6   07:18  12.8   2.5  0.00   4.8  24.0   13:32    SW
 6  62.5  81.6   14:56  49.2   04:53   6.1   3.6  0.00   6.0  34.0   12:47    SW
 7  62.2  75.1   14:24  48.5   06:36   4.8   2.0  0.00   8.6  37.0   21:56     S
 8  54.0  64.8   00:14  34.5   23:59  10.8   0.0  0.00  13.6  46.0   11:37   SSW
 9  26.4  34.6   00:00  22.0   21:49  38.6   0.0  0.67   9.2  35.0   02:47   NNW
10  27.6  38.0   14:57  20.4   21:40  37.4   0.0  0.16   3.1  13.0   10:24     W
11  33.7  47.2   14:11  20.6   01:07  31.3   0.0  0.04   5.2  23.0   11:35     W
12  25.0  34.3   15:34  15.2   23:34  40.0   0.0  0.01   6.6  22.0   03:51    NW
13  37.2  54.4   15:02  15.1   00:30  27.8   0.0  0.00   6.4  24.0   22:44    SW
14  40.3  53.4   13:27  33.9   16:42  24.7   0.0  0.02  13.0  56.0   16:00   WNW
15  33.6  47.2   14:31  23.1   22:26  31.4   0.0  0.00  10.5  32.0   00:35   WNW
16  38.6  54.1   14:38  26.0   00:48  26.4   0.0  0.00   8.4  37.0   13:21   WNW
17  44.1  65.1   15:35  25.5   04:28  20.9   0.0  0.00   3.6  15.0   14:15   SSW
18  56.4  79.0   13:05  40.6   07:53  10.9   2.3  0.00   5.4  26.0   11:50   WSW
19  53.2  67.6   14:02  32.9   23:51  11.8   0.0  0.00  11.4  32.0   17:07   WNW
20  34.5  50.0   13:53  20.5   23:43  30.5   0.0  0.00   2.4  14.0   03:07    NW
21  30.8  48.4   15:28  15.3   06:51  34.1   0.0  0.00   3.8  24.0   15:46   SSW
22  32.6  47.3   13:44  20.4   22:32  32.4   0.0  0.00   9.4  30.0   10:11   WNW
23  38.6  50.3   13:46  23.5   01:06  26.4   0.0  0.00   8.8  33.0   10:43   SSE
24  34.4  42.5   16:04  22.0   23:59  30.6   0.0  0.00   8.8  26.0   10:53    NW
25  33.9  57.0   15:34  13.0   06:26  31.1   0.0  0.00   3.4  21.0   21:49    SW
26  36.1  45.5   15:04  24.7   08:33  28.9   0.0  0.00   7.6  29.0   01:46    NW
27  34.3  51.0   13:58  22.1   06:54  30.7   0.0  0.00   7.1  30.0   12:20     W
28  40.2  62.8   14:31  25.0   05:16  24.8   0.0  0.00   5.7  31.0   23:44   WNW
29  28.0  39.7   00:42   8.2   23:59  37.0   0.0  0.00  12.3  37.0   09:57   NNW
30  25.6  51.1   14:26   6.6   07:52  39.4   0.0  0.00   2.5  15.0   11:00     W
----------------------------------------------------------------------------------
    40.1  81.6     6     6.6    30   764.9  17.6  0.90   6.6  56.0    14       W

Max >=  90.0:  0
Max <=  32.0:  0
Min <=  32.0: 24
Min <=   0.0:  0
Max Rain: 0.67 on day 9
Days of Rain: 5 (>= 0.01 in)  2 (>= 0.10 in)  0 (>= 1.00 in)
Heat Base: 65.0  Cool Base: 65.0  Method: Integration