NOAA style reports

NOAA-style Climate Reports


Report for 2020 Jul
                   Monthly Climatological Summary for Jul 2020

Name: departure period NCDC 1981-2010   City: Valentine   State: Nebraska
Elevation: 2574 ft  Lat: N 42 53' 00"   Lon: W 100 32' 29"

                  Temperature (F), Rain (in), Wind Speed (mph)

                                      Heat  Cool        Avg
    Mean                              Deg   Deg         Wind                 Dom
Day Temp  High   Time   Low    Time   Days  Days  Rain  Speed High   Time    Dir
----------------------------------------------------------------------------------
 1  71.2  89.8   18:28  47.7   05:00   4.4  10.3  0.00   4.4  22.0   15:46   SSW
 2  76.0  90.7   17:48  59.5   06:11   0.3  11.3  0.31   7.3  38.0   21:45    SE
 3  77.3  90.6   17:43  63.0   05:52   0.2  12.5  0.00   5.2  19.0   00:09    SE
 4  80.0  91.3   16:09  66.8   04:14   0.0  15.0  0.00   5.3  24.0   15:38    SE
 5  80.6  93.0   17:01  68.0   05:00   0.0  15.1  0.00   7.7  29.0   23:56   SSE
 6  76.7  91.3   17:58  64.8   06:46   0.0  11.7  0.02   4.4  37.0   19:16   ESE
 7  78.2  94.3   17:36  61.9   03:03   0.4  13.6  0.00  10.5  37.0   15:13    SE
 8  81.4  95.4   14:15  69.9   23:42   0.0  16.2  0.02   4.8  27.0   00:17     S
 9  75.0  87.2   18:01  60.3   07:25   0.5  10.5  0.00   3.8  27.0   00:17   NNW
10  71.4  83.8   19:06  62.2   22:07   0.2   6.6  0.84   4.9  46.0   21:20   ESE
11  71.6  85.3   16:55  58.2   04:12   1.5   8.1  0.00   4.4  21.0   15:59    NW
12  68.6  81.3   18:20  53.3   06:23   2.7   6.2  0.43   4.2  28.0   16:43    SE
13  75.5  85.6   17:03  66.8   03:00   0.0  10.5  0.00   5.9  28.0   10:15     W
14  66.0  75.9   16:52  56.7   08:46   2.2   3.2  0.00   3.3  29.0   05:13    NE
15  70.8  83.6   15:49  56.6   00:12   1.9   7.7  0.02   3.9  20.0   09:51    SW
16  76.2  88.4   15:23  64.0   04:39   0.1  11.2  0.00   3.7  17.0   08:17   SSE
17  85.4 100.4   17:27  72.2   05:15   0.0  20.4  0.00   5.8  26.0   21:24     S
18  76.6  84.0   18:21  63.5   23:59   0.0  11.6  0.00   5.1  33.0   11:58    NW
19  69.8  84.0   15:46  58.5   04:39   1.4   6.2  0.03   2.7  19.0   21:56   ENE
20  71.4  85.3   17:00  60.8   07:08   0.4   6.8  0.42   4.7  21.0   11:08   ESE
21  71.0  83.2   17:28  58.9   06:32   0.9   6.9  0.00   2.5  17.0   00:04   NNW
22  75.7  88.6   16:51  62.8   06:50   0.2  10.9  0.00   5.5  22.0   13:34    SE
23  81.7  96.4   17:56  71.0   06:39   0.0  16.7  0.00   7.5  33.0   18:08   SSE
24  80.0  94.3   17:06  70.2   23:13   0.0  15.0  2.20   7.2  34.0   19:45   SSE
25  79.2  94.6   16:21  68.9   06:40   0.0  14.2  0.01   2.2  18.0   20:10   SSE
26  73.7  84.6   17:20  63.8   23:58   0.0   8.7  0.00   3.6  22.0   08:39   NNW
27  71.3  86.7   17:24  51.6   06:16   3.1   9.4  0.00   3.5  19.0   15:39   SSE
28  79.5  92.5   17:07  65.7   05:59   0.0  14.5  0.00   3.6  18.0   15:22   SSW
29  75.3  88.5   16:26  67.2   23:57   0.0  10.3  0.01   3.6  29.0   18:07   ESE
30  69.8  80.1   16:04  59.8   23:59   0.3   5.2  0.00   1.7  14.0   13:11     N
31  70.5  88.0   15:37  53.2   05:54   3.3   8.8  0.00   1.8  34.0   21:03     N
----------------------------------------------------------------------------------
    75.1 100.4    17    47.7     1    24.0 335.3  4.31   4.6  46.0    10     SSE

Max >=  90.0: 12
Max <=  32.0:  0
Min <=  32.0:  0
Min <=   0.0:  0
Max Rain: 2.20 on day 24
Days of Rain: 11 (>= 0.01 in)  5 (>= 0.10 in)  1 (>= 1.00 in)
Heat Base: 65.0  Cool Base: 65.0  Method: Integration