NOAA style reports

NOAA-style Climate Reports


Report for 2020 May
                   Monthly Climatological Summary for May 2020

Name: departure period NCDC 1981-2010   City: Valentine   State: Nebraska
Elevation: 2574 ft  Lat: N 42 53' 00"   Lon: W 100 32' 29"

                  Temperature (F), Rain (in), Wind Speed (mph)

                                      Heat  Cool        Avg
    Mean                              Deg   Deg         Wind                 Dom
Day Temp  High   Time   Low    Time   Days  Days  Rain  Speed High   Time    Dir
----------------------------------------------------------------------------------
 1  67.8  80.3   15:25  54.3   06:48   1.9   4.8  0.00   9.8  36.0   13:00   WNW
 2  58.7  70.1   18:31  51.9   07:07   6.8   0.5  0.16   3.2  17.0   19:45     W
 3  59.0  74.0   16:33  41.2   06:52   7.3   1.4  0.09   5.0  29.0   23:54    SE
 4  52.2  61.7   00:00  44.5   23:31  12.8   0.0  0.88  10.3  34.0   13:30   WNW
 5  51.2  65.6   14:47  40.3   06:51  13.8   0.0  0.00  12.6  33.0   13:09   WNW
 6  49.0  65.4   16:48  32.0   06:58  16.0   0.0  0.00   4.4  18.0   00:30    NW
 7  47.7  59.2   13:54  36.2   21:28  17.3   0.0  0.23   8.4  38.0   13:56   ESE
 8  46.5  61.7   18:08  32.1   06:46  18.5   0.0  0.01   3.9  19.0   00:16    NW
 9  45.4  54.7   13:08  31.0   23:55  19.6   0.0  0.02  14.4  45.0   14:17   WNW
10  37.8  52.0   16:22  25.1   04:16  27.2   0.0  0.00   4.5  22.0   15:35    NW
11  39.8  44.8   16:31  36.0   07:50  25.2   0.0  0.00   2.9  14.0   14:38    SE
12  43.5  49.2   18:31  37.7   05:25  21.5   0.0  0.00   8.5  29.0   19:15   ESE
13  52.1  65.3   18:31  45.5   07:36  12.9   0.0  0.01   5.7  28.0   09:45     S
14  56.3  71.4   16:17  44.7   03:46   9.2   0.5  0.11   2.5  17.0   12:01     N
15  54.1  66.6   16:14  42.8   02:39  10.6   0.0  0.36   3.8  19.0   16:09   ESE
16  51.5  57.1   18:04  48.7   05:00  13.5   0.0  0.21   3.7  17.0   18:57   NNE
17  53.0  64.3   17:24  46.1   07:28  12.0   0.0  0.00   5.1  18.0   00:47   NNW
18  53.4  70.0   16:42  37.2   05:27  12.2   0.5  0.00   5.4  21.0   16:02   ESE
19  61.6  77.0   17:22  47.9   05:37   6.4   3.0  0.00   7.7  23.0   17:11   ESE
20  64.2  76.7   17:47  51.3   06:14   4.1   3.3  0.00  10.0  39.0   13:06   ESE
21  61.5  66.5   16:53  57.4   08:32   3.6   0.1  0.08   5.5  20.0   16:17   SSE
22  65.5  77.7   14:47  54.5   05:59   3.2   3.7  0.00   4.2  18.0   00:54   SSE
23  65.4  79.8   16:34  51.2   03:30   4.1   4.6  0.06   7.6  40.0   23:10    SE
24  58.9  68.1   17:01  52.0   07:06   6.2   0.4  0.38  11.1  31.0   05:45    NW
25  53.9  64.9   18:11  46.8   23:56  11.1   0.0  0.12   6.1  19.0   02:07    NW
26  56.9  74.4   17:27  38.8   06:15  10.2   2.2  0.00   2.1  15.0   14:25    NW
27  65.9  83.2   16:23  44.6   06:36   5.9   6.8  0.00   2.5  19.0   13:33   NNW
28  62.5  70.1   18:16  49.3   23:33   3.7   1.2  0.02   6.6  23.0   01:30   NNW
29  60.2  75.0   18:43  44.3   02:40   7.2   2.4  0.00   3.0  13.0   13:30   ESE
30  59.8  69.6   14:33  51.9   08:01   5.7   0.7  0.18   6.7  23.0   03:18     E
31  68.9  88.2   18:11  51.5   06:18   4.2   8.0  0.00   6.0  29.0   15:04    SE
----------------------------------------------------------------------------------
    55.6  88.2    31    25.1    10   333.9  44.1  2.92   6.2  45.0     9     NNW

Max >=  90.0:  0
Max <=  32.0:  0
Min <=  32.0:  3
Min <=   0.0:  0
Max Rain: 0.88 on day 4
Days of Rain: 16 (>= 0.01 in)  9 (>= 0.10 in)  0 (>= 1.00 in)
Heat Base: 65.0  Cool Base: 65.0  Method: Integration