NOAA style reports

NOAA-style Climate Reports


Report for 2020 Apr
                   Monthly Climatological Summary for Apr 2020

Name: departure period NCDC 1981-2010   City: Valentine   State: Nebraska
Elevation: 2574 ft  Lat: N 42 53' 00"   Lon: W 100 32' 29"

                  Temperature (F), Rain (in), Wind Speed (mph)

                                      Heat  Cool        Avg
    Mean                              Deg   Deg         Wind                 Dom
Day Temp  High   Time   Low    Time   Days  Days  Rain  Speed High   Time    Dir
----------------------------------------------------------------------------------
 1  46.6  68.9   14:51  27.4   23:53  18.4   0.1  0.02   7.1  43.0   18:10    NW
 2  17.4  27.8   00:05  14.3   22:28  47.7   0.0  0.04  15.8  38.0   02:06    NW
 3  20.4  36.7   18:16   7.2   07:00  44.6   0.0  0.00   8.6  30.0   00:48    NW
 4  38.2  59.6   17:26  18.8   06:51  26.8   0.0  0.00   7.7  33.0   14:41   SSE
 5  49.1  64.5   15:54  34.6   07:10  15.9   0.0  0.00   8.2  36.0   15:39   SSE
 6  59.1  82.4   15:53  40.6   06:22   9.8   3.9  0.00   5.8  29.0   15:29    SW
 7  60.5  76.7   15:49  43.1   07:16   7.2   2.8  0.00   8.2  33.0   13:05   WNW
 8  46.3  55.5   16:23  34.4   23:57  18.7   0.0  0.00   8.1  32.0   10:14    NW
 9  36.1  46.3   15:49  25.1   23:38  28.9   0.0  0.00  10.2  40.0   10:06    NW
10  45.7  72.0   16:29  21.8   02:15  19.8   0.5  0.00   5.4  33.0   11:04   WSW
11  44.1  54.8   12:22  30.6   23:45  20.9   0.0  0.37   4.3  27.0   23:42    NE
12  24.9  31.6   02:09  15.9   23:36  40.1   0.0  0.40  12.4  38.0   16:57   NNW
13  20.9  30.9   16:31  12.7   07:02  43.8   0.0  0.00  13.7  38.0   14:37   WNW
14  25.1  36.9   16:15  14.6   07:18  39.9   0.0  0.00   6.7  19.0   01:55     W
15  32.0  46.3   14:33  18.2   05:49  33.0   0.0  0.00   3.9  17.0   15:14   WSW
16  32.2  37.1   14:14  28.3   02:40  32.8   0.0  0.00   2.9  16.0   15:10    NE
17  38.8  56.4   18:28  19.9   07:02  26.2   0.0  0.00   6.4  26.0   14:15   WSW
18  52.7  68.9   13:45  37.6   07:33  12.6   0.3  0.00   8.9  27.0   15:40   WNW
19  44.7  57.7   17:12  34.6   23:30  20.3   0.0  0.00   3.1  16.0   14:06     E
20  48.4  67.0   14:19  30.3   02:26  16.6   0.0  0.00  11.2  41.0   14:17   WNW
21  54.1  77.7   17:58  29.5   06:49  13.7   2.9  0.00   4.6  29.0   17:04   WSW
22  58.1  77.7   16:09  37.0   05:18  10.0   3.1  0.00   5.8  29.0   14:13    NW
23  53.8  71.6   11:58  35.5   05:20  12.3   1.0  0.00   3.8  33.0   12:46    NW
24  52.5  65.9   16:59  41.8   02:20  12.5   0.0  0.00   6.3  24.0   18:15    NW
25  50.7  65.4   16:00  38.1   23:58  14.3   0.0  0.00  10.6  35.0   13:38   WNW
26  54.6  76.7   18:55  29.9   06:57  12.8   2.5  0.00   4.9  26.0   14:36    SE
27  62.2  80.2   15:14  36.6   07:10   8.0   5.2  0.00   4.2  23.0   16:28   SSE
28  54.8  71.9   00:15  46.4   06:24  10.3   0.1  0.02  16.4  53.0   18:13   WNW
29  50.3  64.8   16:57  40.7   06:45  14.7   0.0  0.00  10.4  39.0   00:52    NW
----------------------------------------------------------------------------------
    43.9  82.4     6     7.2     3   632.6  22.4  0.85   7.8  53.0    28     WNW

Max >=  90.0:  0
Max <=  32.0:  3
Min <=  32.0: 16
Min <=   0.0:  0
Max Rain: 0.40 on day 12
Days of Rain: 5 (>= 0.01 in)  2 (>= 0.10 in)  0 (>= 1.00 in)
Heat Base: 65.0  Cool Base: 65.0  Method: Integration