NOAA style reports

NOAA-style Climate Reports


Report for 2020 Feb
                   Monthly Climatological Summary for Feb 2020

Name: departure period NCDC 1981-2010   City: Valentine   State: Nebraska
Elevation: 2574 ft  Lat: N 42 53' 00"   Lon: W 100 32' 29"

                  Temperature (F), Rain (in), Wind Speed (mph)

                                      Heat  Cool        Avg
    Mean                              Deg   Deg         Wind                 Dom
Day Temp  High   Time   Low    Time   Days  Days  Rain  Speed High   Time    Dir
----------------------------------------------------------------------------------
 1  43.7  56.8   13:07  30.5   03:19  21.3   0.0  0.00  10.9  35.0   22:59     W
 2  42.1  52.9   00:13  29.5   23:55  22.9   0.0  0.00   7.0  37.0   00:30   WNW
 3  25.0  29.8   00:21  19.8   23:58  40.0   0.0  0.00   5.7  23.0   03:00   NNE
 4  21.7  31.4   14:48  15.7   08:04  43.3   0.0  0.00   2.4  14.0   05:29   NNW
 5  21.4  32.6   15:17  12.1   04:42  43.6   0.0  0.00   4.6  23.0   10:26    SW
 6  26.8  40.1   14:12  16.5   02:30  38.2   0.0  0.01   5.9  30.0   15:06   WNW
 7  21.4  26.3   00:00  17.0   09:33  43.6   0.0  0.01   4.2  17.0   01:49    NW
 8  29.0  43.8   15:22   9.3   08:01  36.0   0.0  0.00   5.4  35.0   23:23   SSE
 9  25.8  34.0   00:00  19.3   23:55  39.2   0.0  0.00   9.1  42.0   00:26    NW
10  27.5  41.2   14:26  18.9   23:49  36.1   0.0  0.00  11.7  37.0   13:56   WNW
11  29.0  43.8   14:54  15.3   08:08  36.0   0.0  0.00   8.4  34.0   16:04   WSW
12  18.7  36.0   09:08  -5.1   23:55  46.3   0.0  0.00  10.4  42.0   10:27    NW
13   6.0  23.9   17:00 -10.1   07:37  59.0   0.0  0.00   2.0  19.0   23:51   SSE
14  31.4  55.4   16:16  14.1   05:57  33.6   0.0  0.00   7.4  35.0   12:52   SSW
15  34.3  47.4   13:35  20.8   08:08  30.7   0.0  0.00   7.1  30.0   14:36   WNW
16  33.7  51.2   15:26  18.4   06:43  31.3   0.0  0.00   2.6  18.0   16:14     S
17  29.4  37.3   03:25  17.5   23:59  35.6   0.0  0.01   6.3  27.0   10:43    NW
18  20.2  39.8   12:19  10.9   06:26  44.8   0.0  0.00   4.1  26.0   12:39   NNW
19  12.6  23.8   15:54   4.7   23:40  52.4   0.0  0.00   2.3  13.0   17:28     E
20  22.5  42.7   15:51   2.3   05:14  42.5   0.0  0.00   5.4  21.0   14:54    SW
21  35.0  58.2   15:10  19.4   07:36  30.0   0.0  0.00   5.8  22.0   09:23     W
22  40.0  60.7   14:39  20.3   00:18  24.9   0.0  0.00   5.9  26.0   14:52   WNW
23  35.9  50.5   13:58  23.6   07:52  29.1   0.0  0.00   3.8  18.0   10:08    NW
24  32.1  45.7   12:58  20.2   03:34  32.9   0.0  0.00   5.7  30.0   11:29   ESE
25  25.4  29.5   00:01  21.4   23:15  39.6   0.0  0.13   7.8  33.0   13:29     N
26  23.8  35.7   16:03   6.8   07:55  41.2   0.0  0.00   5.9  20.0   16:03     W
27  33.6  42.7   15:28  27.5   03:43  31.3   0.0  0.00   9.6  34.0   15:30   WNW
28  38.0  53.1   15:31  26.5   05:01  27.0   0.0  0.00  10.1  30.0   10:23   WNW
29  44.6  65.8   14:51  30.5   07:41  20.4   0.0  0.00   5.8  34.0   15:04   WSW
----------------------------------------------------------------------------------
    28.6  65.8    29   -10.1    13  1052.8   0.0  0.16   6.3  42.0     9     WNW

Max >=  90.0:  0
Max <=  32.0:  6
Min <=  32.0: 29
Min <=   0.0:  2
Max Rain: 0.13 on day 25
Days of Rain: 4 (>= 0.01 in)  1 (>= 0.10 in)  0 (>= 1.00 in)
Heat Base: 65.0  Cool Base: 65.0  Method: Integration