NOAA style reports

NOAA-style Climate Reports


Report for 2019 Aug
                   Monthly Climatological Summary for Aug 2019

Name: departure period NCDC 1981-2010   City: Valentine   State: Nebraska
Elevation: 2570 ft  Lat: N 42 53' 01"   Lon: W 100 31' 55"

                  Temperature (F), Rain (in), Wind Speed (mph)

                                      Heat  Cool        Avg
    Mean                              Deg   Deg         Wind                 Dom
Day Temp  High   Time   Low    Time   Days  Days  Rain  Speed High   Time    Dir
----------------------------------------------------------------------------------
 1  71.9  81.1   16:57  62.6   06:45   0.1   7.0  0.00   7.2  21.0   20:38   SSE
 2  74.9  85.7   16:00  65.7   23:48   0.0   9.9  0.02   6.0  25.0   15:12    NE
 3  74.6  89.3   16:50  64.6   01:36   0.0   9.6  0.00   3.7  14.0   18:38   NNE
 4  74.6  95.4   14:18  57.5   06:41   0.8  10.5  2.22   5.8  45.0   18:30    SE
 5  74.9  86.7   15:19  64.4   06:14   0.0   9.9  0.00   6.6  25.0   11:16    NW
 6  75.6  90.9   17:04  59.6   04:34   0.9  11.4  0.32   6.7  30.0   14:31     S
 7  76.7  92.9   15:29  62.9   06:50   0.1  11.7  0.16   4.2  24.0   01:28     E
 8  70.5  83.4   15:36  61.0   06:46   0.7   6.1  0.00   6.0  18.0   20:52     E
 9  76.0  90.5   15:15  63.9   01:22   0.0  11.0  0.53  11.1  35.0   14:23     S
10  73.3  86.6   15:42  66.8   06:00   0.0   8.3  0.00   4.9  24.0   01:52    NE
11  72.8  84.9   15:54  64.1   23:56   0.0   7.8  0.34   7.0  24.0   22:32   ESE
12  70.7  82.3   16:42  62.2   06:40   0.3   6.0  0.02   6.3  27.0   00:02   NNW
13  66.8  81.3   15:48  55.3   05:38   2.4   4.2  0.00   6.2  23.0   15:54    NW
14  62.7  75.6   17:58  51.3   06:39   4.6   2.3  0.04   3.5  19.0   15:40   WSW
15  67.6  82.5   15:57  58.1   05:59   2.3   5.0  0.87   7.1  29.0   03:51     W
16  70.6  86.5   16:02  57.1   01:24   1.7   7.3  0.10   5.4  22.0   23:38    SW
17  70.9  88.2   16:48  54.8   06:01   1.7   7.6  0.07   8.2  40.0   22:13    SW
18  65.0  78.6   16:39  54.7   07:04   3.5   3.4  0.01   6.3  23.0   03:07    NE
19  72.4  87.7   17:07  58.6   02:15   1.2   8.7  0.00   8.3  24.0   17:52     S
20  75.7  87.6   13:48  63.3   06:42   0.0  10.7  0.00   8.5  31.0   13:25    NE
21  71.0  83.4   14:17  62.3   08:02   0.3   6.3  0.11   8.2  26.0   06:57     E
22  67.0  74.0   18:26  60.2   05:10   0.8   2.8  0.00  10.5  26.0   11:04    SE
23  73.1  83.2   16:34  66.6   04:49   0.0   8.1  0.00  16.7  35.0   15:10   SSE
24  68.3  74.2   17:56  63.5   22:24   0.1   3.4  0.01  11.4  25.0   02:45   SSE
25  70.8  81.8   17:28  60.5   06:48   0.2   6.0  0.00   9.9  29.0   15:01     S
26  64.7  73.4   16:16  54.5   22:41   2.5   2.2  0.49  10.9  36.0   01:42   NNW
27  61.1  74.0   17:20  46.5   23:59   5.9   2.1  0.00  10.8  36.0   12:49    NW
28  63.0  82.8   17:25  40.9   05:25   7.8   5.8  0.00   3.4  18.0   17:32     S
29  65.9  76.2   15:37  53.2   23:59   2.3   3.2  0.00   7.2  29.0   10:07    NE
30  57.3  68.5   16:32  45.7   03:36   7.7   0.1  0.41   6.2  26.0   15:06   ESE
31  68.5  82.4   17:12  57.2   00:03   2.4   5.9  0.01   5.5  20.0   01:15     S
----------------------------------------------------------------------------------
    70.0  95.4     4    40.9    28    50.3 204.3  5.73   7.4  45.0     4      SE

Max >=  90.0:  4
Max <=  32.0:  0
Min <=  32.0:  0
Min <=   0.0:  0
Max Rain: 2.22 on day 4
Days of Rain: 17 (>= 0.01 in)  10 (>= 0.10 in)  1 (>= 1.00 in)
Heat Base: 65.0  Cool Base: 65.0  Method: Integration