NOAA style reports

NOAA-style Climate Reports


Report for 2019 Jul
                   Monthly Climatological Summary for Jul 2019

Name: departure period NCDC 1981-2010   City: Valentine   State: Nebraska
Elevation: 2570 ft  Lat: N 42 53' 01"   Lon: W 100 31' 55"

                  Temperature (F), Rain (in), Wind Speed (mph)

                                      Heat  Cool        Avg
    Mean                              Deg   Deg         Wind                 Dom
Day Temp  High   Time   Low    Time   Days  Days  Rain  Speed High   Time    Dir
----------------------------------------------------------------------------------
 1  69.8  78.9   11:23  63.1   23:48   0.1   4.9  0.03   6.2  28.0   02:15   NNW
 2  73.1  88.1   17:48  61.1   04:41   0.8   8.9  0.00   3.9  19.0   17:57    SE
 3  74.1  93.0   16:52  59.6   05:56   1.0  10.1  0.30   7.9  39.0   21:47   ESE
 4  70.3  82.5   14:13  60.9   07:09   0.9   6.2  0.69   8.4  28.0   00:05   NNE
 5  70.1  82.9   17:08  58.9   03:25   1.4   6.4  1.76   8.4  40.0   02:35     N
 6  69.1  79.5   16:41  61.2   03:29   0.8   4.9  0.00   6.8  20.0   17:33     E
 7  73.9  87.1   17:23  62.1   03:53   0.2   9.1  0.41   9.9  36.0   03:17     S
 8  75.9  87.9   14:08  66.6   23:58   0.0  10.9  0.07  15.5  41.0   15:08     S
 9  70.1  83.5   17:32  61.8   21:39   0.5   5.6  0.10   8.9  47.0   18:50   WNW
10  67.7  79.8   17:01  55.7   06:31   2.4   5.2  0.00   9.7  31.0   09:21    NW
11  73.9  92.6   17:40  52.5   06:30   3.1  12.0  0.00   8.0  26.0   16:48     S
12  80.3  92.6   15:11  66.7   06:26   0.0  15.3  0.00   8.6  37.0   07:57    NE
13  79.8  94.8   16:49  63.2   06:32   0.1  14.9  0.00   4.9  21.0   19:07   SSW
14  81.1  98.0   16:03  69.1   05:58   0.0  16.1  0.36  10.1  37.0   21:34     S
15  80.0  91.6   15:00  64.4   23:41   0.0  15.0  0.91   5.4  46.0   23:29     N
16  75.6  88.7   17:19  61.9   06:21   0.3  10.9  0.26   6.0  28.0   00:10   SSE
17  75.5  86.9   18:03  64.7   06:12   0.0  10.5  0.00   9.7  43.0   03:37   ESE
18  80.8  94.1   17:11  68.5   04:49   0.0  15.8  0.00   5.4  22.0   13:15   NNE
19  79.2  89.6   14:55  67.8   04:12   0.0  14.2  0.00   6.4  26.0   09:26   NNE
20  71.7  80.3   17:05  61.5   07:09   0.3   7.0  0.00  10.5  34.0   06:42    NE
21  63.8  72.1   10:54  53.8   23:35   2.2   1.1  0.05   6.8  26.0   10:37   ENE
22  64.1  79.5   16:46  46.5   04:12   5.6   4.7  0.00   3.4  16.0   14:25   ESE
23  69.5  84.8   16:19  51.8   05:45   3.0   7.6  0.00   7.5  23.0   13:27     S
24  74.6  91.1   16:19  60.5   03:04   0.5  10.1  0.00  12.6  35.0   11:35     S
25  77.9  91.8   15:27  62.8   06:32   0.0  13.0  0.01   4.4  16.0   03:50   NNW
26  70.8  86.3   15:35  62.7   05:47   0.2   6.0  0.17   4.1  25.0   19:20   SSW
27  74.8  88.4   16:37  60.0   06:01   0.8  10.6  0.00   8.3  26.0   17:14    SE
28  75.4  86.9   16:51  65.5   23:48   0.0  10.4  0.09   7.4  25.0   18:37   NNW
29  69.4  82.5   15:45  57.2   04:08   1.7   6.1  0.00   4.4  16.0   18:41   ENE
30  72.8  86.0   17:26  62.3   07:12   0.4   8.2  0.02  15.2  40.0   12:02    SE
31  75.4  91.8   16:44  64.4   07:34   0.0  10.5  0.07   6.8  25.0   02:33    SE
----------------------------------------------------------------------------------
    73.6  98.0    14    46.5    22    26.3 292.2  5.30   7.8  47.0     9     ESE

Max >=  90.0: 10
Max <=  32.0:  0
Min <=  32.0:  0
Min <=   0.0:  0
Max Rain: 1.76 on day 5
Days of Rain: 16 (>= 0.01 in)  9 (>= 0.10 in)  1 (>= 1.00 in)
Heat Base: 65.0  Cool Base: 65.0  Method: Integration