NOAA style reports

NOAA-style Climate Reports

Select a Year or Month report

Report for 2019 Jun
                   Monthly Climatological Summary for Jun 2019

Name: departure period NCDC 1981-2010   City: Valentine   State: Nebraska
Elevation: 2570 ft  Lat: N 42 53' 01"   Lon: W 100 31' 55"

                  Temperature (F), Rain (in), Wind Speed (mph)

                                      Heat  Cool        Avg
    Mean                              Deg   Deg         Wind                 Dom
Day Temp  High   Time   Low    Time   Days  Days  Rain  Speed High   Time    Dir
----------------------------------------------------------------------------------
 1  60.1  71.2   17:41  49.1   06:29   6.2   0.9  0.00   6.5  22.0   03:43     N
 2  63.2  81.5   16:02  44.8   04:30   6.6   4.9  0.55   8.6  29.0   21:01   SSE
 3  68.7  84.3   18:19  53.2   06:05   1.8   7.1  0.00   9.3  23.0   15:01   SSW
 4  73.0  85.2   15:52  60.8   05:50   0.3   8.9  0.00   8.4  31.0   16:31    NW
 5  68.9  80.7   15:28  57.0   06:41   1.4   6.4  0.00   6.2  22.0   13:55     N
 6  70.7  87.0   16:43  50.8   06:07   3.5   9.2  0.00   5.3  20.0   18:26     S
 7  77.2  90.3   15:57  63.2   05:09   0.1  12.2  0.00  13.5  35.0   13:07   SSW
 8  67.2  81.0   10:58  55.3   23:48   1.5   3.8  0.00  13.1  30.0   03:02   WNW
 9  57.0  67.5   17:28  47.8   06:13   8.2   0.2  0.00  11.4  28.0   13:27   NNW
10  62.4  80.6   16:16  36.2   05:43   7.6   4.9  0.03   6.3  30.0   22:08   WSW
11  58.2  69.8   15:10  48.1   05:49   7.1   0.3  0.02   5.6  23.0   10:30   WNW
12  59.7  72.0   15:39  47.3   05:27   6.6   1.4  0.00   6.0  20.0   02:21     N
13  66.3  84.8   17:10  44.1   03:49   6.2   7.6  0.00   7.9  38.0   16:12   SSW
14  73.8  87.1   16:00  55.2   06:10   1.7   8.5  0.01   5.8  21.0   15:15    NW
15  69.8  80.1   15:35  59.2   23:56   0.6   5.3  0.00   9.5  29.0   14:50   NNW
16  63.9  78.4   17:37  47.5   06:20   4.1   3.1  0.03   3.9  22.0   20:21   WNW
17  62.9  77.1   12:26  54.7   01:43   3.9   1.8  0.50   4.6  23.0   13:58    NE
18  65.5  74.4   17:57  57.8   06:40   2.3   2.9  0.00   5.9  22.0   15:25    SE
19  67.0  80.5   17:37  56.9   01:51   2.4   4.4  0.01   5.3  25.0   12:48   SSW
20  67.8  78.0   16:51  58.5   07:07   1.5   4.2  0.37   6.9  31.0   01:34   NNE
21  66.2  76.6   14:09  57.9   23:10   1.5   2.7  0.48   9.3  30.0   00:09   NNW
22  59.7  68.6   14:08  49.4   23:59   5.4   0.1  0.02   4.8  18.0   17:09     E
23  58.1  73.9   12:21  44.8   01:45   7.8   0.9  0.19   5.7  20.0   20:11   WSW
24  66.8  84.4   17:54  49.0   04:49   4.9   6.8  0.13   5.3  35.0   23:31   WNW
25  68.4  83.0   16:43  52.1   04:14   3.4   6.7  0.00   4.8  20.0   17:30   SSE
26  73.6  89.2   16:16  56.8   06:30   1.0   9.6  0.00  10.2  30.0   12:41     S
27  78.1  90.6   16:53  67.3   07:10   0.0  13.1  0.00   7.1  32.0   05:19   ENE
28  79.6  95.5   14:40  63.6   04:26   0.1  14.7  0.00   6.9  26.0   18:29    SE
29  84.2 103.1   17:09  64.9   06:25   0.0  19.2  0.02   8.3  32.0   23:00     S
30  78.0  91.4   17:55  66.0   23:41   0.0  13.1  0.34   8.7  35.0   20:07    NE
----------------------------------------------------------------------------------
    67.9 103.1    29    36.2    10    97.7 184.9  2.70   7.4  38.0    13       W

Max >=  90.0:  5
Max <=  32.0:  0
Min <=  32.0:  0
Min <=   0.0:  0
Max Rain: 0.55 on day 2
Days of Rain: 14 (>= 0.01 in)  7 (>= 0.10 in)  0 (>= 1.00 in)
Heat Base: 65.0  Cool Base: 65.0  Method: Integration