NOAA style reports

NOAA-style Climate Reports

Select a Year or Month report

Report for 2019 Apr
                   Monthly Climatological Summary for Apr 2019

Name: departure period NCDC 1981-2010   City: Valentine   State: Nebraska
Elevation: 2593 ft  Lat: N 42 52' 30"   Lon: W 100 33' 48"

                  Temperature (F), Rain (in), Wind Speed (mph)

                                      Heat  Cool        Avg
    Mean                              Deg   Deg         Wind                 Dom
Day Temp  High   Time   Low    Time   Days  Days  Rain  Speed High   Time    Dir
----------------------------------------------------------------------------------
 1  34.4  50.1   14:24  24.6   23:58  30.6   0.0  0.00   5.3  25.0   17:54   ENE
 2  38.9  58.5   14:03  22.4   01:57  26.1   0.0  0.00   4.9  31.0   16:47    NW
 3  37.1  44.8   12:38  28.2   01:32  27.8   0.0  0.32   5.8  24.0   17:05     E
 4  42.7  55.7   17:17  36.4   02:47  22.3   0.0  0.00   5.7  17.0   16:15   SSE
 5  55.9  77.1   15:21  34.7   06:50  11.7   2.6  0.01   3.7  26.0   15:21    SW
 6  54.7  75.3   16:28  37.6   06:11  11.5   1.2  0.00   3.0  22.0   18:52   SSE
 7  59.1  73.4   15:46  48.1   08:32   7.2   1.3  0.00   9.8  36.0   05:43   WNW
 8  57.0  72.5   15:17  43.7   05:49   8.8   0.9  0.00   9.1  32.0   09:32   NNW
 9  51.2  71.6   15:48  38.6   07:06  14.5   0.7  0.05   9.6  38.0   18:22     E
10  30.7  41.9   00:05  24.2   20:49  34.3   0.0  0.37   6.0  38.0   02:47   ENE
11  24.0  27.0   15:54  22.2   22:55  41.0   0.0  0.37   0.0   0.0   00:00   ---
12  26.9  34.5   17:31  20.6   05:22  38.1   0.0  0.01   4.4  32.0   13:10   WNW
13  30.2  44.7   17:27  13.8   07:34  34.8   0.0  0.00   4.2  16.0   03:39     W
14  42.1  58.3   15:44  27.5   05:44  22.9   0.0  0.00   8.3  29.0   09:35   SSE
15  43.7  53.9   16:03  30.2   06:49  21.3   0.0  0.00   4.8  23.0   13:56   NNW
16  51.1  65.8   15:05  34.9   06:49  13.9   0.0  0.00   6.0  24.0   15:04   ESE
17  48.9  59.9   15:37  35.1   23:58  16.1   0.0  0.05   9.8  40.0   14:05   NNW
18  45.0  60.9   14:47  34.1   01:24  20.0   0.0  0.00  10.9  43.0   15:38   NNW
19  51.5  76.2   16:48  28.1   06:34  15.6   2.1  0.00   4.4  24.0   11:26   WSW
20  64.2  91.9   14:35  37.4   06:46   9.1   8.3  0.00   4.3  30.0   15:31   WSW
21  54.5  61.4   14:10  48.1   08:22  10.5   0.0  0.00  11.9  43.0   16:01     N
22  51.8  63.0   14:09  42.5   23:56  13.2   0.0  0.00  12.4  40.0   02:56     N
23  53.9  73.6   16:59  30.6   06:43  12.6   1.5  0.00   6.5  36.0   16:41   SSW
24  61.5  81.3   12:20  43.4   06:46   7.6   4.1  0.22   6.8  31.0   22:17    NW
25  54.8  66.7   14:29  46.5   07:26  10.2   0.0  0.43  10.4  34.0   14:55   NNW
26  49.1  65.2   16:30  33.7   03:37  15.9   0.0  0.00   8.9  35.0   19:31   ESE
27  40.0  47.6   00:00  34.5   07:40  25.0   0.0  0.00   9.1  32.0   00:58   ENE
28  44.5  56.8   17:32  37.4   07:04  20.5   0.0  0.00  15.6  40.0   10:39     S
29  37.5  42.4   00:13  29.0   06:11  27.5   0.0  0.00  10.8  41.0   09:12   NNW
30  34.8  38.0   15:01  32.2   06:39  30.2   0.0  0.27   5.7  16.0   01:36   ENE
----------------------------------------------------------------------------------
    45.7  91.9    20    13.8    13   600.8  22.7  2.10   7.3  43.0    18       N

Max >=  90.0:  1
Max <=  32.0:  1
Min <=  32.0: 12
Min <=   0.0:  0
Max Rain: 0.43 on day 25
Days of Rain: 10 (>= 0.01 in)  6 (>= 0.10 in)  0 (>= 1.00 in)
Heat Base: 65.0  Cool Base: 65.0  Method: Integration