NOAA style reports

NOAA-style Climate Reports

Select a Year or Month report

Report for 2019 Mar
                   Monthly Climatological Summary for Mar 2019

Name: departure period NCDC 1981-2010   City: Valentine   State: Nebraska
Elevation: 2593 ft  Lat: N 42 52' 30"   Lon: W 100 33' 48"

                  Temperature (F), Rain (in), Wind Speed (mph)

                                      Heat  Cool        Avg
    Mean                              Deg   Deg         Wind                 Dom
Day Temp  High   Time   Low    Time   Days  Days  Rain  Speed High   Time    Dir
----------------------------------------------------------------------------------
 1  20.2  25.9   14:49  13.4   23:56  44.8   0.0  0.00   8.8  28.0   12:24     N
 2   5.4  13.7   00:00 -10.4   23:56  59.6   0.0  0.03   8.3  27.0   11:57   NNE
 3  -6.6   3.4   14:08 -14.5   01:55  71.6   0.0  0.00   7.9  28.0   14:44    NW
 4   1.0  15.7   15:13 -14.8   06:34  64.0   0.0  0.00   9.5  26.0   16:35   WNW
 5  11.3  24.1   16:03  -0.5   23:58  53.7   0.0  0.00   7.3  27.0   06:01   WNW
 6   9.3  24.7   11:45  -7.8   05:19  55.7   0.0  0.00   5.4  25.0   14:13    NE
 7  15.7  22.5   23:50   9.7   06:45  49.3   0.0  0.23   7.0  16.0   01:18    SE
 8  24.3  33.5   13:27   9.1   07:37  40.7   0.0  0.01   5.4  18.0   20:20   SSE
 9  26.3  29.0   16:30  20.2   23:49  38.0   0.0  0.03  12.2  42.0   16:00    NW
10  24.0  39.2   16:05   4.8   08:08  39.3   0.0  0.00   4.3  14.0   04:07   WSW
11  28.3  41.9   15:52  11.7   07:55  36.2   0.0  0.00   4.7  20.0   23:30     S
12  41.3  53.4   16:09  33.1   23:49  23.7   0.0  0.00   6.9  28.0   02:22   SSW
13  31.7  37.4   05:33  26.4   19:06  33.3   0.0  1.61  15.5  47.0   23:51   NNE
14  28.9  33.4   16:58  26.5   23:59  36.1   0.0  0.02  22.1  55.0   08:44   NNW
15  28.0  39.2   17:15  15.9   07:07  37.0   0.0  0.00   6.7  23.0   00:01   WNW
16  29.1  38.9   14:05  19.3   04:44  35.9   0.0  0.00   5.8  22.0   12:47   WNW
17  29.0  40.2   12:40  17.7   05:57  36.0   0.0  0.00   4.4  19.0   11:35   NNW
18  31.2  47.5   15:43  17.1   07:08  33.8   0.0  0.00   4.3  22.0   12:20    SW
19  33.4  40.3   13:31  26.3   23:10  31.6   0.0  0.00   4.8  25.0   12:12    NW
20  35.0  48.0   16:42  24.0   03:22  30.0   0.0  0.00   6.7  30.0   11:44    NW
21  40.1  61.2   15:12  23.5   07:39  24.9   0.0  0.00   3.7  18.0   19:04    NW
22  43.2  62.6   16:03  26.9   06:15  21.4   0.0  0.00   6.0  29.0   15:04    SE
23  42.8  46.9   17:13  38.1   07:20  22.2   0.0  0.04   4.3  23.0   14:10   ESE
24  39.7  51.7   14:39  30.9   08:23  25.3   0.0  0.00   4.7  18.0   12:56    NE
25  34.5  39.8   16:25  30.4   08:23  30.5   0.0  0.02   3.9  14.0   14:51     E
26  50.4  70.7   17:10  35.0   08:52  15.2   0.6  0.00   8.2  40.0   16:54   SSW
27  52.2  66.9   13:50  36.3   23:43  12.8   0.0  0.00   7.6  28.0   01:12   NNW
28  40.0  49.1   13:20  31.9   07:26  25.0   0.0  0.00   8.5  25.0   12:38    NE
29  33.3  36.6   16:19  29.3   19:37  31.7   0.0  0.03   4.6  18.0   17:07   ENE
30  31.4  41.1   15:32  21.9   23:55  33.6   0.0  0.00   8.3  26.0   02:14     N
31  39.3  61.4   15:37  19.2   05:54  25.7   0.0  0.00   6.9  29.0   14:35     W
----------------------------------------------------------------------------------
    28.8  70.7    26   -14.8     4  1118.6   0.6  2.02   7.2  55.0    14     NNW

Max >=  90.0:  0
Max <=  32.0:  8
Min <=  32.0: 27
Min <=   0.0:  5
Max Rain: 1.61 on day 13
Days of Rain: 9 (>= 0.01 in)  2 (>= 0.10 in)  1 (>= 1.00 in)
Heat Base: 65.0  Cool Base: 65.0  Method: Integration