NOAA style reports

NOAA-style Climate Reports


Report for 2019 Feb
                   Monthly Climatological Summary for Feb 2019

Name: departure period NCDC 1981-2010   City: Valentine   State: Nebraska
Elevation: 2593 ft  Lat: N 42 52' 30"   Lon: W 100 33' 48"

                  Temperature (F), Rain (in), Wind Speed (mph)

                                      Heat  Cool        Avg
    Mean                              Deg   Deg         Wind                 Dom
Day Temp  High   Time   Low    Time   Days  Days  Rain  Speed High   Time    Dir
----------------------------------------------------------------------------------
 1  38.3  62.0   15:20  22.3   01:24  26.7   0.0  0.00   3.5  18.0   12:17     W
 2  45.0  67.6   14:46  28.0   07:52  20.2   0.2  0.00   5.4  23.0   14:43   WSW
 3  23.1  37.8   00:51   6.7   23:55  41.9   0.0  0.00   6.8  29.0   19:47   NNE
 4   4.2   9.7   14:47  -1.0   08:24  60.8   0.0  0.00   8.7  26.0   00:02     N
 5   5.9  12.7   15:40   0.9   05:27  59.1   0.0  0.00   4.9  16.0   16:23     E
 6   1.4   4.5   00:00  -4.1   23:56  63.6   0.0  0.02   8.7  29.0   22:53     N
 7  -3.9   3.1   14:50 -12.1   23:46  68.9   0.0  0.01  11.3  35.0   11:26    NW
 8   4.9  28.8   16:06 -17.5   04:52  60.1   0.0  0.00   5.0  24.0   14:19    SE
 9  13.2  28.4   12:48   6.2   22:43  51.8   0.0  0.00   8.2  23.0   14:16   NNE
10   6.8  12.1   16:21   1.3   08:20  58.2   0.0  0.03   5.8  20.0   03:18     N
11  15.6  24.8   18:14   5.7   23:59  49.4   0.0  0.00   6.5  18.0   10:16    SE
12  13.3  29.8   16:19  -0.7   06:26  51.7   0.0  0.00   3.9  18.0   10:12    NW
13  32.3  57.0   13:47  14.1   00:05  32.7   0.0  0.00   2.6  25.0   14:13     W
14  12.5  31.4   00:16   2.7   21:57  52.5   0.0  0.00   9.7  33.0   12:45     N
15   9.2  14.5   16:47   3.7   07:14  55.4   0.0  0.13   5.9  24.0   23:44    SE
16  15.1  18.0   14:42  12.4   03:57  49.9   0.0  0.08  10.8  27.0   02:59   SSE
17   9.5  14.9   00:42   5.1   23:33  55.5   0.0  0.08  11.3  31.0   12:37    NW
18   3.2  12.2   15:28  -7.7   08:10  61.8   0.0  0.00   3.9  20.0   00:06    NW
19   8.3  20.8   13:49 -11.7   02:10  56.7   0.0  0.05   5.5  23.0   12:02   SSE
20  13.7  23.6   15:21  -0.4   23:49  51.3   0.0  0.04   4.1  24.0   13:57   WNW
21   8.5  24.7   14:01  -8.5   06:02  56.5   0.0  0.09   3.3  15.0   16:29    NE
22  18.4  22.7   16:03  14.3   00:45  45.5   0.0  0.25   3.7  14.0   12:30     E
23  21.7  28.5   17:03  16.4   08:17  43.3   0.0  0.00   6.6  29.0   23:42    NW
24   5.5  18.8   00:00  -5.4   21:06  59.5   0.0  0.00   9.6  38.0   01:34   NNW
25   0.4   5.3   14:59  -2.6   23:32  64.6   0.0  0.00   6.7  19.0   16:15     E
26   1.8   9.4   15:29  -2.7   03:50  63.2   0.0  0.00   5.9  19.0   10:24    SE
27   5.3  12.0   15:26  -5.6   07:20  59.7   0.0  0.00   5.6  21.0   01:58    NW
28  16.1  23.6   15:59   8.0   06:07  48.9   0.0  0.24   3.6  15.0   10:12     W
----------------------------------------------------------------------------------
    12.5  67.6     2   -17.5     8  1469.4   0.2  1.02   6.3  38.0    24       N

Max >=  90.0:  0
Max <=  32.0: 24
Min <=  32.0: 28
Min <=   0.0: 13
Max Rain: 0.25 on day 22
Days of Rain: 11 (>= 0.01 in)  3 (>= 0.10 in)  0 (>= 1.00 in)
Heat Base: 65.0  Cool Base: 65.0  Method: Integration