NOAA style reports

NOAA-style Climate Reports


Report for 2019 Jan
                   Monthly Climatological Summary for Jan 2019

Name: departure period NCDC 1981-2010   City: Valentine   State: Nebraska
Elevation: 2593 ft  Lat: N 42 52' 30"   Lon: W 100 33' 48"

                  Temperature (F), Rain (in), Wind Speed (mph)

                                      Heat  Cool        Avg
    Mean                              Deg   Deg         Wind                 Dom
Day Temp  High   Time   Low    Time   Days  Days  Rain  Speed High   Time    Dir
----------------------------------------------------------------------------------
 1   5.0  15.5   15:15  -7.9   08:52  60.0   0.0  0.00   4.3  21.0   21:30   WSW
 2  22.2  38.8   14:03   7.5   02:35  42.7   0.0  0.00   5.8  19.0   03:23     W
 3  32.5  48.6   14:58  22.3   04:47  32.5   0.0  0.00   5.1  20.0   12:24     W
 4  36.6  56.1   14:42  25.3   07:31  28.4   0.0  0.00   3.6  17.0   12:33     W
 5  37.1  52.8   13:59  26.8   08:24  27.9   0.0  0.00   2.6  12.0   14:18   WNW
 6  34.5  41.0   15:47  29.9   07:25  30.5   0.0  0.00   3.7  17.0   11:04    SE
 7  40.2  51.6   13:54  32.9   08:15  24.8   0.0  0.01   7.9  34.0   21:24     W
 8  31.5  39.3   13:07  21.6   23:59  33.5   0.0  0.01   9.4  37.0   01:26    NW
 9  23.7  34.2   13:34  12.0   07:53  41.3   0.0  0.00   4.9  19.0   20:24   SSE
10  31.0  49.2   15:41  19.7   08:16  34.0   0.0  0.00   2.8  16.0   01:05    SW
11  30.9  43.7   13:27  22.6   08:10  34.0   0.0  0.00   3.1  16.0   20:46     N
12  20.1  23.9   00:00  18.1   10:50  44.9   0.0  0.00   3.5  15.0   02:57     N
13  29.7  44.2   15:41  21.2   00:00  35.3   0.0  0.00   4.8  15.0   10:09    SW
14  27.8  42.8   12:46  17.3   08:32  37.2   0.0  0.00   2.6  15.0   12:47    NW
15  28.8  46.9   14:25  16.6   02:47  36.2   0.0  0.00   5.3  23.0   12:45     N
16  25.7  29.7   19:30  20.9   23:59  39.3   0.0  0.03   5.1  18.0   09:59   SSE
17  22.3  25.2   14:21  19.5   00:41  42.7   0.0  0.00   3.7  15.0   23:02     E
18  15.3  23.6   06:59   4.3   23:53  49.7   0.0  0.05   5.1  16.0   00:45    NE
19  12.2  26.7   16:20  -5.0   07:47  52.8   0.0  0.00   2.4  12.0   15:01     S
20  21.0  36.1   04:04  16.5   11:04  44.0   0.0  0.00   4.6  26.0   22:57   ESE
21  20.8  22.7   15:58  18.6   08:38  44.2   0.0  0.00  10.8  33.0   07:53     S
22  14.7  21.4   17:53   5.1   23:59  50.3   0.0  0.02  10.9  33.0   03:27   NNW
23  22.5  39.9   13:49   2.7   01:52  42.5   0.0  0.00   6.1  31.0   23:36    NW
24  10.0  28.7   00:00   1.2   22:32  55.0   0.0  0.00   9.1  35.0   03:16   NNW
25  23.7  28.7   13:55   3.6   00:14  41.3   0.0  0.08   5.0  29.0   10:55   WNW
26  31.1  36.5   12:03  26.3   22:07  33.9   0.0  0.04   7.4  31.0   07:32   WNW
27  39.4  52.6   13:52  29.2   00:08  25.1   0.0  0.01   9.3  46.0   23:48   WNW
28  23.0  32.2   00:00  18.9   18:15  42.0   0.0  0.02  14.8  46.0   02:02   NNW
29   5.5  20.3   01:27  -8.4   23:48  59.5   0.0  0.01   8.8  33.0   14:25   NNW
30   4.1  19.0   15:47 -10.1   02:23  60.8   0.0  0.00   4.0  18.0   19:38   ESE
31  26.0  46.7   15:18   7.7   03:50  39.0   0.0  0.00   3.5  24.0   11:43    NW
----------------------------------------------------------------------------------
    24.2  56.1     4   -10.1    30  1265.3   0.0  0.28   5.8  46.0    27      NW

Max >=  90.0:  0
Max <=  32.0: 12
Min <=  32.0: 30
Min <=   0.0:  4
Max Rain: 0.08 on day 25
Days of Rain: 10 (>= 0.01 in)  0 (>= 0.10 in)  0 (>= 1.00 in)
Heat Base: 65.0  Cool Base: 65.0  Method: Integration