NOAA style reports

NOAA-style Climate Reports


Report for 2018 Oct
                   Monthly Climatological Summary for Oct 2018

Name: departure period NCDC 1981-2010   City: Valentine   State: Nebraska
Elevation: 2593 ft  Lat: N 42 52' 30"   Lon: W 100 33' 48"

                  Temperature (F), Rain (in), Wind Speed (mph)

                                      Heat  Cool        Avg
    Mean                              Deg   Deg         Wind                 Dom
Day Temp  High   Time   Low    Time   Days  Days  Rain  Speed High   Time    Dir
----------------------------------------------------------------------------------
 1  49.9  62.4   17:22  42.6   07:34  15.1   0.0  0.03   2.9  18.0   08:00    SE
 2  58.8  76.3   14:56  45.5   03:47   8.1   1.9  0.00   7.2  21.0   09:51     S
 3  58.7  83.4   13:16  35.2   23:58   8.5   2.2  0.00   9.5  51.0   13:24   NNW
 4  34.5  39.3   16:34  29.5   04:08  30.5   0.0  0.12   4.5  21.0   23:54    SE
 5  40.8  46.3   16:21  36.7   08:10  24.2   0.0  0.02   5.8  26.0   13:03    NW
 6  40.5  54.0   16:47  26.2   07:50  24.5   0.0  0.00   2.6  14.0   20:10     E
 7  38.1  39.8   14:31  36.7   20:24  26.9   0.0  0.35   4.6  15.0   14:53   ENE
 8  38.3  40.9   16:52  36.9   06:00  26.7   0.0  0.48   4.9  20.0   11:35     N
 9  36.5  39.6   13:42  33.3   21:42  28.5   0.0  0.45   6.5  26.0   14:40     N
10  31.8  34.4   00:38  27.6   23:59  33.2   0.0  0.18   8.9  29.0   12:35   NNW
11  33.9  49.9   16:03  20.1   07:01  31.0   0.0  0.00   2.5  15.0   11:30     W
12  40.6  55.4   16:40  34.4   22:48  24.4   0.0  0.00   3.1  18.0   09:30    NW
13  40.0  52.1   13:08  30.1   23:46  25.0   0.0  0.03   7.3  28.0   09:26     N
14  26.8  30.1   00:00  22.2   23:56  38.2   0.0  0.26   6.3  24.0   15:13   NNW
15  30.0  48.6   17:02  12.9   08:15  35.0   0.0  0.00   5.0  20.0   14:04     W
16  45.3  63.9   15:09  30.1   07:48  19.6   0.0  0.00   5.5  25.0   13:14    NW
17  48.1  69.7   15:39  30.9   06:41  17.5   0.5  0.00   3.2  20.0   12:29     W
18  55.4  71.2   16:10  41.5   07:24  10.5   0.9  0.00   9.9  43.0   13:38   SSW
19  50.8  64.9   15:31  36.0   23:56  14.2   0.0  0.00   8.0  34.0   11:53    NW
20  44.2  57.9   15:46  31.7   07:14  20.8   0.0  0.00   3.6  19.0   11:03   NNW
21  52.5  72.2   14:19  36.5   23:59  13.6   1.0  0.00   3.8  18.0   16:15     N
22  44.6  65.5   15:54  28.3   08:11  20.4   0.0  0.00   2.1  14.0   13:27   ENE
23  44.4  63.9   15:40  25.6   08:03  20.6   0.0  0.00   4.9  27.0   17:18   SSE
24  50.1  60.7   15:48  41.0   03:54  14.9   0.0  0.00  10.5  35.0   13:29     S
25  51.9  69.0   15:11  40.2   23:50  13.5   0.4  0.00   6.6  31.0   16:54   WNW
26  48.0  67.6   13:39  34.1   08:28  17.0   0.0  0.00   4.5  25.0   13:44   WNW
27  50.1  76.4   15:13  33.8   06:36  16.3   1.4  0.00   6.7  41.0   15:51    NW
28  46.4  64.7   14:56  30.4   03:57  18.6   0.0  0.00   4.1  21.0   11:08   WNW
29  52.6  79.3   15:34  33.7   08:46  14.6   2.2  0.00   5.5  32.0   22:22   NNW
30  45.1  61.2   15:12  31.7   22:50  19.9   0.0  0.00   5.3  26.0   01:01    NW
31  39.9  59.5   15:05  26.5   23:57  25.0   0.0  0.00   3.9  23.0   15:46   WNW
----------------------------------------------------------------------------------
    44.1  83.4     3    12.9    15   656.8  10.5  1.92   5.5  51.0     3      NW

Max >=  90.0:  0
Max <=  32.0:  1
Min <=  32.0: 15
Min <=   0.0:  0
Max Rain: 0.48 on day 8
Days of Rain: 9 (>= 0.01 in)  6 (>= 0.10 in)  0 (>= 1.00 in)
Heat Base: 65.0  Cool Base: 65.0  Method: Integration