NOAA style reports

NOAA-style Climate Reports


Report for 2018 Aug
                   Monthly Climatological Summary for Aug 2018

Name: departure period NCDC 1981-2010   City: Valentine   State: Nebraska
Elevation: 2593 ft  Lat: N 42 52' 30"   Lon: W 100 33' 48"

                  Temperature (F), Rain (in), Wind Speed (mph)

                                      Heat  Cool        Avg
    Mean                              Deg   Deg         Wind                 Dom
Day Temp  High   Time   Low    Time   Days  Days  Rain  Speed High   Time    Dir
----------------------------------------------------------------------------------
 1  67.8  78.8   17:36  56.8   06:52   1.7   4.4  0.00   3.7  21.0   10:15    NE
 2  76.5  94.7   16:49  61.1   05:14   0.7  12.2  0.00   6.7  23.0   17:28   SSE
 3  75.5  83.8   13:54  66.0   23:56   0.0  10.5  0.01   5.3  23.0   01:45     S
 4  73.8  89.5   18:02  58.6   06:51   1.2  10.0  0.00   1.8  16.0   08:36     W
 5  70.2  74.5   16:45  65.2   23:57   0.0   5.2  0.06   2.7  16.0   02:16     E
 6  68.4  79.9   17:16  56.9   07:06   1.6   5.0  0.09   1.2  10.0   10:46    NE
 7  69.0  86.3   16:28  51.7   06:28   3.9   7.9  0.00   2.0  17.0   16:43   WSW
 8  73.7  91.7   16:27  53.3   05:54   2.9  11.6  0.00   1.8  16.0   16:04     S
 9  74.2  89.4   15:45  54.5   07:06   1.6  10.8  0.00   1.0  13.0   15:15     E
10  76.8  94.7   15:49  59.6   07:19   1.0  12.8  0.00   2.2  17.0   13:49   SSW
11  79.1  95.3   15:58  60.7   07:16   0.4  14.5  0.00   2.2  22.0   16:16     S
12  77.8  92.1   15:37  62.3   07:12   0.1  13.0  0.00   7.3  29.0   14:05     S
13  76.9  90.5   16:28  60.5   05:20   0.3  12.2  0.00   7.5  24.0   13:39     S
14  67.9  79.6   14:22  57.5   07:21   1.0   3.9  0.00   4.6  25.0   16:11    NW
15  61.7  71.0   10:31  55.6   05:00   3.8   0.4  1.71   1.8  23.0   12:37   ENE
16  68.2  84.3   17:06  53.4   07:07   3.4   6.5  0.00   0.9  12.0   09:29   WSW
17  70.9  85.9   16:37  55.8   07:15   2.2   8.2  0.00   1.0  11.0   14:02    SE
18  75.2  90.3   15:46  63.9   04:07   0.0  10.3  0.00   6.1  30.0   19:50     S
19  62.6  70.9   12:53  56.8   22:48   3.1   0.6  0.23   7.6  32.0   19:50    NW
20  60.3  71.6   16:46  49.6   07:01   6.0   1.3  0.00   7.2  30.0   11:18   NNW
21  59.7  69.6   15:53  52.4   05:59   6.1   0.7  0.00   1.4  14.0   16:57    NE
22  64.5  76.0   15:38  53.0   02:57   3.9   3.4  0.00   6.1  28.0   16:08     S
23  73.9  90.4   15:32  60.4   23:50   0.4   9.4  0.00   6.7  29.0   20:12   SSW
24  68.0  84.9   16:40  52.7   07:08   3.7   6.6  0.00   2.7  18.0   15:25   WNW
25  72.5  95.9   17:01  53.1   04:39   3.7  11.2  0.00   3.0  29.0   17:56     S
26  76.3  98.0   17:34  56.0   06:52   1.4  12.6  0.00   4.2  22.0   15:38     S
27  70.2  86.2   16:57  60.9   02:40   0.8   6.0  0.00   4.6  26.0   23:43    NE
28  57.4  65.5   18:01  47.3   23:51   7.6   0.0  0.01   4.4  18.0   00:31   NNW
29  61.3  79.7   16:41  42.4   03:48   7.8   4.1  0.00   7.0  29.0   17:34   SSE
30  73.7  91.9   16:03  58.4   06:13   1.3  10.0  0.00   8.1  29.0   12:07     S
31  75.2  87.2   16:37  64.9   07:18   0.0  10.2  0.00   3.6  19.0   11:12    NW
----------------------------------------------------------------------------------
    70.3  98.0    26    42.4    29    71.6 235.5  2.11   4.1  32.0    19     SSW

Max >=  90.0: 11
Max <=  32.0:  0
Min <=  32.0:  0
Min <=   0.0:  0
Max Rain: 1.71 on day 15
Days of Rain: 6 (>= 0.01 in)  2 (>= 0.10 in)  1 (>= 1.00 in)
Heat Base: 65.0  Cool Base: 65.0  Method: Integration