NOAA style reports

NOAA-style Climate Reports


Report for 2018 Jul
                   Monthly Climatological Summary for Jul 2018

Name: departure period NCDC 1981-2010   City: Valentine   State: Nebraska
Elevation: 2593 ft  Lat: N 42 52' 30"   Lon: W 100 33' 48"

                  Temperature (F), Rain (in), Wind Speed (mph)

                                      Heat  Cool        Avg
    Mean                              Deg   Deg         Wind                 Dom
Day Temp  High   Time   Low    Time   Days  Days  Rain  Speed High   Time    Dir
----------------------------------------------------------------------------------
 1  69.0  82.9   17:10  52.8   06:20   0.0   4.0  0.00   3.0  17.0   11:30   WSW
 2  78.7  90.8   14:40  65.8   00:20   0.0  13.7  0.00  12.5  29.0   11:00     S
 3  83.3  93.5   16:30  73.6   07:20   0.0  18.3  0.00   8.9  36.0   04:00     S
 4  73.4  79.9   00:20  66.6   07:00   0.0   8.4  0.07   4.0  23.0   00:50   ENE
 5  72.8  82.6   15:10  64.7   01:30   0.0   7.8  0.00   4.4  18.0   18:30     E
 6  75.8  87.4   16:30  63.8   06:10   0.0  10.8  0.00   8.9  27.0   14:20     S
 7  81.7  94.0   16:20  70.5   06:40   0.0  16.7  0.00  13.3  32.0   11:30     S
 8  83.6  96.5   17:10  72.3   06:30   0.0  18.6  0.00  11.4  32.0   13:40     S
 9  81.2  95.2   17:40  65.4   05:20   0.0  16.2  0.00   3.8  18.0   13:20   SSE
10  82.3  94.8   15:50  67.2   05:50   0.0  17.3  0.00  10.3  27.0   14:30     S
11  85.2  99.1   16:00  71.0   06:40   0.0  20.2  0.00  10.1  34.0   12:10     S
12  75.8  90.5   14:40  67.0   23:40   0.0  10.8  1.51   5.5  25.0   16:50     E
13  72.6  83.8   17:20  66.3   01:10   0.0   7.6  0.26   1.9  12.0   17:50     E
14  75.7  87.8   17:00  62.8   06:30   0.0  10.7  0.00   4.8  21.0   15:00     S
15  68.9  73.7   00:00  62.6   23:50   0.0   3.9  0.00   4.5  28.0   07:30   NNW
16  70.1  87.9   16:50  57.3   06:40   0.0   5.1  2.11   3.6  59.0   19:10   SSE
17  73.7  86.4   17:10  60.9   06:40   0.0   8.7  0.02   3.7  16.0   17:20   SSE
18  74.0  88.1   17:40  64.0   07:40   0.0   9.0  0.00   3.7  21.0   17:00     S
19  73.6  87.5   15:30  60.5   06:10   0.0   8.6  0.00   3.0  16.0   09:40   WNW
20  74.3  85.8   17:20  60.5   06:40   0.0   9.3  0.00   1.9  17.0   16:00   ENE
21  75.5  87.2   17:10  63.6   05:50   0.0  10.5  0.00   5.4  19.0   13:00    SE
22  77.1  90.9   16:10  68.6   23:50   0.0  12.1  0.97   6.3  47.0   20:40   SSE
23  72.4  81.7   17:20  63.1   07:00   0.0   7.4  0.00   2.7  23.0   03:40    NE
24  74.5  87.8   17:11  61.1   05:55   0.7  10.0  0.00   4.5  21.0   14:46     S
25  72.8  82.5   14:11  63.3   03:08   0.1   7.9  0.43   6.1  25.0   02:21     W
26  68.1  78.6   18:03  58.5   06:25   1.6   4.7  0.00   2.2  18.0   15:28    NE
27  65.2  79.3   15:40  55.6   07:01   2.8   3.0  0.24   4.3  24.0   17:23   ESE
28  65.5  76.5   14:46  59.8   06:40   1.9   2.4  0.02   3.4  13.0   20:42   ESE
29  64.9  71.8   15:53  60.8   06:48   1.4   1.2  0.03   2.3  17.0   15:10   SSE
30  64.3  76.6   17:19  56.2   07:41   3.2   2.5  0.21   2.4  19.0   05:47    NE
31  69.5  86.0   17:18  52.2   06:50   3.5   7.9  0.00   1.8  16.0   11:16   SSW
----------------------------------------------------------------------------------
    74.0  99.1    11    52.2    31    15.2 295.3  5.87   5.3  59.0    16     SSE

Max >=  90.0:  9
Max <=  32.0:  0
Min <=  32.0:  0
Min <=   0.0:  0
Max Rain: 2.11 on day 16
Days of Rain: 11 (>= 0.01 in)  7 (>= 0.10 in)  2 (>= 1.00 in)
Heat Base: 65.0  Cool Base: 65.0  Method: Integration