NOAA style reports

NOAA-style Climate Reports

Select a Year or Month report

Report for 2018 Jun
                   Monthly Climatological Summary for Jun 2018

Name: departure period NCDC 1981-2010   City: Valentine   State: Nebraska
Elevation: 2593 ft  Lat: N 42 52' 30"   Lon: W 100 33' 48"

                  Temperature (F), Rain (in), Wind Speed (mph)

                                      Heat  Cool        Avg
    Mean                              Deg   Deg         Wind                 Dom
Day Temp  High   Time   Low    Time   Days  Days  Rain  Speed High   Time    Dir
----------------------------------------------------------------------------------
 1  74.1  88.4   14:30  61.0   23:50   0.0   9.1  0.00  10.1  36.0   11:50   SSE
 2  63.7  75.6   15:50  50.2   05:50   1.3   0.0  0.00   6.6  30.0   13:20   WNW
 3  64.4  81.6   16:50  44.3   06:20   0.6   0.0  0.00   2.1  15.0   18:20     S
 4  73.9  88.6   16:10  58.3   06:20   0.0   8.9  0.00   7.7  32.0   11:10     S
 5  81.2 100.2   17:30  57.6   06:30   0.0  16.2  0.00   4.4  20.0   17:50   SSE
 6  79.8  90.9   01:30  69.4   07:50   0.0  14.8  0.00   7.4  36.0   02:50     E
 7  72.6  83.1   15:10  62.3   04:20   0.0   7.6  0.00   7.3  28.0   02:40    SE
 8  75.3  89.7   15:40  60.5   23:50   0.0  10.3  0.50   8.7  36.0   21:20    SE
 9  71.3  86.1   16:00  57.3   06:10   0.0   6.3  0.02   3.7  18.0   20:10   ESE
10  77.0  91.0   17:20  63.9   06:00   0.0  12.0  0.00   8.2  25.0   14:10    SE
11  67.5  77.9   17:00  58.4   03:00   0.0   2.5  0.03   8.3  41.0   02:40   NNW
12  62.1  75.2   17:30  50.6   06:10   2.9   0.0  0.00   3.8  22.0   07:40   NNE
13  63.6  83.8   18:20  47.6   06:10   1.4   0.0  0.09   5.0  23.0   16:50    SE
14  80.5  98.0   16:50  61.1   06:30   0.0  15.5  0.00   7.3  33.0   20:30   SSE
15  75.9  85.4   01:00  65.0   07:20   0.0  10.9  0.00   3.6  23.0   01:00   NNE
16  73.7  94.4   15:50  63.8   05:50   0.0   8.7  0.41   4.3  24.0   15:30   ENE
17  63.3  70.1   12:10  57.7   22:50   1.7   0.0  0.19   5.4  23.0   19:30    NE
18  61.2  67.8   18:00  57.0   03:40   3.8   0.0  1.33   4.8  19.0   02:20   ENE
19  64.2  73.7   15:10  58.8   07:50   0.8   0.0  0.22   4.3  18.0   09:20   NNE
20  63.0  69.8   15:30  58.4   23:40   2.0   0.0  0.98   4.8  22.0   19:20   NNE
21  66.4  78.9   17:00  54.7   06:50   0.0   1.4  0.00   5.5  22.0   13:40     N
22  67.0  80.1   16:30  52.2   05:30   0.0   2.0  0.00   6.1  27.0   16:10   SSE
23  70.5  84.4   17:50  56.4   06:00   0.0   5.5  0.00   3.1  20.0   12:40     W
24  65.4  78.7   13:40  59.0   15:20   0.0   0.4  0.60   2.7  28.0   14:30    NW
25  62.0  67.4   18:50  57.4   00:40   3.0   0.0  0.30   2.6  18.0   16:50    NE
26  71.1  86.1   17:40  57.3   02:30   0.0   6.1  0.00   2.4  15.0   18:00    SE
27  73.5  83.5   17:00  65.6   02:50   0.0   8.5  0.00   3.5  19.0   04:10   ESE
28  79.8  90.5   16:30  69.8   02:50   0.0  14.8  0.00   6.0  29.0   18:10    SE
29  74.5  80.6   10:30  66.8   23:30   0.0   9.5  0.00   5.8  28.0   03:10     W
30  65.3  76.1   16:20  58.2   23:50   0.0   0.3  1.30   5.1  34.0   20:10     N
----------------------------------------------------------------------------------
    70.1 100.2     5    44.3     3    17.5 171.3  5.97   5.4  41.0    11     ESE

Max >=  90.0:  6
Max <=  32.0:  0
Min <=  32.0:  0
Min <=   0.0:  0
Max Rain: 1.33 on day 18
Days of Rain: 12 (>= 0.01 in)  9 (>= 0.10 in)  2 (>= 1.00 in)
Heat Base: 65.0  Cool Base: 65.0  Method: Integration