NOAA style reports

NOAA-style Climate Reports


Report for 2018 May
                   Monthly Climatological Summary for May 2018

Name: departure period NCDC 1981-2010   City: Valentine   State: Nebraska
Elevation: 2593 ft  Lat: N 42 52' 30"   Lon: W 100 33' 48"

                  Temperature (F), Rain (in), Wind Speed (mph)

                                      Heat  Cool        Avg
    Mean                              Deg   Deg         Wind                 Dom
Day Temp  High   Time   Low    Time   Days  Days  Rain  Speed High   Time    Dir
----------------------------------------------------------------------------------
 1  50.6  59.9   17:00  44.9   05:10  14.4   0.0  0.00   6.1  23.0   01:00     N
 2  52.1  66.4   17:10  34.3   06:50  12.9   0.0  0.00   1.4  15.0   17:00   ENE
 3  49.6  63.0   17:00  34.0   19:21  15.4   0.0  0.13   2.2  20.0   18:10   ENE
 4  60.6  81.0   16:20  40.2   04:10   4.4   0.0  0.00   4.1  21.0   13:10     W
 5  63.9  83.9   15:00  42.1   06:10   1.1   0.0  0.00   3.6  27.0   20:30    NW
 6  64.0  78.1   17:20  44.9   06:30   1.0   0.0  0.00   2.4  15.0   02:50   ESE
 7  70.6  86.2   16:10  55.3   00:30   0.0   5.6  0.02  11.8  44.0   13:50   SSW
 8  64.5  77.7   15:10  52.5   06:30   0.5   0.0  0.47   6.8  45.0   01:20    NW
 9  64.1  79.3   16:10  47.8   06:50   0.9   0.0  0.00   7.3  27.0   16:40    NW
10  53.5  67.4   14:00  44.7   22:40  11.5   0.0  0.80   7.6  46.0   22:40   ESE
11  45.7  48.8   16:00  42.2   09:00  19.3   0.0  0.09   5.1  17.0   01:30     E
12  48.4  51.5   15:00  46.1   06:40  16.6   0.0  0.23   5.4  20.0   02:20   ENE
13  52.2  55.6   18:00  49.2   05:50  12.8   0.0  0.04   1.7  12.0   04:40   ENE
14  60.4  72.9   17:00  52.4   06:00   4.6   0.0  0.00   2.7  19.0   12:30     N
15  65.1  78.5   17:20  52.5   03:10   0.0   0.1  0.00   2.8  16.0   18:50    SE
16  68.6  83.2   14:50  52.5   06:30   0.0   3.6  0.00   4.3  26.0   17:40     S
17  72.9  86.1   16:40  55.5   23:20   0.0   7.9  0.63  12.2  38.0   23:20   SSE
18  61.5  71.1   17:50  54.5   01:10   3.5   0.0  0.68   7.5  31.0   23:50     E
19  48.1  55.8   00:00  43.7   08:50  16.9   0.0  0.44   8.2  26.0   01:10   NNE
20  52.5  61.0   16:50  44.1   05:10  12.5   0.0  0.00   3.2  16.0   11:30    NE
21  61.1  76.7   16:50  41.7   06:30   3.9   0.0  0.00   3.1  20.0   17:20   SSE
22  69.9  84.2   15:40  54.1   07:00   0.0   4.9  0.03   4.3  28.0   23:50    SE
23  73.7  84.8   15:40  62.2   02:10   0.0   8.7  0.03   8.9  37.0   22:30     S
24  72.1  88.9   16:40  59.6   06:20   0.0   7.1  0.30   5.0  22.0   10:20   SSW
25  73.1  89.9   15:30  55.1   06:20   0.0   8.1  0.00   2.0  16.0   18:30    NW
26  77.0  94.2   17:10  55.6   05:40   0.0  12.0  0.00   5.5  21.0   23:30   SSE
27  79.5  92.7   16:00  63.6   23:30   0.0  14.5  0.07   9.5  38.0   20:00   SSW
28  67.6  76.8   14:40  61.0   06:30   0.0   2.6  0.44   6.1  40.0   08:50   SSE
29  67.1  78.6   14:20  57.8   06:30   0.0   2.1  0.00   7.1  29.0   15:30     S
30  69.3  82.3   16:40  57.9   03:50   0.0   4.3  0.00   5.9  26.0   14:40     W
31  72.7  89.0   15:20  53.3   04:20   0.0   7.7  0.00   4.1  18.0   17:10     S
----------------------------------------------------------------------------------
    63.0  94.2    26    34.0     3   152.2  89.2  4.40   5.4  46.0    10     SSE

Max >=  90.0:  2
Max <=  32.0:  0
Min <=  32.0:  0
Min <=   0.0:  0
Max Rain: 0.80 on day 10
Days of Rain: 15 (>= 0.01 in)  9 (>= 0.10 in)  0 (>= 1.00 in)
Heat Base: 65.0  Cool Base: 65.0  Method: Integration