NOAA style reports

NOAA-style Climate Reports


Report for 2018 Apr
                   Monthly Climatological Summary for Apr 2018

Name: departure period NCDC 1981-2010   City: Valentine   State: Nebraska
Elevation: 2593 ft  Lat: N 42 52' 30"   Lon: W 100 33' 48"

                  Temperature (F), Rain (in), Wind Speed (mph)

                                      Heat  Cool        Avg
    Mean                              Deg   Deg         Wind                 Dom
Day Temp  High   Time   Low    Time   Days  Days  Rain  Speed High   Time    Dir
----------------------------------------------------------------------------------
 1  26.6  36.8   14:34  19.4   07:16  38.4   0.0  0.00   7.4  25.0   17:13   SSW
 2  37.3  57.5   15:33  26.6   00:58  27.7   0.0  0.05  10.7  31.0   03:39     S
 3  19.3  29.2   00:00   8.5   23:59  45.7   0.0  0.18  11.1  34.0   10:43   NNW
 4  28.3  52.8   17:04   6.1   01:00  36.7   0.0  0.00   4.3  23.0   11:40   SSE
 5  34.5  46.4   15:53  24.4   01:38  30.5   0.0  0.00   5.8  23.0   17:25   NNW
 6  19.6  30.5   00:00  12.2   09:56  45.4   0.0  0.09   8.3  27.0   05:09     N
 7  24.3  36.7   16:11   9.0   06:47  40.7   0.0  0.00   7.3  27.0   12:44     S
 8  34.6  46.9   12:31  25.8   23:59  30.4   0.0  0.04  12.1  39.0   13:16   WNW
 9  32.7  46.5   17:47  23.9   02:18  32.3   0.0  0.03   3.6  17.0   10:15    NW
10  49.6  68.5   15:17  29.5   07:38  15.6   0.3  0.00   3.8  23.0   12:26     W
11  54.1  82.5   16:39  35.7   06:44  12.9   2.0  0.00   4.4  38.0   16:52    NW
12  49.6  63.8   13:27  34.9   07:00  15.4   0.0  0.00   7.4  27.0   16:48     E
13  30.3  44.8   00:00  22.1   20:51  34.7   0.0  0.68  20.9  54.0   18:44   NNE
14  22.8  29.4   17:54  13.5   23:15  42.0   0.0  0.16  18.4  47.0   02:09     N
15  20.6  33.2   17:03   6.3   07:09  44.4   0.0  0.00   3.7  19.0   11:41   NNW
16  26.7  41.2   16:15   9.0   06:04  38.3   0.0  0.00   5.8  21.0   17:01    SE
17  35.5  47.0   15:30  27.2   06:40  29.5   0.0  0.14   9.0  28.0   12:16   ESE
18  34.5  46.1   16:49  27.0   07:23  30.5   0.0  0.13   5.2  21.0   17:24   NNW
19  39.2  55.6   17:19  22.3   06:28  25.8   0.0  0.00   4.3  21.0   18:11   SSE
20  40.8  48.9   15:21  32.3   06:29  24.2   0.0  0.10   5.5  27.0   09:30   SSE
21  42.0  51.0   15:53  36.5   23:56  23.0   0.0  0.03   4.0  16.0   14:41   SSE
22  47.9  61.6   15:58  34.3   01:55  17.1   0.0  0.00   5.5  24.0   16:25     S
23  54.1  70.2   16:54  33.8   06:53  11.5   0.6  0.00   5.9  27.0   11:09     S
24  39.1  55.3   00:00  35.8   22:18  25.9   0.0  0.07  12.6  34.0   15:38    NW
25  48.2  65.9   18:14  29.3   06:19  16.7   0.0  0.00   4.5  20.0   15:22    SW
26  52.1  63.2   16:43  40.5   23:59  12.9   0.0  0.00   9.0  33.0   06:28   NNW
27  53.1  70.6   15:31  34.8   06:46  12.9   1.0  0.00   5.8  27.0   10:56   NNE
28  50.9  67.2   16:31  29.8   06:35  14.3   0.2  0.00   6.9  28.0   17:52   SSE
29  65.5  82.1   17:44  49.5   06:37   5.3   5.8  0.00  17.4  39.0   14:50     S
30  62.4  73.0   15:46  49.1   23:32   4.4   1.8  0.00   8.0  37.0   01:01   NNW
----------------------------------------------------------------------------------
    39.2  82.5    11     6.1     4   785.1  11.7  1.70   7.9  54.0    13      NW

Max >=  90.0:  0
Max <=  32.0:  3
Min <=  32.0: 19
Min <=   0.0:  0
Max Rain: 0.68 on day 13
Days of Rain: 12 (>= 0.01 in)  6 (>= 0.10 in)  0 (>= 1.00 in)
Heat Base: 65.0  Cool Base: 65.0  Method: Integration