NOAA style reports

NOAA-style Climate Reports

Select a Year or Month report

Report for 2018 Jan
                   Monthly Climatological Summary for Jan 2018

Name: departure period NCDC 1981-2010   City: Valentine   State: Nebraska
Elevation: 2593 ft  Lat: N 42 52' 30"   Lon: W 100 33' 48"

                  Temperature (F), Rain (in), Wind Speed (mph)

                                      Heat  Cool        Avg
    Mean                              Deg   Deg         Wind                 Dom
Day Temp  High   Time   Low    Time   Days  Days  Rain  Speed High   Time    Dir
----------------------------------------------------------------------------------
 1  -8.5  11.7   15:09 -25.7   08:18  73.5   0.0  0.00   1.5  15.0   15:23   SSE
 2  10.6  26.8   16:33 -10.2   04:03  54.4   0.0  0.00   5.6  23.0   23:51     W
 3  20.9  26.8   12:51  11.1   23:58  44.1   0.0  0.00   4.9  30.0   01:49    NW
 4  20.9  36.9   14:09   6.8   03:38  44.1   0.0  0.00   2.7  18.0   13:20   WNW
 5  13.3  19.7   14:32   4.9   05:35  51.7   0.0  0.00   4.2  16.0   21:48    SE
 6  23.3  33.5   13:22  13.6   04:58  41.7   0.0  0.00   5.5  23.0   14:13   SSW
 7  33.3  42.7   15:41  22.8   00:46  31.7   0.0  0.00   4.3  25.0   12:03   WNW
 8  33.6  53.1   14:28  20.2   07:30  31.2   0.0  0.00   1.6  12.0   11:39    SW
 9  38.9  58.1   15:37  25.2   03:50  26.1   0.0  0.00   1.6  18.0   23:42    SW
10  34.8  53.3   12:19   8.8   23:29  30.2   0.0  0.04   9.0  48.0   18:47   NNW
11   5.2  13.5   14:18  -0.2   06:25  59.8   0.0  0.03  11.7  38.0   02:30    NW
12   2.6   6.3   15:44  -1.5   01:02  62.4   0.0  0.05   2.5  12.0   08:37   ESE
13  11.2  21.3   23:41   2.5   01:09  53.8   0.0  0.06   4.5  21.0   13:01     S
14  24.1  38.8   11:33   6.7   23:58  40.9   0.0  0.10   7.0  36.0   19:29    NW
15  -1.6   6.8   00:00  -7.3   23:58  66.6   0.0  0.00  12.5  32.0   08:14    NW
16   2.6  19.3   15:37 -12.4   06:23  62.4   0.0  0.00   3.5  18.0   00:23   SSW
17  23.2  42.0   13:49   7.2   00:40  41.8   0.0  0.00   3.7  16.0   15:36   WSW
18  32.5  47.3   15:01  19.3   06:28  32.5   0.0  0.00   2.4  10.0   11:46    SW
19  41.4  59.6   11:18  27.2   23:59  23.6   0.0  0.00   4.2  23.0   11:30     W
20  32.3  40.6   14:10  23.6   06:20  32.7   0.0  0.00   3.1  19.0   23:40   NNE
21  31.0  33.9   00:00  27.6   22:17  34.0   0.0  0.27  10.8  27.0   18:41   NNE
22  25.0  31.8   14:07  14.2   22:37  40.0   0.0  0.08  11.1  31.0   01:51    NW
23  25.4  39.3   14:48  11.7   03:09  39.6   0.0  0.00   5.8  23.0   14:42     W
24  25.9  43.4   14:41  10.4   07:57  39.1   0.0  0.00   2.6  16.0   13:09   WSW
25  32.7  48.6   15:48  18.2   04:05  32.3   0.0  0.00   1.8  16.0   22:05    SW
26  34.9  42.5   13:51  23.5   23:48  30.1   0.0  0.00   6.6  29.0   14:02   WNW
27  29.0  43.1   14:41  12.8   23:51  36.0   0.0  0.00   6.8  25.0   19:26     W
28  14.4  21.0   13:33   9.2   22:51  50.6   0.0  0.00   3.0  15.0   16:32   NNE
29  21.6  35.1   15:22   6.5   02:51  43.4   0.0  0.00   3.3  13.0   23:52   SSE
30  37.6  50.0   12:45  24.8   06:17  27.4   0.0  0.00   5.6  26.0   23:48     W
31  32.9  41.6   14:45  16.4   23:53  32.1   0.0  0.00   5.9  27.0   14:52   WNW
----------------------------------------------------------------------------------
    22.7  59.6    19   -25.7     1  1309.8   0.0  0.63   5.1  48.0    10     WNW

Max >=  90.0:  0
Max <=  32.0: 11
Min <=  32.0: 31
Min <=   0.0:  6
Max Rain: 0.27 on day 21
Days of Rain: 7 (>= 0.01 in)  2 (>= 0.10 in)  0 (>= 1.00 in)
Heat Base: 65.0  Cool Base: 65.0  Method: Integration