NOAA style reports

NOAA-style Climate Reports


Report for 2017 Oct
                   Monthly Climatological Summary for Oct 2017

Name: departure period NCDC 1981-2010   City: Valentine   State: Nebraska
Elevation: 2593 ft  Lat: N 42 52' 30"   Lon: W 100 33' 48"

                  Temperature (F), Rain (in), Wind Speed (mph)

                                      Heat  Cool        Avg
    Mean                              Deg   Deg         Wind                 Dom
Day Temp  High   Time   Low    Time   Days  Days  Rain  Speed High   Time    Dir
----------------------------------------------------------------------------------
 1  62.1  73.6   15:38  49.0   23:37   4.4   1.5  0.36   7.1  27.0   02:42    SW
 2  50.0  53.6   15:55  47.0   01:49  15.0   0.0  0.08   3.9  21.0   23:30     N
 3  50.3  61.3   16:04  40.5   23:57  14.7   0.0  0.06   3.6  16.0   11:22    NW
 4  47.6  58.4   17:00  33.0   07:55  17.4   0.0  0.00   4.1  18.0   14:28    SE
 5  57.7  65.6   16:29  46.9   23:40   7.3   0.0  0.00   5.7  18.0   01:23    NW
 6  51.9  57.8   14:02  47.6   00:00  13.1   0.0  0.71   2.8  13.0   14:29   ENE
 7  58.3  76.7   16:22  41.2   07:55   9.5   2.7  0.01   4.8  21.0   23:15    SW
 8  52.1  60.6   14:28  41.1   07:32  12.9   0.0  0.00   9.4  31.0   02:36     N
 9  40.1  48.2   00:00  28.3   23:43  24.9   0.0  0.18   7.1  34.0   00:30   NNW
10  39.9  58.9   15:42  21.9   07:56  25.1   0.0  0.00   2.2  12.0   17:49     S
11  51.9  70.8   16:21  37.1   07:08  13.6   0.6  0.00  11.1  30.0   14:29     S
12  54.7  75.6   14:38  40.2   08:01  11.5   1.2  0.00   6.5  24.0   16:04   WNW
13  50.6  63.8   16:57  38.3   07:41  14.4   0.0  0.00   4.2  20.0   01:45   ESE
14  42.7  48.4   11:35  34.6   23:50  22.3   0.0  0.04   6.7  47.0   14:41    NW
15  41.9  60.9   14:35  26.9   05:51  23.1   0.0  0.00   3.8  23.0   14:30     W
16  50.6  79.0   15:33  31.2   01:32  16.7   2.4  0.00   3.0  16.0   16:17   WSW
17  54.8  81.0   15:28  34.4   05:55  13.6   3.4  0.00   4.0  22.0   14:55    SW
18  54.6  68.3   16:25  41.9   23:23  10.6   0.3  0.00   5.1  28.0   10:02   NNW
19  62.1  84.7   16:21  41.5   07:49   8.1   5.3  0.00   9.5  30.0   13:43   SSW
20  63.7  76.2   14:33  50.6   08:24   3.8   2.4  0.00  11.9  34.0   15:05     S
21  50.7  64.2   00:00  31.7   00:00  14.3   0.0  0.08   7.8  34.0   07:48   WNW
22  47.3  69.4   15:55  28.7   06:25  18.0   0.3  0.00   4.4  25.0   11:59   WSW
23  52.8  59.5   15:29  46.4   23:59  12.1   0.0  0.00  15.0  41.0   14:38    NW
24  45.1  58.2   16:01  34.4   07:39  19.9   0.0  0.00  11.1  32.0   01:38    NW
25  54.1  77.8   16:02  36.5   08:40  13.6   2.7  0.00   4.9  17.0   11:44   WSW
26  40.7  57.3   05:38  28.5   22:55  24.3   0.0  0.00  22.6  49.0   08:39    NW
27  28.6  42.5   16:15  16.4   23:57  36.4   0.0  0.00  14.1  35.0   00:23    NW
28  31.9  53.8   15:31  11.8   05:02  33.1   0.0  0.00   4.9  23.0   15:46   WNW
29  44.5  62.3   11:25  34.2   06:02  20.5   0.0  0.00  11.9  34.0   15:02    NW
30  31.1  41.9   00:00  15.2   23:58  34.0   0.0  0.00  14.7  35.0   12:55    NW
31  24.1  35.8   14:58  10.2   04:20  40.9   0.0  0.00  10.3  32.0   15:39   SSW
----------------------------------------------------------------------------------
    48.0  84.7    19    10.2    31   549.1  22.8  1.52   7.7  49.0    26     WNW

Max >=  90.0:  0
Max <=  32.0:  0
Min <=  32.0: 11
Min <=   0.0:  0
Max Rain: 0.71 on day 6
Days of Rain: 8 (>= 0.01 in)  3 (>= 0.10 in)  0 (>= 1.00 in)
Heat Base: 65.0  Cool Base: 65.0  Method: Integration