NOAA style reports

NOAA-style Climate Reports


Report for 2017 Sep
                   Monthly Climatological Summary for Sep 2017

Name: departure period NCDC 1981-2010   City: Valentine   State: Nebraska
Elevation: 2593 ft  Lat: N 42 52' 30"   Lon: W 100 33' 48"

                  Temperature (F), Rain (in), Wind Speed (mph)

                                      Heat  Cool        Avg
    Mean                              Deg   Deg         Wind                 Dom
Day Temp  High   Time   Low    Time   Days  Days  Rain  Speed High   Time    Dir
----------------------------------------------------------------------------------
 1  73.3  89.0   16:03  61.7   23:46   0.2   8.4  0.04   7.4  24.0   01:00   SSW
 2  71.1  86.6   16:45  56.7   07:14   2.2   8.3  0.00   2.7  13.0   18:11   SSE
 3  77.8  98.8   16:21  58.7   05:03   0.9  13.7  0.00   5.1  21.0   18:12     W
 4  63.1  73.9   14:25  47.5   23:58   4.2   2.3  0.00   6.8  27.0   16:06   NNW
 5  55.6  71.8   16:11  40.3   06:47  10.6   1.1  0.00   6.5  25.0   12:08    NW
 6  56.7  77.2   16:21  36.5   05:29  11.1   2.7  0.00   2.7  13.0   14:51     W
 7  65.3  90.0   16:32  40.2   07:30   7.8   8.1  0.00   2.1  12.0   15:48     S
 8  69.0  90.0   16:19  47.1   07:14   5.4   9.5  0.00   3.8  19.0   15:15    SE
 9  71.8  86.5   15:44  60.4   07:33   0.7   7.4  0.07   9.3  30.0   15:53   SSE
10  72.3  89.8   16:11  54.9   06:59   2.4   9.8  0.00   5.4  21.0   16:05     S
11  75.9  91.9   16:33  61.3   06:33   0.2  11.1  0.08   3.5  22.0   07:34     E
12  76.0  96.9   15:39  58.7   07:27   0.8  11.8  0.04   5.4  26.0   19:42     S
13  74.8  94.0   16:16  59.2   07:50   0.5  10.3  0.00   2.5  13.0   04:07   SSE
14  73.0  85.7   15:08  60.4   08:12   0.7   8.6  0.00   4.9  19.0   12:45    NW
15  62.3  67.4   00:01  55.2   23:59   2.7   0.1  0.38   6.3  26.0   23:36    NE
16  50.6  59.7   17:03  41.9   23:56  14.4   0.0  0.38   6.0  27.0   00:13    NW
17  50.9  65.5   17:08  37.1   07:04  14.1   0.0  0.01   5.7  24.0   18:09   SSE
18  65.6  86.9   17:40  47.1   08:07   4.4   5.0  0.00   4.6  22.0   01:08   SSW
19  68.8  83.1   17:58  59.4   06:53   1.2   5.1  0.00   8.8  33.0   20:51   SSW
20  61.6  76.3   16:27  46.3   07:48   6.1   2.7  0.00   5.0  24.0   00:09    SW
21  69.7  88.8   16:46  52.1   02:29   3.4   8.1  0.00   8.8  25.0   12:54   SSE
22  63.4  74.1   15:49  50.1   08:05   3.9   2.3  0.04   7.4  26.0   03:15     W
23  48.7  51.6   16:58  46.6   09:33  16.3   0.0  0.99   5.7  29.0   15:36   NNE
24  50.4  54.7   14:48  48.4   09:46  14.6   0.0  0.56   5.6  20.0   17:01   NNW
25  47.5  51.0   15:00  45.1   07:46  17.5   0.0  0.27   5.3  19.0   03:13   NNE
26  50.9  68.5   16:50  36.0   07:47  14.3   0.2  0.00   1.4  15.0   15:19     W
27  51.4  70.8   15:51  36.1   07:31  14.2   0.6  0.00   2.2  12.0   16:11   WNW
28  55.5  76.5   15:50  39.0   07:11  11.9   2.3  0.00   1.8  15.0   15:32   WNW
29  58.9  74.5   14:10  46.4   07:15   8.2   2.0  0.00   3.5  18.0   13:41   SSE
30  62.6  70.1   16:39  57.9   07:07   3.0   0.6  0.00  14.2  33.0   17:34     S
----------------------------------------------------------------------------------
    63.2  98.8     3    36.0    26   197.9 142.1  2.86   5.3  33.0    19     SSW

Max >=  90.0:  6
Max <=  32.0:  0
Min <=  32.0:  0
Min <=   0.0:  0
Max Rain: 0.99 on day 23
Days of Rain: 11 (>= 0.01 in)  5 (>= 0.10 in)  0 (>= 1.00 in)
Heat Base: 65.0  Cool Base: 65.0  Method: Integration