NOAA style reports

NOAA-style Climate Reports


Report for 2017 Aug
                   Monthly Climatological Summary for Aug 2017

Name: departure period NCDC 1981-2010   City: Valentine   State: Nebraska
Elevation: 2593 ft  Lat: N 42 52' 30"   Lon: W 100 33' 48"

                  Temperature (F), Rain (in), Wind Speed (mph)

                                      Heat  Cool        Avg
    Mean                              Deg   Deg         Wind                 Dom
Day Temp  High   Time   Low    Time   Days  Days  Rain  Speed High   Time    Dir
----------------------------------------------------------------------------------
 1  72.2  90.0   13:15  58.3   06:33   1.2   8.4  0.00   3.9  37.0   13:33   ENE
 2  68.0  83.6   12:46  58.0   03:34   2.0   5.0  0.01   4.5  31.0   21:40   WSW
 3  58.9  69.7   15:49  50.3   23:57   6.5   0.4  0.00   8.0  28.0   09:40   NNW
 4  62.9  80.7   16:27  42.0   06:29   7.3   5.2  0.00   7.8  26.0   14:13     S
 5  66.8  79.7   12:40  60.0   23:50   1.2   3.0  0.34   5.3  21.0   02:48   ESE
 6  64.3  78.1   16:28  56.6   02:30   3.1   2.4  0.12   1.8  19.0   18:40   ENE
 7  63.0  78.0   18:04  49.4   05:39   5.1   3.1  0.00   3.1  18.0   11:22     E
 8  66.1  82.9   14:11  54.9   06:46   3.1   4.3  0.82   6.5  27.0   20:19     S
 9  70.1  82.9   16:36  58.2   06:48   1.2   6.3  0.00   5.0  20.0   12:30   WNW
10  63.1  74.2   15:23  53.4   06:33   3.9   2.0  0.00   2.8  16.0   16:18   NNW
11  66.0  81.7   16:32  47.2   07:02   5.3   6.3  0.00   3.8  18.0   15:05     S
12  69.6  85.2   16:26  58.1   06:54   1.4   6.0  0.00   9.2  25.0   16:58     S
13  69.2  80.2   16:48  58.9   06:30   1.4   5.5  0.00   4.6  21.0   00:21   ESE
14  70.4  83.7   15:44  58.1   04:47   1.6   6.9  0.01   5.3  19.0   15:26   ESE
15  69.1  80.0   17:05  61.0   22:18   0.7   4.8  0.47   5.4  25.0   21:54    SE
16  63.5  72.7   18:04  54.0   23:30   2.4   1.0  0.66   6.1  22.0   11:06    NW
17  68.7  89.9   16:34  49.1   04:54   5.3   9.0  0.22   5.6  30.0   20:49   SSW
18  70.2  84.8   15:33  54.2   06:56   2.4   7.6  0.00   4.5  19.0   13:15    NW
19  76.3  95.1   15:50  59.6   03:49   0.8  12.2  0.00   5.2  24.0   12:20     S
20  73.1  84.5   16:33  62.0   04:04   0.1   8.2  0.00   7.1  23.0   05:32   ENE
21  68.3  78.6   16:41  61.4   04:18   0.5   3.8  0.00   4.3  21.0   18:41   NNE
22  65.4  80.9   17:17  46.5   07:03   4.7   5.1  0.00   2.7  12.0   17:42   SSE
23  73.2  89.4   17:11  55.7   05:05   2.1  10.3  0.00   7.9  28.0   09:47   SSW
24  72.6  84.4   15:46  62.0   06:06   0.1   7.8  0.00   4.4  18.0   00:11     E
25  72.3  92.8   17:11  59.1   07:15   1.2   8.6  0.26   5.7  29.0   18:25    SE
26  70.1  86.5   15:33  54.5   07:03   2.5   7.5  0.04   4.2  27.0   23:05   ESE
27  69.7  82.8   16:54  57.8   05:53   1.7   6.4  0.13   4.4  29.0   00:28    NE
28  70.1  87.9   16:14  54.2   06:31   2.9   8.0  0.00   4.1  23.0   18:17    SE
29  72.6  89.3   16:53  56.1   07:17   1.6   9.3  0.00   5.6  20.0   12:12   SSE
30  73.7  89.3   14:30  57.7   07:23   1.0   9.7  0.00   4.2  21.0   22:08     S
31  70.5  79.4   17:30  61.6   07:34   0.5   5.9  0.00   7.1  22.0   23:47   SSE
----------------------------------------------------------------------------------
    68.7  95.1    19    42.0     4    74.8 190.0  3.08   5.2  37.0     1      SE

Max >=  90.0:  3
Max <=  32.0:  0
Min <=  32.0:  0
Min <=   0.0:  0
Max Rain: 0.82 on day 8
Days of Rain: 11 (>= 0.01 in)  8 (>= 0.10 in)  0 (>= 1.00 in)
Heat Base: 65.0  Cool Base: 65.0  Method: Integration