NOAA style reports

NOAA-style Climate Reports


Report for 2017 Jun
                   Monthly Climatological Summary for Jun 2017

Name: departure period NCDC 1981-2010   City: Valentine   State: Nebraska
Elevation: 2593 ft  Lat: N 42 52' 30"   Lon: W 100 33' 48"

                  Temperature (F), Rain (in), Wind Speed (mph)

                                      Heat  Cool        Avg
    Mean                              Deg   Deg         Wind                 Dom
Day Temp  High   Time   Low    Time   Days  Days  Rain  Speed High   Time    Dir
----------------------------------------------------------------------------------
 1  67.6  84.1   17:28  48.0   05:37   4.8   7.4  0.00   7.6  24.0   16:04    SE
 2  75.2  90.4   16:29  60.2   06:23   0.4  10.6  0.00  10.2  32.0   15:38   SSE
 3  69.8  83.3   16:10  57.3   23:58   1.4   6.2  0.00   5.2  21.0   14:36   NNW
 4  70.1  88.1   17:33  48.0   06:04   4.5   9.6  0.00   2.5  12.0   14:41     S
 5  74.9  92.4   17:12  54.6   04:42   2.3  12.2  0.00   2.8  15.0   13:57    SE
 6  65.3  73.6   02:22  59.2   23:57   1.0   1.3  0.08   5.2  18.0   13:58    NW
 7  68.1  84.6   17:12  51.0   05:58   4.0   7.1  0.00   2.2  15.0   16:27    SE
 8  74.4  88.6   16:28  59.7   05:53   0.9  10.2  0.00   4.6  18.0   14:53    SE
 9  80.5  98.9   17:00  64.5   06:15   0.0  15.5  0.00  13.3  39.0   14:07     S
10  75.8  87.1   16:56  63.4   07:33   0.1  10.9  0.00   9.8  36.0   01:57     S
11  74.5  87.2   16:38  64.6   06:58   0.0   9.5  0.00   8.9  30.0   04:37    NE
12  73.0  82.5   18:05  64.8   07:49   0.0   8.0  0.00   8.6  24.0   13:17   ENE
13  73.2  84.8   17:18  59.5   23:51   0.4   8.6  0.00   6.7  22.0   05:11   NNW
14  69.1  83.6   17:00  53.3   06:37   2.7   6.9  0.00   5.4  23.0   23:30   WSW
15  69.3  88.3   16:25  47.5   06:07   4.5   8.9  0.00   2.3  16.0   00:22   SSW
16  73.0  87.0   13:51  60.9   00:20   0.6   8.6  0.00   4.3  23.0   17:02    NE
17  64.6  72.1   18:57  57.8   23:58   1.7   1.3  0.07   4.9  47.0   15:51     W
18  63.0  77.8   14:21  45.0   06:24   5.9   4.0  0.00   4.8  24.0   15:02     W
19  66.5  83.2   15:58  45.0   06:19   5.6   7.1  0.00   4.9  24.0   16:03     W
20  73.0  93.2   17:14  48.2   06:55   4.1  12.1  0.00   3.8  20.0   20:01   ESE
21  79.1  95.7   16:27  64.8   06:46   0.0  14.1  0.00   4.0  16.0   04:03   ENE
22  68.8  78.5   17:33  55.9   23:56   0.4   4.2  0.00   8.3  26.0   09:04   NNE
23  62.3  71.7   16:53  47.5   23:59   3.9   1.2  0.00  10.1  30.0   09:43    NW
24  59.4  76.9   14:43  37.8   06:21   8.9   3.3  0.00   6.2  27.0   10:40   WNW
25  62.2  80.6   17:24  41.6   06:01   7.0   4.2  0.00   1.9  16.0   15:25   SSE
26  65.1  78.6   15:57  49.4   06:33   4.2   4.3  0.00   5.9  18.0   12:07   ENE
27  71.4  88.9   15:15  56.3   03:30   2.5   8.9  0.00  14.4  37.0   14:20   SSE
28  73.8  89.7   15:56  58.0   06:39   1.2  10.0  0.00   6.0  20.0   09:07     W
29  67.5  80.9   15:12  55.0   23:54   2.4   4.9  0.12   6.6  33.0   00:35   NNW
30  61.0  74.5   17:40  50.6   03:22   5.7   1.7  0.30   4.3  23.0   16:08   WNW
----------------------------------------------------------------------------------
    69.7  98.9     9    37.8    24    81.1 222.8  0.57   6.2  47.0    17       S

Max >=  90.0:  5
Max <=  32.0:  0
Min <=  32.0:  0
Min <=   0.0:  0
Max Rain: 0.30 on day 30
Days of Rain: 4 (>= 0.01 in)  2 (>= 0.10 in)  0 (>= 1.00 in)
Heat Base: 65.0  Cool Base: 65.0  Method: Integration