NOAA style reports

NOAA-style Climate Reports

Select a Year or Month report

Report for 2017 Apr
                   Monthly Climatological Summary for Apr 2017

Name: departure period NCDC 1981-2010   City: Valentine   State: Nebraska
Elevation: 2593 ft  Lat: N 42 52' 30"   Lon: W 100 33' 48"

                  Temperature (F), Rain (in), Wind Speed (mph)

                                      Heat  Cool        Avg
    Mean                              Deg   Deg         Wind                 Dom
Day Temp  High   Time   Low    Time   Days  Days  Rain  Speed High   Time    Dir
----------------------------------------------------------------------------------
 1  46.3  58.2   17:00  38.9   07:51  18.7   0.0  0.02   3.9  17.0   23:50   ESE
 2  50.4  68.5   16:19  35.2   07:24  14.8   0.2  0.00   7.4  25.0   19:34     W
 3  42.1  47.7   00:00  36.0   23:20  22.9   0.0  0.53   7.6  28.0   11:59     N
 4  42.1  56.0   15:43  32.9   02:25  22.9   0.0  0.00   8.0  31.0   16:18   NNW
 5  42.1  56.3   15:31  28.6   07:09  22.9   0.0  0.00   7.4  24.0   12:50   NNW
 6  45.0  60.6   17:14  28.9   07:15  20.0   0.0  0.00   5.1  18.0   17:43    SE
 7  58.0  76.2   17:09  42.4   06:53   9.3   2.3  0.00  16.0  39.0   12:34     S
 8  62.4  76.5   17:50  48.0   07:10   5.2   2.5  0.00   6.1  26.0   09:57   NNW
 9  53.9  68.3   15:16  45.6   23:14  11.2   0.1  0.40   7.5  28.0   02:11     E
10  34.0  45.9   00:00  27.5   08:05  31.0   0.0  0.09   9.6  30.0   06:43   NNW
11  45.7  69.6   15:16  23.9   06:50  19.7   0.4  0.00   5.0  25.0   13:27   WSW
12  51.5  67.1   14:34  36.5   03:37  13.6   0.1  0.00   5.8  24.0   19:06   ENE
13  53.8  74.0   17:22  34.3   04:36  13.0   1.8  0.00   8.6  29.0   17:35    SE
14  63.0  80.4   17:44  49.8   03:42   5.5   3.6  0.00  10.3  24.0   11:19     S
15  57.4  70.8   15:15  40.0   23:59   8.2   0.6  0.00   7.5  29.0   18:10   NNW
16  50.2  71.4   16:24  29.0   06:08  15.4   0.5  0.00   7.6  29.0   21:06   SSE
17  53.9  71.8   17:34  31.5   07:04  12.0   0.9  0.00  11.7  33.0   15:57   SSE
18  59.4  72.4   14:24  41.1   07:18   6.7   1.1  0.00   7.7  40.0   01:22   WNW
19  48.9  55.6   17:36  42.5   23:55  16.1   0.0  0.23   7.7  33.0   10:00     E
20  50.5  63.4   14:38  35.6   07:14  14.5   0.0  0.00   7.7  30.0   11:59   NNW
21  47.1  59.0   17:38  36.2   06:47  17.9   0.0  0.00   5.6  22.0   14:02   ESE
22  48.2  66.9   17:05  28.1   05:14  16.9   0.1  0.00   3.7  18.0   17:37   SSW
23  58.0  73.9   16:04  39.6   06:32   8.8   1.8  0.00  12.2  39.0   11:19   SSW
24  52.9  59.5   15:33  43.0   23:57  12.1   0.0  0.00   8.8  30.0   00:31   NNW
25  34.6  43.0   00:00  29.7   23:55  30.4   0.0  0.09  10.4  27.0   18:06   NNE
26  33.1  41.7   17:47  27.3   23:58  31.8   0.0  0.00  10.6  27.0   10:25   NNW
27  39.8  56.6   17:20  20.5   06:50  25.2   0.0  0.01   4.2  14.0   15:23     E
28  41.8  48.4   16:37  36.9   07:23  23.2   0.0  0.02   8.5  22.0   11:57     E
29  44.8  55.4   16:11  36.6   06:38  20.2   0.0  0.00   9.1  28.0   13:51   ENE
30  43.6  50.3   15:41  35.4   06:38  21.4   0.0  0.00   9.9  31.0   15:16   NNE
----------------------------------------------------------------------------------
    48.5  80.4    14    20.5    27   511.5  16.0  1.39   8.0  40.0    18      NE

Max >=  90.0:  0
Max <=  32.0:  0
Min <=  32.0: 10
Min <=   0.0:  0
Max Rain: 0.53 on day 3
Days of Rain: 8 (>= 0.01 in)  3 (>= 0.10 in)  0 (>= 1.00 in)
Heat Base: 65.0  Cool Base: 65.0  Method: Integration