NOAA style reports

NOAA-style Climate Reports

Select a Year or Month report

Report for 2017 Mar
                   Monthly Climatological Summary for Mar 2017

Name: departure period NCDC 1981-2010   City: Valentine   State: Nebraska
Elevation: 2593 ft  Lat: N 42 52' 30"   Lon: W 100 33' 48"

                  Temperature (F), Rain (in), Wind Speed (mph)

                                      Heat  Cool        Avg
    Mean                              Deg   Deg         Wind                 Dom
Day Temp  High   Time   Low    Time   Days  Days  Rain  Speed High   Time    Dir
----------------------------------------------------------------------------------
 1  27.4  38.6   15:43  13.9   05:53  37.5   0.0  0.00   6.7  28.0   10:54   WNW
 2  29.4  38.0   15:54  21.0   01:11  35.6   0.0  0.00   5.6  26.0   12:42    NW
 3  35.8  51.9   14:32  22.3   00:15  29.2   0.0  0.00   6.0  24.0   06:41    SW
 4  40.7  65.2   15:13  20.2   06:19  24.3   0.0  0.00   3.2  19.0   13:59    SW
 5  48.7  71.5   15:15  30.1   06:50  17.2   0.9  0.00   3.6  14.0   13:49     S
 6  41.3  58.6   11:26  29.0   23:09  23.7   0.0  0.00  13.1  40.0   18:09     W
 7  34.6  48.7   15:26  22.6   23:53  30.4   0.0  0.00  12.8  41.0   14:03     W
 8  34.6  56.0   16:05  16.4   07:04  30.3   0.0  0.00   5.7  24.0   14:59   ESE
 9  26.5  41.2   14:02  16.9   23:59  38.5   0.0  0.00   8.4  28.0   14:50    NE
10  21.0  28.8   15:38  13.8   06:41  44.0   0.0  0.00  11.0  33.0   12:24    SE
11  24.6  33.7   15:52  17.8   22:34  40.4   0.0  0.00   7.5  20.0   01:38     E
12  29.5  53.5   12:49  13.4   23:55  34.0   0.0  0.05  15.7  37.0   18:29    NW
13  15.9  26.7   17:21   8.9   08:17  49.1   0.0  0.00   9.1  30.0   00:03    NE
14  25.4  38.3   17:03  17.6   00:45  39.6   0.0  0.04  10.0  22.0   03:57    SE
15  43.5  67.7   16:30  26.7   07:50  21.6   0.1  0.04   6.9  16.0   15:32   SSE
16  54.7  81.7   15:42  31.2   07:56  13.8   3.5  0.00   6.8  32.0   17:42   NNW
17  47.4  59.9   15:27  31.4   23:59  17.6   0.0  0.00   8.3  37.0   12:39   NNW
18  46.4  69.5   17:17  25.9   02:16  18.9   0.4  0.00  10.0  31.0   13:00     S
19  62.3  81.9   15:41  47.9   06:08   7.1   4.4  0.00  10.0  31.0   01:03   ENE
20  47.2  59.6   14:35  34.0   08:02  17.8   0.0  0.00   5.6  17.0   04:29   ENE
21  33.4  46.1   00:00  29.7   20:04  31.6   0.0  0.30   5.5  16.0   00:55     E
22  40.8  56.3   17:20  30.7   07:54  24.2   0.0  0.00  17.8  39.0   12:26   SSE
23  50.9  65.9   17:43  41.9   02:49  14.1   0.0  0.00  10.0  31.0   01:21     S
24  45.6  59.1   14:50  31.0   23:59  19.4   0.0  0.03  10.8  29.0   14:03   NNE
25  41.0  64.1   16:56  20.0   07:12  24.0   0.0  0.00   4.8  22.0   15:42    SE
26  44.0  54.1   13:13  37.0   07:27  21.0   0.0  0.00   5.0  15.0   00:41   ESE
27  45.3  63.7   16:24  26.9   06:07  19.7   0.0  0.00   4.3  16.0   12:27   SSE
28  45.2  50.1   00:00  41.1   23:36  19.8   0.0  0.28   4.1  14.0   11:42     E
29  44.4  52.9   14:01  39.9   21:08  20.6   0.0  0.09   5.2  18.0   12:59   ENE
30  39.3  45.8   16:28  34.1   07:58  25.7   0.0  0.00   3.9  13.0   17:22     E
31  41.5  45.4   16:16  38.5   07:36  23.5   0.0  0.01   3.2  16.0   13:02     E
----------------------------------------------------------------------------------
    39.0  81.9    19     8.9    13   814.2   9.3  0.84   7.8  41.0     7     ESE

Max >=  90.0:  0
Max <=  32.0:  2
Min <=  32.0: 23
Min <=   0.0:  0
Max Rain: 0.30 on day 21
Days of Rain: 8 (>= 0.01 in)  2 (>= 0.10 in)  0 (>= 1.00 in)
Heat Base: 65.0  Cool Base: 65.0  Method: Integration