NOAA style reports

NOAA-style Climate Reports


Report for 2017 Feb
                   Monthly Climatological Summary for Feb 2017

Name: departure period NCDC 1981-2010   City: Valentine   State: Nebraska
Elevation: 2593 ft  Lat: N 42 52' 30"   Lon: W 100 33' 48"

                  Temperature (F), Rain (in), Wind Speed (mph)

                                      Heat  Cool        Avg
    Mean                              Deg   Deg         Wind                 Dom
Day Temp  High   Time   Low    Time   Days  Days  Rain  Speed High   Time    Dir
----------------------------------------------------------------------------------
 1  18.9  23.9   00:00  14.1   22:55  46.2   0.0  0.04   5.1  24.0   20:00   NNW
 2  14.2  20.1   15:18   9.0   03:41  51.1   0.0  0.07   1.8  17.0   00:48    NW
 3  12.1  27.3   23:55  -5.3   06:27  52.9   0.0  0.01   6.0  27.0   15:44   SSW
 4  27.9  42.6   11:45  16.5   23:15  37.1   0.0  0.00   8.4  29.0   00:54     W
 5  26.6  45.9   16:41  10.6   07:29  38.4   0.0  0.00   3.3  17.0   12:18     S
 6  34.3  52.0   14:15  16.1   23:53  30.7   0.0  0.00   4.5  19.0   09:57     N
 7  13.3  16.4   14:56   8.0   23:56  51.7   0.0  0.14   9.6  28.0   10:58     N
 8   8.3  14.5   15:24   3.6   07:14  56.8   0.0  0.19   2.7  13.0   09:30   WNW
 9  23.5  40.0   19:25   3.4   02:12  41.4   0.0  0.00   6.5  31.0   20:05   SSW
10  44.5  56.6   14:09  32.8   23:53  20.4   0.0  0.00   4.7  18.0   03:38     W
11  37.4  44.4   17:18  32.7   00:09  27.6   0.0  0.05   4.0  32.0   18:29    NW
12  33.1  45.1   15:46  21.2   07:57  31.9   0.0  0.00   5.5  32.0   00:43   WNW
13  35.9  51.8   13:59  22.4   07:52  29.1   0.0  0.00   4.9  24.0   16:26    NW
14  33.9  46.5   14:49  24.5   07:00  31.1   0.0  0.00   7.1  27.0   14:08    NW
15  38.6  63.3   15:41  21.7   05:13  26.4   0.0  0.00   4.9  26.0   14:35   WSW
16  44.9  70.8   15:36  28.3   02:58  20.7   0.6  0.00   3.8  15.0   16:08   WSW
17  45.6  63.1   13:45  28.0   23:58  19.4   0.0  0.00   6.6  31.0   11:26    NW
18  42.6  62.9   15:38  23.9   07:08  22.3   0.0  0.00   6.3  26.0   12:44     S
19  53.2  66.7   15:50  41.6   03:28  11.8   0.0  0.00   9.5  33.0   15:58   SSW
20  49.6  62.1   15:49  36.9   21:50  15.4   0.0  0.00   8.3  27.0   09:57   WNW
21  55.1  75.5   15:39  36.4   07:04  12.1   2.2  0.00   9.7  37.0   12:10     W
22  45.4  60.1   14:01  33.0   23:59  19.6   0.0  0.00   9.3  31.0   11:36   NNW
23  26.0  33.1   00:00  22.0   23:00  39.0   0.0  0.62  14.6  33.0   17:16    NE
24  18.4  23.8   16:44   3.4   23:52  47.1   0.0  0.03  10.6  28.0   02:39     N
25  14.8  30.6   15:53   1.0   01:34  50.2   0.0  0.00   4.0  16.0   10:36   WSW
26  18.7  33.3   14:38   6.7   05:04  46.3   0.0  0.00   5.2  16.0   10:09     W
27  29.0  43.2   16:06   9.5   06:11  36.0   0.0  0.00   5.4  31.0   07:48    SW
28  29.4  37.7   12:28  19.7   23:58  35.6   0.0  0.00   4.9  19.0   17:29    NW
----------------------------------------------------------------------------------
    31.3  75.5    21    -5.3     3   948.3   2.8  1.15   6.3  37.0    21     WNW

Max >=  90.0:  0
Max <=  32.0:  7
Min <=  32.0: 22
Min <=   0.0:  1
Max Rain: 0.62 on day 23
Days of Rain: 8 (>= 0.01 in)  3 (>= 0.10 in)  0 (>= 1.00 in)
Heat Base: 65.0  Cool Base: 65.0  Method: Integration