NOAA style reports

NOAA-style Climate Reports


Report for 2017 Jan
                   Monthly Climatological Summary for Jan 2017

Name: departure period NCDC 1981-2010   City: Valentine   State: Nebraska
Elevation: 2593 ft  Lat: N 42 52' 30"   Lon: W 100 33' 48"

                  Temperature (F), Rain (in), Wind Speed (mph)

                                      Heat  Cool        Avg
    Mean                              Deg   Deg         Wind                 Dom
Day Temp  High   Time   Low    Time   Days  Days  Rain  Speed High   Time    Dir
----------------------------------------------------------------------------------
 1  23.1  35.9   14:41  11.0   05:46  41.9   0.0  0.00   3.0  17.0   18:03   ESE
 2  16.9  24.0   10:55   6.3   23:34  48.1   0.0  0.00   5.9  35.0   16:26    NW
 3   4.0  10.3   13:36  -2.1   21:33  61.0   0.0  0.00   8.9  32.0   01:19    NW
 4   2.8   8.8   13:39  -1.9   06:55  62.2   0.0  0.03   4.0  19.0   21:00    NW
 5  -0.8   6.5   14:37  -7.6   19:53  65.8   0.0  0.00   5.6  28.0   11:47    NW
 6   3.2  24.2   15:35 -10.9   07:49  61.8   0.0  0.00   3.1  15.0   13:55     W
 7   6.7  21.6   15:19  -6.3   08:13  58.3   0.0  0.00   2.8  15.0   16:19   SSE
 8  17.9  32.1   12:33   6.7   23:29  47.1   0.0  0.00  10.8  31.0   15:32   WSW
 9  28.1  45.8   16:00   7.4   00:06  36.9   0.0  0.00   4.5  25.0   09:59     S
10  20.0  30.8   00:16  11.1   23:53  45.0   0.0  0.00   7.6  35.0   03:59     N
11   5.8  11.1   00:00   3.5   07:55  59.2   0.0  0.03   8.7  26.0   04:18   NNE
12  10.3  17.0   12:54   3.9   08:27  54.6   0.0  0.00   3.2  25.0   10:51     N
13  15.6  27.3   15:26   7.4   23:53  49.4   0.0  0.04   7.3  27.0   11:47     S
14  21.6  43.5   14:45   5.1   07:20  43.4   0.0  0.00   1.8  12.0   15:19   SSE
15  27.0  46.1   14:33  12.4   08:09  38.0   0.0  0.00   0.5   7.0   12:49     S
16  27.2  36.0   13:36  18.5   22:00  37.8   0.0  0.00   4.2  24.0   14:06    NW
17  28.7  51.7   14:44  11.3   08:33  36.3   0.0  0.00   3.5  16.0   14:37   WSW
18  35.6  59.0   15:37  19.4   07:15  29.4   0.0  0.00   3.5  15.0   18:04    SW
19  36.3  55.2   14:45  23.7   08:34  28.7   0.0  0.00   4.4  18.0   13:22    SW
20  31.2  44.6   13:42  19.4   07:37  33.8   0.0  0.00   2.0  15.0   14:07     W
21  33.9  44.0   15:21  24.3   23:53  31.1   0.0  0.00   3.7  18.0   12:14   WNW
22  29.0  42.2   14:43  19.3   23:56  36.0   0.0  0.00   5.6  22.0   13:33   WNW
23  28.1  45.7   15:11  16.4   02:56  36.9   0.0  0.00   3.5  19.0   14:48    SE
24  26.0  30.0   00:26  19.0   23:32  39.0   0.0  0.73  11.6  42.0   19:31   NNE
25  18.8  21.7   12:52  17.1   07:53  46.2   0.0  0.01  12.2  32.0   06:14   NNW
26  17.7  26.5   14:09   3.1   07:59  47.3   0.0  0.00   7.8  22.0   23:37   WNW
27  25.1  35.5   15:06  11.1   03:32  40.0   0.0  0.00  10.8  26.0   10:11   WNW
28  31.8  40.4   14:05  23.2   05:22  33.2   0.0  0.00  13.2  35.0   17:01   WNW
29  37.6  46.4   15:19  28.9   22:22  27.4   0.0  0.00   9.1  29.0   00:11   WNW
30  38.2  48.1   12:27  27.9   23:41  26.8   0.0  0.00   7.4  27.0   12:26   WNW
31  30.0  36.5   11:33  23.9   23:55  35.0   0.0  0.03   4.6  21.0   20:37     N
----------------------------------------------------------------------------------
    21.9  59.0    18   -10.9     6  1337.6   0.0  0.87   6.0  42.0    24     WNW

Max >=  90.0:  0
Max <=  32.0: 13
Min <=  32.0: 31
Min <=   0.0:  5
Max Rain: 0.73 on day 24
Days of Rain: 6 (>= 0.01 in)  1 (>= 0.10 in)  0 (>= 1.00 in)
Heat Base: 65.0  Cool Base: 65.0  Method: Integration