NOAA style reports

NOAA-style Climate Reports


Report for 2016 Dec
                   Monthly Climatological Summary for Dec 2016

Name: departure period NCDC 1981-2010   City: Valentine   State: Nebraska
Elevation: 2593 ft  Lat: N 42 52' 30"   Lon: W 100 33' 48"

                  Temperature (F), Rain (in), Wind Speed (mph)

                                      Heat  Cool        Avg
    Mean                              Deg   Deg         Wind                 Dom
Day Temp  High   Time   Low    Time   Days  Days  Rain  Speed High   Time    Dir
----------------------------------------------------------------------------------
 1  26.8  35.2   14:09  20.5   23:42  38.2   0.0  0.00   2.5  14.0   00:25    NW
 2  26.3  41.8   13:38  16.2   02:34  38.7   0.0  0.00   1.1  14.0   13:26    NW
 3  31.1  46.8   13:07  16.4   00:38  33.9   0.0  0.00   5.6  29.0   11:23    SW
 4  33.3  49.5   13:54  19.2   04:41  31.6   0.0  0.00   4.3  26.0   13:34     W
 5  31.4  49.5   09:56  16.1   23:21  33.6   0.0  0.00   8.1  35.0   14:44    NW
 6  14.2  22.8   13:30   6.5   23:46  50.8   0.0  0.00   8.5  31.0   13:11   WNW
 7   8.1  16.0   14:56   4.3   23:49  56.9   0.0  0.00   8.6  31.0   10:36    NW
 8   4.7  14.1   14:35  -5.2   22:31  60.3   0.0  0.00   4.7  23.0   10:10    NW
 9   6.8  21.8   15:23  -5.3   00:58  58.2   0.0  0.01   4.1  19.0   15:33     E
10  10.3  19.4   15:29   4.0   00:00  54.7   0.0  0.19   3.2  17.0   06:43     E
11   9.5  19.5   14:55  -4.4   23:37  55.5   0.0  0.00   4.1  21.0   00:40    NW
12   6.4  31.9   11:03  -6.6   23:35  58.6   0.0  0.00   4.0  30.0   11:14   NNW
13   7.5  22.0   15:27  -6.9   00:13  57.5   0.0  0.00   2.0  18.0   11:12   WSW
14   6.7  19.8   14:00  -4.5   08:24  58.3   0.0  0.00   3.3  22.0   13:14   WNW
15  14.9  25.6   14:07  -0.6   00:17  50.1   0.0  0.01   5.8  31.0   13:54   SSE
16   8.5  16.3   00:00  -2.3   23:43  56.5   0.0  0.24   9.1  36.0   18:53     N
17  -9.4  -2.3   00:00 -26.1   23:55  74.4   0.0  0.00   7.4  30.0   00:13   NNW
18  -7.3  16.3   15:07 -31.2   03:14  72.3   0.0  0.00   1.9  18.0   14:05     W
19  22.4  37.9   15:04   0.3   00:18  42.6   0.0  0.00   5.8  23.0   19:07   WSW
20  33.2  44.1   15:36  21.4   06:17  31.8   0.0  0.00   3.3  21.0   00:30   WSW
21  34.0  40.8   01:46  15.9   23:58  31.0   0.0  0.00   7.7  37.0   12:52    NW
22  27.7  44.1   14:50   9.1   08:07  37.3   0.0  0.00   5.7  33.0   23:35   SSW
23  29.7  38.2   13:15  10.6   23:57  35.4   0.0  0.00   8.5  36.0   00:31   WSW
24  24.9  49.2   14:37   6.5   03:10  40.1   0.0  0.00   2.9  15.0   12:47    SE
25  29.8  39.5   18:05  13.3   21:19  35.2   0.0  0.54  13.6  55.0   22:19    SE
26  18.7  29.6   15:13  10.2   03:19  46.3   0.0  0.00  11.4  41.0   00:06   WNW
27  28.1  44.5   14:45  11.9   08:12  36.9   0.0  0.00   3.6  18.0   15:13   WSW
28  32.0  41.5   13:16  25.8   23:16  33.0   0.0  0.00   8.2  25.0   14:38   WNW
29  28.1  37.6   13:46  16.4   23:59  36.9   0.0  0.00   9.8  32.0   14:25   WNW
30  30.2  49.8   13:55  14.4   03:15  34.8   0.0  0.00   5.2  35.0   13:55    NW
31  25.6  38.8   15:04  12.3   08:19  39.4   0.0  0.00   5.2  21.0   01:15   WNW
----------------------------------------------------------------------------------
    19.2  49.8    30   -31.2    18  1420.8   0.0  0.99   5.8  55.0    25     WNW

Max >=  90.0:  0
Max <=  32.0: 14
Min <=  32.0: 31
Min <=   0.0: 10
Max Rain: 0.54 on day 25
Days of Rain: 5 (>= 0.01 in)  3 (>= 0.10 in)  0 (>= 1.00 in)
Heat Base: 65.0  Cool Base: 65.0  Method: Integration